{"id":457,"date":"2019-02-24T20:02:50","date_gmt":"2019-02-24T23:02:50","guid":{"rendered":"https:\/\/wp.ufpel.edu.br\/petartesvisuais\/?page_id=457"},"modified":"2019-02-24T20:24:58","modified_gmt":"2019-02-24T23:24:58","slug":"incomodo","status":"publish","type":"page","link":"https:\/\/wp.ufpel.edu.br\/petartesvisuais\/incomodo\/","title":{"rendered":"[IN]Comodo"},"content":{"rendered":"<p style=\"text-align: justify\"><span style=\"font-weight: 400\">O projeto [IN]C\u00d4MODO convida a todas e todos para o lan\u00e7amento da terceira edi\u00e7\u00e3o de sua mostra de arte contempor\u00e2nea.<br \/>\n<\/span><span style=\"font-weight: 400\">Em 2016, com a proposta de apresentar ao grande p\u00fablico a produ\u00e7\u00e3o dos artistas que trabalhavam nos ateliers do Centro de Artes da Universidade Federal de Pelotas, nascia o projeto. A [IN]C\u00d4MODO mostra de arte contempor\u00e2nea foi realizada, naquele ano, no Casar\u00e3o 06 da Prefeitura Municipal de Pelotas. Dando continuidade e ampliando a ocupa\u00e7\u00e3o dos espa\u00e7os p\u00fablicos, em 2017, lan\u00e7amos a [2N]C\u00d4MODO mostra de arte contempor\u00e2nea nos Casar\u00f5es 06, 02 e na rua. Desde ent\u00e3o, de antes, ainda mais agora, seguimos inquietos, trabalhando e buscando afirmar o lugar e a import\u00e2ncia da arte entre n\u00f3s, na cidade, pro pa\u00eds.<\/span><\/p>\n<p style=\"text-align: justify\"><span style=\"font-weight: 400\">Em 2018, num importante processo de transi\u00e7\u00e3o, a |IN|C\u00d43ODO mostra de arte contempor\u00e2nea acontecer\u00e1 no Museu de Arte Leopoldo Gotuzzo &#8211; o MALG. A relev\u00e2ncia dessa mudan\u00e7a de casa se justifica pelo que significa a entrada em uma institui\u00e7\u00e3o conceituada como lugar de arte e, sobretudo, pela possibilidade de uma maior aproxima\u00e7\u00e3o com a comunidade, uma vez que o Museu, agora em sua sede definitiva, est\u00e1 situado no cora\u00e7\u00e3o da cidade de Pelotas.<\/span><\/p>\n<p style=\"text-align: justify\"><span style=\"font-weight: 400\">Ao expor e confrontar com o p\u00fablico a produ\u00e7\u00e3o de artistas emergentes da Universidade, tentamos devolver para a comunidade parte do que em n\u00f3s foi investido, buscando estimular o debate acerca da produ\u00e7\u00e3o em arte contempor\u00e2nea e, com a discuss\u00e3o, o desenvolvimento de um pensamento cr\u00edtico. Trabalhamos!<\/span><\/p>\n<p style=\"text-align: justify\"><a href=\"https:\/\/wp.ufpel.edu.br\/petartesvisuais\/files\/2019\/02\/P_20190110_202347_vHDR_On.jpg\"><img loading=\"lazy\" decoding=\"async\" class=\"aligncenter size-full wp-image-463\" src=\"https:\/\/wp.ufpel.edu.br\/petartesvisuais\/files\/2019\/02\/P_20190110_202347_vHDR_On.jpg\" alt=\"\" width=\"3492\" height=\"4656\" srcset=\"https:\/\/wp.ufpel.edu.br\/petartesvisuais\/files\/2019\/02\/P_20190110_202347_vHDR_On.jpg 3492w, https:\/\/wp.ufpel.edu.br\/petartesvisuais\/files\/2019\/02\/P_20190110_202347_vHDR_On-119x159.jpg 119w, https:\/\/wp.ufpel.edu.br\/petartesvisuais\/files\/2019\/02\/P_20190110_202347_vHDR_On-239x318.jpg 239w, https:\/\/wp.ufpel.edu.br\/petartesvisuais\/files\/2019\/02\/P_20190110_202347_vHDR_On-768x1024.jpg 768w, https:\/\/wp.ufpel.edu.br\/petartesvisuais\/files\/2019\/02\/P_20190110_202347_vHDR_On-816x1088.jpg 816w\" sizes=\"auto, (max-width: 3492px) 100vw, 3492px\" \/><\/a> <a href=\"https:\/\/wp.ufpel.edu.br\/petartesvisuais\/files\/2019\/02\/52392573_454489145089769_1101493626334085120_n.jpg\"><img loading=\"lazy\" decoding=\"async\" class=\"aligncenter size-full wp-image-462\" src=\"https:\/\/wp.ufpel.edu.br\/petartesvisuais\/files\/2019\/02\/52392573_454489145089769_1101493626334085120_n.jpg\" alt=\"\" width=\"1024\" height=\"768\" \/><\/a> <a href=\"https:\/\/wp.ufpel.edu.br\/petartesvisuais\/files\/2019\/02\/47221339_589332094830305_1598931537351409664_n.jpg\"><img loading=\"lazy\" decoding=\"async\" class=\"aligncenter size-full wp-image-461\" src=\"https:\/\/wp.ufpel.edu.br\/petartesvisuais\/files\/2019\/02\/47221339_589332094830305_1598931537351409664_n.jpg\" alt=\"\" width=\"638\" height=\"960\" srcset=\"https:\/\/wp.ufpel.edu.br\/petartesvisuais\/files\/2019\/02\/47221339_589332094830305_1598931537351409664_n.jpg 638w, https:\/\/wp.ufpel.edu.br\/petartesvisuais\/files\/2019\/02\/47221339_589332094830305_1598931537351409664_n-106x159.jpg 106w, https:\/\/wp.ufpel.edu.br\/petartesvisuais\/files\/2019\/02\/47221339_589332094830305_1598931537351409664_n-211x318.jpg 211w\" sizes=\"auto, (max-width: 638px) 100vw, 638px\" \/><\/a><\/p>\n<p style=\"text-align: justify\"><span style=\"font-weight: 400\">| ARTISTAS |<\/span><\/p>\n<p style=\"text-align: justify\"><span style=\"font-weight: 400\">Gabriel Amaral | Jessica Porciuncula | Eduarda Lenzi | Li\u00e9ge Eslab\u00e3o | Renan Soares | Le\u00e3o Jahan | Martha Gofre | Patr\u00edcia dos Santos | Vicente Lima | Daniel Higa | Julia Pema | Rafa | \u00c9rika Oliveira | Marcelo Amaral<\/span><\/p>\n<p style=\"text-align: justify\"><span style=\"font-weight: 400\">| CURADORIA |<\/span><\/p>\n<p style=\"text-align: justify\"><span style=\"font-weight: 400\">Helcio Oliveira | Daniel Acosta<\/span><\/p>\n<p style=\"text-align: justify\"><span style=\"font-weight: 400\">|IN|C\u00d43ODO mostra de arte contempor\u00e2nea<\/span><\/p>\n<p style=\"text-align: justify\"><span style=\"font-weight: 400\">Museu de Arte Leopoldo Gotuzzo | MALG<\/span><\/p>\n<p style=\"text-align: justify\"><span style=\"font-weight: 400\">Vernissage: 24 de novembro, \u00e0s 11h00<\/span><\/p>\n<p style=\"text-align: justify\"><span style=\"font-weight: 400\">Apoio:<\/span><\/p>\n<p style=\"text-align: justify\"><span style=\"font-weight: 400\">MALG &#8211; Museu de Arte Leopoldo Gotuzzo<\/span><\/p>\n<p style=\"text-align: justify\"><span style=\"font-weight: 400\">PREC &#8211; Pr\u00f3-Reitoria de Extens\u00e3o e Cultura<\/span><\/p>\n<p style=\"text-align: justify\"><span style=\"font-weight: 400\">PET Artes Visuais<\/span><\/p>\n<p style=\"text-align: justify\"><span style=\"font-weight: 400\">Pataf\u00edsica: Mediadores do Imagin\u00e1rio<\/span><\/p>\n","protected":false},"excerpt":{"rendered":"<p>O projeto [IN]C\u00d4MODO convida a todas e todos para o lan\u00e7amento da terceira edi\u00e7\u00e3o de sua mostra de arte contempor\u00e2nea. Em 2016, com a proposta de apresentar ao grande p\u00fablico a produ\u00e7\u00e3o dos artistas que trabalhavam nos ateliers do Centro de Artes da Universidade Federal de Pelotas, nascia o projeto. A [IN]C\u00d4MODO mostra de arte [&hellip;]<\/p>\n","protected":false},"author":557,"featured_media":0,"parent":0,"menu_order":0,"comment_status":"closed","ping_status":"closed","template":"","meta":{"jetpack_post_was_ever_published":false,"footnotes":""},"class_list":["post-457","page","type-page","status-publish","hentry"],"jetpack_sharing_enabled":true,"_links":{"self":[{"href":"https:\/\/wp.ufpel.edu.br\/petartesvisuais\/wp-json\/wp\/v2\/pages\/457","targetHints":{"allow":["GET"]}}],"collection":[{"href":"https:\/\/wp.ufpel.edu.br\/petartesvisuais\/wp-json\/wp\/v2\/pages"}],"about":[{"href":"https:\/\/wp.ufpel.edu.br\/petartesvisuais\/wp-json\/wp\/v2\/types\/page"}],"author":[{"embeddable":true,"href":"https:\/\/wp.ufpel.edu.br\/petartesvisuais\/wp-json\/wp\/v2\/users\/557"}],"replies":[{"embeddable":true,"href":"https:\/\/wp.ufpel.edu.br\/petartesvisuais\/wp-json\/wp\/v2\/comments?post=457"}],"version-history":[{"count":4,"href":"https:\/\/wp.ufpel.edu.br\/petartesvisuais\/wp-json\/wp\/v2\/pages\/457\/revisions"}],"predecessor-version":[{"id":466,"href":"https:\/\/wp.ufpel.edu.br\/petartesvisuais\/wp-json\/wp\/v2\/pages\/457\/revisions\/466"}],"wp:attachment":[{"href":"https:\/\/wp.ufpel.edu.br\/petartesvisuais\/wp-json\/wp\/v2\/media?parent=457"}],"curies":[{"name":"wp","href":"https:\/\/api.w.org\/{rel}","templated":true}]}}

<p style="text-align: justify"><span style="font-weight: 400">O projeto [IN]CÔMODO convida a todas e todos para o lançamento da terceira edição de sua mostra de arte contemporânea.<br />
</span><span style="font-weight: 400">Em 2016, com a proposta de apresentar ao grande público a produção dos artistas que trabalhavam nos ateliers do Centro de Artes da Universidade Federal de Pelotas, nascia o projeto. A [IN]CÔMODO mostra de arte contemporânea foi realizada, naquele ano, no Casarão 06 da Prefeitura Municipal de Pelotas. Dando continuidade e ampliando a ocupação dos espaços públicos, em 2017, lançamos a [2N]CÔMODO mostra de arte contemporânea nos Casarões 06, 02 e na rua. Desde então, de antes, ainda mais agora, seguimos inquietos, trabalhando e buscando afirmar o lugar e a importância da arte entre nós, na cidade, pro país.</span></p>
<p style="text-align: justify"><span style="font-weight: 400">Em 2018, num importante processo de transição, a |IN|CÔ3ODO mostra de arte contemporânea acontecerá no Museu de Arte Leopoldo Gotuzzo &#8211; o MALG. A relevância dessa mudança de casa se justifica pelo que significa a entrada em uma instituição conceituada como lugar de arte e, sobretudo, pela possibilidade de uma maior aproximação com a comunidade, uma vez que o Museu, agora em sua sede definitiva, está situado no coração da cidade de Pelotas.</span></p>
<p style="text-align: justify"><span style="font-weight: 400">Ao expor e confrontar com o público a produção de artistas emergentes da Universidade, tentamos devolver para a comunidade parte do que em nós foi investido, buscando estimular o debate acerca da produção em arte contemporânea e, com a discussão, o desenvolvimento de um pensamento crítico. Trabalhamos!</span></p>
<p style="text-align: justify"><a href="https://wp.ufpel.edu.br/petartesvisuais/files/2019/02/P_20190110_202347_vHDR_On.jpg"><img loading="lazy" decoding="async" class="aligncenter size-full wp-image-463" src="https://wp.ufpel.edu.br/petartesvisuais/files/2019/02/P_20190110_202347_vHDR_On.jpg" alt="" width="3492" height="4656" srcset="https://wp.ufpel.edu.br/petartesvisuais/files/2019/02/P_20190110_202347_vHDR_On.jpg 3492w, https://wp.ufpel.edu.br/petartesvisuais/files/2019/02/P_20190110_202347_vHDR_On-119x159.jpg 119w, https://wp.ufpel.edu.br/petartesvisuais/files/2019/02/P_20190110_202347_vHDR_On-239x318.jpg 239w, https://wp.ufpel.edu.br/petartesvisuais/files/2019/02/P_20190110_202347_vHDR_On-768x1024.jpg 768w, https://wp.ufpel.edu.br/petartesvisuais/files/2019/02/P_20190110_202347_vHDR_On-816x1088.jpg 816w" sizes="auto, (max-width: 3492px) 100vw, 3492px" /></a> <a href="https://wp.ufpel.edu.br/petartesvisuais/files/2019/02/52392573_454489145089769_1101493626334085120_n.jpg"><img loading="lazy" decoding="async" class="aligncenter size-full wp-image-462" src="https://wp.ufpel.edu.br/petartesvisuais/files/2019/02/52392573_454489145089769_1101493626334085120_n.jpg" alt="" width="1024" height="768" /></a> <a href="https://wp.ufpel.edu.br/petartesvisuais/files/2019/02/47221339_589332094830305_1598931537351409664_n.jpg"><img loading="lazy" decoding="async" class="aligncenter size-full wp-image-461" src="https://wp.ufpel.edu.br/petartesvisuais/files/2019/02/47221339_589332094830305_1598931537351409664_n.jpg" alt="" width="638" height="960" srcset="https://wp.ufpel.edu.br/petartesvisuais/files/2019/02/47221339_589332094830305_1598931537351409664_n.jpg 638w, https://wp.ufpel.edu.br/petartesvisuais/files/2019/02/47221339_589332094830305_1598931537351409664_n-106x159.jpg 106w, https://wp.ufpel.edu.br/petartesvisuais/files/2019/02/47221339_589332094830305_1598931537351409664_n-211x318.jpg 211w" sizes="auto, (max-width: 638px) 100vw, 638px" /></a></p>
<p style="text-align: justify"><span style="font-weight: 400">| ARTISTAS |</span></p>
<p style="text-align: justify"><span style="font-weight: 400">Gabriel Amaral | Jessica Porciuncula | Eduarda Lenzi | Liége Eslabão | Renan Soares | Leão Jahan | Martha Gofre | Patrícia dos Santos | Vicente Lima | Daniel Higa | Julia Pema | Rafa | Érika Oliveira | Marcelo Amaral</span></p>
<p style="text-align: justify"><span style="font-weight: 400">| CURADORIA |</span></p>
<p style="text-align: justify"><span style="font-weight: 400">Helcio Oliveira | Daniel Acosta</span></p>
<p style="text-align: justify"><span style="font-weight: 400">|IN|CÔ3ODO mostra de arte contemporânea</span></p>
<p style="text-align: justify"><span style="font-weight: 400">Museu de Arte Leopoldo Gotuzzo | MALG</span></p>
<p style="text-align: justify"><span style="font-weight: 400">Vernissage: 24 de novembro, às 11h00</span></p>
<p style="text-align: justify"><span style="font-weight: 400">Apoio:</span></p>
<p style="text-align: justify"><span style="font-weight: 400">MALG &#8211; Museu de Arte Leopoldo Gotuzzo</span></p>
<p style="text-align: justify"><span style="font-weight: 400">PREC &#8211; Pró-Reitoria de Extensão e Cultura</span></p>
<p style="text-align: justify"><span style="font-weight: 400">PET Artes Visuais</span></p>
<p style="text-align: justify"><span style="font-weight: 400">Patafísica: Mediadores do Imaginário</span></p>

<p>O projeto [IN]CÔMODO convida a todas e todos para o lançamento da terceira edição de sua mostra de arte contemporânea. Em 2016, com a proposta de apresentar ao grande público a produção dos artistas que trabalhavam nos ateliers do Centro de Artes da Universidade Federal de Pelotas, nascia o projeto. A [IN]CÔMODO mostra de arte [&hellip;]</p>
