{"id":441,"date":"2019-02-21T03:41:18","date_gmt":"2019-02-21T06:41:18","guid":{"rendered":"https:\/\/wp.ufpel.edu.br\/petartesvisuais\/?page_id=441"},"modified":"2019-02-26T16:40:01","modified_gmt":"2019-02-26T19:40:01","slug":"do-sagrado-e-o-profano-mostra-didatica","status":"publish","type":"page","link":"https:\/\/wp.ufpel.edu.br\/petartesvisuais\/do-sagrado-e-o-profano-mostra-didatica\/","title":{"rendered":"Do Sagrado e o Profano: mostra did\u00e1tica"},"content":{"rendered":"<h2>Do Sagrado e o Profano: mostra did\u00e1tica<\/h2>\n<p>Mostra did\u00e1tica de desenho figura humana apresenta a produ\u00e7\u00e3o realizada em 2018, com alunos de artes visuais do Centro de Artes das UFPel.<\/p>\n<p>Em torno de autorrepresenta\u00e7\u00f5es propomos mesti\u00e7agens religiosas e exibimos o sagrado do outro, enfatizamos ambival\u00eancias e sincretismos,\u00a0 reinventamos divindades protetoras da diversidade, da liberdade de express\u00e3o, que cultivam o devaneio e o respeito incondicional.<\/p>\n<p>A mostra integra as a\u00e7\u00f5es coordenadas pelos grupos Arte na Escola, PET-Artes Visuais e Mestrado em\u00a0 Artes Visuais,\u00a0 buscando garantir a multidisciplinaridade e o compartilhamento de experi\u00eancias envolvendo o ensino, a pesquisa e a extens\u00e3o.<\/p>\n<p><a href=\"https:\/\/wp.ufpel.edu.br\/petartesvisuais\/files\/2019\/02\/55555.jpg\"><img loading=\"lazy\" decoding=\"async\" class=\"aligncenter size-full wp-image-443\" src=\"https:\/\/wp.ufpel.edu.br\/petartesvisuais\/files\/2019\/02\/55555.jpg\" alt=\"\" width=\"5000\" height=\"2956\" srcset=\"https:\/\/wp.ufpel.edu.br\/petartesvisuais\/files\/2019\/02\/55555.jpg 5000w, https:\/\/wp.ufpel.edu.br\/petartesvisuais\/files\/2019\/02\/55555-212x125.jpg 212w, https:\/\/wp.ufpel.edu.br\/petartesvisuais\/files\/2019\/02\/55555-424x251.jpg 424w, https:\/\/wp.ufpel.edu.br\/petartesvisuais\/files\/2019\/02\/55555-768x454.jpg 768w, https:\/\/wp.ufpel.edu.br\/petartesvisuais\/files\/2019\/02\/55555-816x482.jpg 816w\" sizes=\"auto, (max-width: 5000px) 100vw, 5000px\" \/><\/a><a href=\"https:\/\/wp.ufpel.edu.br\/petartesvisuais\/files\/2019\/02\/WhatsApp-Image-2019-02-26-at-14.09.00-1.jpeg\"><img loading=\"lazy\" decoding=\"async\" class=\"aligncenter size-full wp-image-619\" src=\"https:\/\/wp.ufpel.edu.br\/petartesvisuais\/files\/2019\/02\/WhatsApp-Image-2019-02-26-at-14.09.00-1.jpeg\" alt=\"\" width=\"1280\" height=\"960\" srcset=\"https:\/\/wp.ufpel.edu.br\/petartesvisuais\/files\/2019\/02\/WhatsApp-Image-2019-02-26-at-14.09.00-1.jpeg 1280w, https:\/\/wp.ufpel.edu.br\/petartesvisuais\/files\/2019\/02\/WhatsApp-Image-2019-02-26-at-14.09.00-1-212x159.jpeg 212w, https:\/\/wp.ufpel.edu.br\/petartesvisuais\/files\/2019\/02\/WhatsApp-Image-2019-02-26-at-14.09.00-1-424x318.jpeg 424w, https:\/\/wp.ufpel.edu.br\/petartesvisuais\/files\/2019\/02\/WhatsApp-Image-2019-02-26-at-14.09.00-1-768x576.jpeg 768w, https:\/\/wp.ufpel.edu.br\/petartesvisuais\/files\/2019\/02\/WhatsApp-Image-2019-02-26-at-14.09.00-1-816x612.jpeg 816w\" sizes=\"auto, (max-width: 1280px) 100vw, 1280px\" \/><\/a><a href=\"https:\/\/wp.ufpel.edu.br\/petartesvisuais\/files\/2019\/02\/WhatsApp-Image-2019-02-26-at-14.09.00-2.jpeg\"><img loading=\"lazy\" decoding=\"async\" class=\"aligncenter size-full wp-image-620\" src=\"https:\/\/wp.ufpel.edu.br\/petartesvisuais\/files\/2019\/02\/WhatsApp-Image-2019-02-26-at-14.09.00-2.jpeg\" alt=\"\" width=\"960\" height=\"1280\" \/><\/a><a href=\"https:\/\/wp.ufpel.edu.br\/petartesvisuais\/files\/2019\/02\/WhatsApp-Image-2019-02-26-at-14.09.00.jpeg\"><img loading=\"lazy\" decoding=\"async\" class=\"aligncenter size-full wp-image-621\" src=\"https:\/\/wp.ufpel.edu.br\/petartesvisuais\/files\/2019\/02\/WhatsApp-Image-2019-02-26-at-14.09.00.jpeg\" alt=\"\" width=\"1280\" height=\"960\" srcset=\"https:\/\/wp.ufpel.edu.br\/petartesvisuais\/files\/2019\/02\/WhatsApp-Image-2019-02-26-at-14.09.00.jpeg 1280w, https:\/\/wp.ufpel.edu.br\/petartesvisuais\/files\/2019\/02\/WhatsApp-Image-2019-02-26-at-14.09.00-212x159.jpeg 212w, https:\/\/wp.ufpel.edu.br\/petartesvisuais\/files\/2019\/02\/WhatsApp-Image-2019-02-26-at-14.09.00-424x318.jpeg 424w, https:\/\/wp.ufpel.edu.br\/petartesvisuais\/files\/2019\/02\/WhatsApp-Image-2019-02-26-at-14.09.00-768x576.jpeg 768w, https:\/\/wp.ufpel.edu.br\/petartesvisuais\/files\/2019\/02\/WhatsApp-Image-2019-02-26-at-14.09.00-816x612.jpeg 816w\" sizes=\"auto, (max-width: 1280px) 100vw, 1280px\" \/><\/a><\/p>\n","protected":false},"excerpt":{"rendered":"<p>Do Sagrado e o Profano: mostra did\u00e1tica Mostra did\u00e1tica de desenho figura humana apresenta a produ\u00e7\u00e3o realizada em 2018, com alunos de artes visuais do Centro de Artes das UFPel. Em torno de autorrepresenta\u00e7\u00f5es propomos mesti\u00e7agens religiosas e exibimos o sagrado do outro, enfatizamos ambival\u00eancias e sincretismos,\u00a0 reinventamos divindades protetoras da diversidade, da liberdade de [&hellip;]<\/p>\n","protected":false},"author":557,"featured_media":0,"parent":0,"menu_order":0,"comment_status":"closed","ping_status":"closed","template":"","meta":{"jetpack_post_was_ever_published":false,"footnotes":""},"class_list":["post-441","page","type-page","status-publish","hentry"],"jetpack_sharing_enabled":true,"_links":{"self":[{"href":"https:\/\/wp.ufpel.edu.br\/petartesvisuais\/wp-json\/wp\/v2\/pages\/441","targetHints":{"allow":["GET"]}}],"collection":[{"href":"https:\/\/wp.ufpel.edu.br\/petartesvisuais\/wp-json\/wp\/v2\/pages"}],"about":[{"href":"https:\/\/wp.ufpel.edu.br\/petartesvisuais\/wp-json\/wp\/v2\/types\/page"}],"author":[{"embeddable":true,"href":"https:\/\/wp.ufpel.edu.br\/petartesvisuais\/wp-json\/wp\/v2\/users\/557"}],"replies":[{"embeddable":true,"href":"https:\/\/wp.ufpel.edu.br\/petartesvisuais\/wp-json\/wp\/v2\/comments?post=441"}],"version-history":[{"count":2,"href":"https:\/\/wp.ufpel.edu.br\/petartesvisuais\/wp-json\/wp\/v2\/pages\/441\/revisions"}],"predecessor-version":[{"id":622,"href":"https:\/\/wp.ufpel.edu.br\/petartesvisuais\/wp-json\/wp\/v2\/pages\/441\/revisions\/622"}],"wp:attachment":[{"href":"https:\/\/wp.ufpel.edu.br\/petartesvisuais\/wp-json\/wp\/v2\/media?parent=441"}],"curies":[{"name":"wp","href":"https:\/\/api.w.org\/{rel}","templated":true}]}}