{"id":405,"date":"2019-02-21T02:47:08","date_gmt":"2019-02-21T05:47:08","guid":{"rendered":"https:\/\/wp.ufpel.edu.br\/petartesvisuais\/?page_id=405"},"modified":"2019-02-21T02:47:08","modified_gmt":"2019-02-21T05:47:08","slug":"oficina-de-gravura-no-museu-gruppelli","status":"publish","type":"page","link":"https:\/\/wp.ufpel.edu.br\/petartesvisuais\/oficina-de-gravura-no-museu-gruppelli\/","title":{"rendered":"Oficina de Gravura no Museu Gruppelli"},"content":{"rendered":"<p>A\u00e7\u00e3o realizada em evento em comemora\u00e7\u00e3o aos 20 anos do Museu Grupelli.<\/p>\n<p><a href=\"https:\/\/wp.ufpel.edu.br\/petartesvisuais\/files\/2019\/02\/ASSAD.jpg\"><img loading=\"lazy\" decoding=\"async\" class=\"aligncenter size-full wp-image-407\" src=\"https:\/\/wp.ufpel.edu.br\/petartesvisuais\/files\/2019\/02\/ASSAD.jpg\" alt=\"\" width=\"2048\" height=\"1536\" srcset=\"https:\/\/wp.ufpel.edu.br\/petartesvisuais\/files\/2019\/02\/ASSAD.jpg 2048w, https:\/\/wp.ufpel.edu.br\/petartesvisuais\/files\/2019\/02\/ASSAD-212x159.jpg 212w, https:\/\/wp.ufpel.edu.br\/petartesvisuais\/files\/2019\/02\/ASSAD-424x318.jpg 424w, https:\/\/wp.ufpel.edu.br\/petartesvisuais\/files\/2019\/02\/ASSAD-768x576.jpg 768w, https:\/\/wp.ufpel.edu.br\/petartesvisuais\/files\/2019\/02\/ASSAD-816x612.jpg 816w\" sizes=\"auto, (max-width: 2048px) 100vw, 2048px\" \/><\/a> <a href=\"https:\/\/wp.ufpel.edu.br\/petartesvisuais\/files\/2019\/02\/FFF.jpg\"><img loading=\"lazy\" decoding=\"async\" class=\"aligncenter size-full wp-image-408\" src=\"https:\/\/wp.ufpel.edu.br\/petartesvisuais\/files\/2019\/02\/FFF.jpg\" alt=\"\" width=\"2048\" height=\"1536\" srcset=\"https:\/\/wp.ufpel.edu.br\/petartesvisuais\/files\/2019\/02\/FFF.jpg 2048w, https:\/\/wp.ufpel.edu.br\/petartesvisuais\/files\/2019\/02\/FFF-212x159.jpg 212w, https:\/\/wp.ufpel.edu.br\/petartesvisuais\/files\/2019\/02\/FFF-424x318.jpg 424w, https:\/\/wp.ufpel.edu.br\/petartesvisuais\/files\/2019\/02\/FFF-768x576.jpg 768w, https:\/\/wp.ufpel.edu.br\/petartesvisuais\/files\/2019\/02\/FFF-816x612.jpg 816w\" sizes=\"auto, (max-width: 2048px) 100vw, 2048px\" \/><\/a><\/p>\n","protected":false},"excerpt":{"rendered":"<p>A\u00e7\u00e3o realizada em evento em comemora\u00e7\u00e3o aos 20 anos do Museu Grupelli.<\/p>\n","protected":false},"author":557,"featured_media":0,"parent":0,"menu_order":0,"comment_status":"closed","ping_status":"closed","template":"","meta":{"jetpack_post_was_ever_published":false,"footnotes":""},"class_list":["post-405","page","type-page","status-publish","hentry"],"jetpack_sharing_enabled":true,"_links":{"self":[{"href":"https:\/\/wp.ufpel.edu.br\/petartesvisuais\/wp-json\/wp\/v2\/pages\/405","targetHints":{"allow":["GET"]}}],"collection":[{"href":"https:\/\/wp.ufpel.edu.br\/petartesvisuais\/wp-json\/wp\/v2\/pages"}],"about":[{"href":"https:\/\/wp.ufpel.edu.br\/petartesvisuais\/wp-json\/wp\/v2\/types\/page"}],"author":[{"embeddable":true,"href":"https:\/\/wp.ufpel.edu.br\/petartesvisuais\/wp-json\/wp\/v2\/users\/557"}],"replies":[{"embeddable":true,"href":"https:\/\/wp.ufpel.edu.br\/petartesvisuais\/wp-json\/wp\/v2\/comments?post=405"}],"version-history":[{"count":1,"href":"https:\/\/wp.ufpel.edu.br\/petartesvisuais\/wp-json\/wp\/v2\/pages\/405\/revisions"}],"predecessor-version":[{"id":409,"href":"https:\/\/wp.ufpel.edu.br\/petartesvisuais\/wp-json\/wp\/v2\/pages\/405\/revisions\/409"}],"wp:attachment":[{"href":"https:\/\/wp.ufpel.edu.br\/petartesvisuais\/wp-json\/wp\/v2\/media?parent=405"}],"curies":[{"name":"wp","href":"https:\/\/api.w.org\/{rel}","templated":true}]}}

<p>Ação realizada em evento em comemoração aos 20 anos do Museu Grupelli.</p>
<p><a href="https://wp.ufpel.edu.br/petartesvisuais/files/2019/02/ASSAD.jpg"><img loading="lazy" decoding="async" class="aligncenter size-full wp-image-407" src="https://wp.ufpel.edu.br/petartesvisuais/files/2019/02/ASSAD.jpg" alt="" width="2048" height="1536" srcset="https://wp.ufpel.edu.br/petartesvisuais/files/2019/02/ASSAD.jpg 2048w, https://wp.ufpel.edu.br/petartesvisuais/files/2019/02/ASSAD-212x159.jpg 212w, https://wp.ufpel.edu.br/petartesvisuais/files/2019/02/ASSAD-424x318.jpg 424w, https://wp.ufpel.edu.br/petartesvisuais/files/2019/02/ASSAD-768x576.jpg 768w, https://wp.ufpel.edu.br/petartesvisuais/files/2019/02/ASSAD-816x612.jpg 816w" sizes="auto, (max-width: 2048px) 100vw, 2048px" /></a> <a href="https://wp.ufpel.edu.br/petartesvisuais/files/2019/02/FFF.jpg"><img loading="lazy" decoding="async" class="aligncenter size-full wp-image-408" src="https://wp.ufpel.edu.br/petartesvisuais/files/2019/02/FFF.jpg" alt="" width="2048" height="1536" srcset="https://wp.ufpel.edu.br/petartesvisuais/files/2019/02/FFF.jpg 2048w, https://wp.ufpel.edu.br/petartesvisuais/files/2019/02/FFF-212x159.jpg 212w, https://wp.ufpel.edu.br/petartesvisuais/files/2019/02/FFF-424x318.jpg 424w, https://wp.ufpel.edu.br/petartesvisuais/files/2019/02/FFF-768x576.jpg 768w, https://wp.ufpel.edu.br/petartesvisuais/files/2019/02/FFF-816x612.jpg 816w" sizes="auto, (max-width: 2048px) 100vw, 2048px" /></a></p>

<p>Ação realizada em evento em comemoração aos 20 anos do Museu Grupelli.</p>
