{"id":243,"date":"2018-05-16T16:58:02","date_gmt":"2018-05-16T19:58:02","guid":{"rendered":"https:\/\/wp.ufpel.edu.br\/petartesvisuais\/?page_id=243"},"modified":"2018-05-21T14:43:39","modified_gmt":"2018-05-21T17:43:39","slug":"outros","status":"publish","type":"page","link":"https:\/\/wp.ufpel.edu.br\/petartesvisuais\/outros\/","title":{"rendered":"Grupos Pet UFPel"},"content":{"rendered":"<h6 class=\"widget-title\" style=\"text-align: left\">LINKS GRUPOS PET UFPEL<\/h6>\n<p><a href=\"http:\/\/petfaem.wordpress.com\/\" target=\"_blank\" rel=\"noopener\">PET Agronomia<\/a><\/p>\n<p><a href=\"http:\/\/pet-faurb.blogspot.com\/\" target=\"_blank\" rel=\"co-worker noopener\">PET Arquitetura e Urbanismo<\/a><\/p>\n<p><a href=\"http:\/\/inf.ufpel.edu.br\/index.php?option=com_content&amp;view=article&amp;id=127&amp;Itemid=124\" target=\"_blank\" rel=\"co-worker noopener\">PET Computa\u00e7\u00e3o<\/a><\/p>\n<p><a href=\"http:\/\/pet-cr-escer.blogspot.com\/\" target=\"_blank\" rel=\"noopener\">PET Conserva\u00e7\u00e3o e Restauro<\/a><\/p>\n<p><a href=\"http:\/\/peteducacao.blogspot.com\/\" target=\"_blank\" rel=\"noopener\">PET Educa\u00e7\u00e3o<\/a><\/p>\n<p><a href=\"http:\/\/esef.ufpel.edu.br\/site\/index.php?option=com_content&amp;view=article&amp;id=34&amp;Itemid=60\" target=\"_blank\" rel=\"co-worker noopener\">PET Educa\u00e7\u00e3o F\u00edsica<\/a><\/p>\n<p><a href=\"http:\/\/www.ufpel.tche.br\/fea\/pet\/\" target=\"_blank\" rel=\"co-worker noopener\">PET Engenharia Agr\u00edcola<\/a><\/p>\n<p><a href=\"http:\/\/www.ufpel.edu.br\/hidrica\/?act=estrutura&amp;link=pet\" target=\"_blank\" rel=\"co-worker noopener\">PET Engenharia H\u00eddrica<\/a><\/p>\n<p><a href=\"http:\/\/petfisicaufpel.blogspot.com\/\" target=\"_blank\" rel=\"co-worker noopener\">PET F\u00edsica<\/a><\/p>\n<p><a href=\"http:\/\/meteorologia.ufpel.edu.br\/pet\/\" target=\"_blank\" rel=\"co-worker noopener\">PET Meteorologia<\/a><\/p>\n<p><a href=\"http:\/\/www.foufpel.com.br\/inicio.php?area=pet\" target=\"_blank\" rel=\"co-worker noopener\">PET Odontologia<\/a><\/p>\n","protected":false},"excerpt":{"rendered":"<p>LINKS GRUPOS PET UFPEL PET Agronomia PET Arquitetura e Urbanismo PET Computa\u00e7\u00e3o PET Conserva\u00e7\u00e3o e Restauro PET Educa\u00e7\u00e3o PET Educa\u00e7\u00e3o F\u00edsica PET Engenharia Agr\u00edcola PET Engenharia H\u00eddrica PET F\u00edsica PET Meteorologia PET Odontologia<\/p>\n","protected":false},"author":557,"featured_media":0,"parent":0,"menu_order":0,"comment_status":"closed","ping_status":"closed","template":"","meta":{"jetpack_post_was_ever_published":false,"footnotes":""},"class_list":["post-243","page","type-page","status-publish","hentry"],"jetpack_sharing_enabled":true,"_links":{"self":[{"href":"https:\/\/wp.ufpel.edu.br\/petartesvisuais\/wp-json\/wp\/v2\/pages\/243","targetHints":{"allow":["GET"]}}],"collection":[{"href":"https:\/\/wp.ufpel.edu.br\/petartesvisuais\/wp-json\/wp\/v2\/pages"}],"about":[{"href":"https:\/\/wp.ufpel.edu.br\/petartesvisuais\/wp-json\/wp\/v2\/types\/page"}],"author":[{"embeddable":true,"href":"https:\/\/wp.ufpel.edu.br\/petartesvisuais\/wp-json\/wp\/v2\/users\/557"}],"replies":[{"embeddable":true,"href":"https:\/\/wp.ufpel.edu.br\/petartesvisuais\/wp-json\/wp\/v2\/comments?post=243"}],"version-history":[{"count":12,"href":"https:\/\/wp.ufpel.edu.br\/petartesvisuais\/wp-json\/wp\/v2\/pages\/243\/revisions"}],"predecessor-version":[{"id":271,"href":"https:\/\/wp.ufpel.edu.br\/petartesvisuais\/wp-json\/wp\/v2\/pages\/243\/revisions\/271"}],"wp:attachment":[{"href":"https:\/\/wp.ufpel.edu.br\/petartesvisuais\/wp-json\/wp\/v2\/media?parent=243"}],"curies":[{"name":"wp","href":"https:\/\/api.w.org\/{rel}","templated":true}]}}