{"id":1372,"date":"2020-01-27T15:25:21","date_gmt":"2020-01-27T18:25:21","guid":{"rendered":"https:\/\/wp.ufpel.edu.br\/petartesvisuais\/?page_id=1372"},"modified":"2020-01-27T15:25:21","modified_gmt":"2020-01-27T18:25:21","slug":"corredor-14-x-vao","status":"publish","type":"page","link":"https:\/\/wp.ufpel.edu.br\/petartesvisuais\/corredor-14-x-vao\/","title":{"rendered":"Corredor 14 x V\u00c3O"},"content":{"rendered":"<p>O <strong>Corredor 14<\/strong> \u00e9 um ateli\u00ea coletivo e espa\u00e7o autogestionado, localizado em Pelotas-RS. Esse espa\u00e7o \u00e9 gerido por sete artistas: Daniel Higa, Rafa Ribeiro, Renan Soares, Marcelo Amaral, Vicente Lima, Patr\u00edcia dos Santos e Karina Nascimento, o ateli\u00ea promove in\u00fameras atividades culturais, sendo alguns realizadas em conjunto com o grupo PET Artes Visuais.<\/p>\n<p>O que une esses grupos s\u00e3o seus integrantes, tendo em vista que os artistas Daniel Higa, Rafa Ribeiro e Renan Soares tamb\u00e9m atuam no PET Artes Visuais. No ano de 2019, esses artistas que comp\u00f5em o Corredor 14 realizaram uma resid\u00eancia no espa\u00e7o <strong>V\u00c3O<\/strong>, outro espa\u00e7o autogestionado, localizado em S\u00e3o Paulo capital. Essa resid\u00eancia teve a dura\u00e7\u00e3o de dez dias, entre o final de agosto e inicio de setembro, e trouxe como resultado desse experi\u00eancia a exposi\u00e7\u00e3o 7 EM SALA: Terceira Edi\u00e7\u00e3o.<\/p>\n<p><a href=\"https:\/\/wp.ufpel.edu.br\/petartesvisuais\/files\/2020\/01\/2.jpg\"><img loading=\"lazy\" decoding=\"async\" class=\"aligncenter size-full wp-image-1373\" src=\"https:\/\/wp.ufpel.edu.br\/petartesvisuais\/files\/2020\/01\/2.jpg\" alt=\"\" width=\"1755\" height=\"1169\" srcset=\"https:\/\/wp.ufpel.edu.br\/petartesvisuais\/files\/2020\/01\/2.jpg 1755w, https:\/\/wp.ufpel.edu.br\/petartesvisuais\/files\/2020\/01\/2-424x282.jpg 424w, https:\/\/wp.ufpel.edu.br\/petartesvisuais\/files\/2020\/01\/2-212x141.jpg 212w, https:\/\/wp.ufpel.edu.br\/petartesvisuais\/files\/2020\/01\/2-768x512.jpg 768w, https:\/\/wp.ufpel.edu.br\/petartesvisuais\/files\/2020\/01\/2-1536x1023.jpg 1536w, https:\/\/wp.ufpel.edu.br\/petartesvisuais\/files\/2020\/01\/2-816x544.jpg 816w\" sizes=\"auto, (max-width: 1755px) 100vw, 1755px\" \/><\/a> <a href=\"https:\/\/wp.ufpel.edu.br\/petartesvisuais\/files\/2020\/01\/3-scaled.jpg\"><img loading=\"lazy\" decoding=\"async\" class=\"aligncenter size-full wp-image-1374\" src=\"https:\/\/wp.ufpel.edu.br\/petartesvisuais\/files\/2020\/01\/3-scaled.jpg\" alt=\"\" width=\"2560\" height=\"1707\" srcset=\"https:\/\/wp.ufpel.edu.br\/petartesvisuais\/files\/2020\/01\/3-scaled.jpg 2560w, https:\/\/wp.ufpel.edu.br\/petartesvisuais\/files\/2020\/01\/3-424x283.jpg 424w, https:\/\/wp.ufpel.edu.br\/petartesvisuais\/files\/2020\/01\/3-212x141.jpg 212w, https:\/\/wp.ufpel.edu.br\/petartesvisuais\/files\/2020\/01\/3-768x512.jpg 768w, https:\/\/wp.ufpel.edu.br\/petartesvisuais\/files\/2020\/01\/3-1536x1024.jpg 1536w, https:\/\/wp.ufpel.edu.br\/petartesvisuais\/files\/2020\/01\/3-2048x1366.jpg 2048w, https:\/\/wp.ufpel.edu.br\/petartesvisuais\/files\/2020\/01\/3-816x544.jpg 816w\" sizes=\"auto, (max-width: 2560px) 100vw, 2560px\" \/><\/a><\/p>\n<p>&nbsp;<\/p>\n","protected":false},"excerpt":{"rendered":"<p>O Corredor 14 \u00e9 um ateli\u00ea coletivo e espa\u00e7o autogestionado, localizado em Pelotas-RS. Esse espa\u00e7o \u00e9 gerido por sete artistas: Daniel Higa, Rafa Ribeiro, Renan Soares, Marcelo Amaral, Vicente Lima, Patr\u00edcia dos Santos e Karina Nascimento, o ateli\u00ea promove in\u00fameras atividades culturais, sendo alguns realizadas em conjunto com o grupo PET Artes Visuais. O que [&hellip;]<\/p>\n","protected":false},"author":557,"featured_media":0,"parent":0,"menu_order":0,"comment_status":"closed","ping_status":"closed","template":"","meta":{"jetpack_post_was_ever_published":false,"footnotes":""},"class_list":["post-1372","page","type-page","status-publish","hentry"],"jetpack_sharing_enabled":true,"_links":{"self":[{"href":"https:\/\/wp.ufpel.edu.br\/petartesvisuais\/wp-json\/wp\/v2\/pages\/1372","targetHints":{"allow":["GET"]}}],"collection":[{"href":"https:\/\/wp.ufpel.edu.br\/petartesvisuais\/wp-json\/wp\/v2\/pages"}],"about":[{"href":"https:\/\/wp.ufpel.edu.br\/petartesvisuais\/wp-json\/wp\/v2\/types\/page"}],"author":[{"embeddable":true,"href":"https:\/\/wp.ufpel.edu.br\/petartesvisuais\/wp-json\/wp\/v2\/users\/557"}],"replies":[{"embeddable":true,"href":"https:\/\/wp.ufpel.edu.br\/petartesvisuais\/wp-json\/wp\/v2\/comments?post=1372"}],"version-history":[{"count":1,"href":"https:\/\/wp.ufpel.edu.br\/petartesvisuais\/wp-json\/wp\/v2\/pages\/1372\/revisions"}],"predecessor-version":[{"id":1375,"href":"https:\/\/wp.ufpel.edu.br\/petartesvisuais\/wp-json\/wp\/v2\/pages\/1372\/revisions\/1375"}],"wp:attachment":[{"href":"https:\/\/wp.ufpel.edu.br\/petartesvisuais\/wp-json\/wp\/v2\/media?parent=1372"}],"curies":[{"name":"wp","href":"https:\/\/api.w.org\/{rel}","templated":true}]}}