{"id":1292,"date":"2020-01-15T10:58:03","date_gmt":"2020-01-15T13:58:03","guid":{"rendered":"https:\/\/wp.ufpel.edu.br\/petartesvisuais\/?page_id=1292"},"modified":"2020-01-27T14:04:51","modified_gmt":"2020-01-27T17:04:51","slug":"iii-forum-social-da-ufpel","status":"publish","type":"page","link":"https:\/\/wp.ufpel.edu.br\/petartesvisuais\/iii-forum-social-da-ufpel\/","title":{"rendered":"III F\u00f3rum Social da UFPel"},"content":{"rendered":"<p>Os bolsistas Andr\u00e9 Gustavo e Matheus Mattos, apresentaram o trabalho que realizam junto as escolas, o <span style=\"font-weight: 400\">Projeto <\/span><span style=\"font-weight: 400\">Escola Viva: Transforma\u00e7\u00f5es do \u00c2mbito escolar, <\/span>no evento promovido pela PREC UFPel para a comunidade do CRAS S\u00e3o Gon\u00e7alo no III Congresso do F\u00f3rum Social de 25 \u00e0 27 de novembro de 2019.<\/p>\n<p>&nbsp;<\/p>\n<p><a href=\"https:\/\/wp.ufpel.edu.br\/petartesvisuais\/files\/2020\/01\/Apresenta\u00e7\u00e3o-sem-t\u00edtulo-1-1.jpg\"><img loading=\"lazy\" decoding=\"async\" class=\"aligncenter size-full wp-image-1343\" src=\"https:\/\/wp.ufpel.edu.br\/petartesvisuais\/files\/2020\/01\/Apresenta\u00e7\u00e3o-sem-t\u00edtulo-1-1.jpg\" alt=\"\" width=\"960\" height=\"540\" srcset=\"https:\/\/wp.ufpel.edu.br\/petartesvisuais\/files\/2020\/01\/Apresenta\u00e7\u00e3o-sem-t\u00edtulo-1-1.jpg 960w, https:\/\/wp.ufpel.edu.br\/petartesvisuais\/files\/2020\/01\/Apresenta\u00e7\u00e3o-sem-t\u00edtulo-1-1-424x239.jpg 424w, https:\/\/wp.ufpel.edu.br\/petartesvisuais\/files\/2020\/01\/Apresenta\u00e7\u00e3o-sem-t\u00edtulo-1-1-212x119.jpg 212w, https:\/\/wp.ufpel.edu.br\/petartesvisuais\/files\/2020\/01\/Apresenta\u00e7\u00e3o-sem-t\u00edtulo-1-1-768x432.jpg 768w, https:\/\/wp.ufpel.edu.br\/petartesvisuais\/files\/2020\/01\/Apresenta\u00e7\u00e3o-sem-t\u00edtulo-1-1-816x459.jpg 816w\" sizes=\"auto, (max-width: 960px) 100vw, 960px\" \/><\/a> <a href=\"https:\/\/wp.ufpel.edu.br\/petartesvisuais\/files\/2020\/01\/Apresenta\u00e7\u00e3o-sem-t\u00edtulo.jpg\"><img loading=\"lazy\" decoding=\"async\" class=\"aligncenter size-full wp-image-1344\" src=\"https:\/\/wp.ufpel.edu.br\/petartesvisuais\/files\/2020\/01\/Apresenta\u00e7\u00e3o-sem-t\u00edtulo.jpg\" alt=\"\" width=\"960\" height=\"540\" srcset=\"https:\/\/wp.ufpel.edu.br\/petartesvisuais\/files\/2020\/01\/Apresenta\u00e7\u00e3o-sem-t\u00edtulo.jpg 960w, https:\/\/wp.ufpel.edu.br\/petartesvisuais\/files\/2020\/01\/Apresenta\u00e7\u00e3o-sem-t\u00edtulo-424x239.jpg 424w, https:\/\/wp.ufpel.edu.br\/petartesvisuais\/files\/2020\/01\/Apresenta\u00e7\u00e3o-sem-t\u00edtulo-212x119.jpg 212w, https:\/\/wp.ufpel.edu.br\/petartesvisuais\/files\/2020\/01\/Apresenta\u00e7\u00e3o-sem-t\u00edtulo-768x432.jpg 768w, https:\/\/wp.ufpel.edu.br\/petartesvisuais\/files\/2020\/01\/Apresenta\u00e7\u00e3o-sem-t\u00edtulo-816x459.jpg 816w\" sizes=\"auto, (max-width: 960px) 100vw, 960px\" \/><\/a><\/p>\n","protected":false},"excerpt":{"rendered":"<p>Os bolsistas Andr\u00e9 Gustavo e Matheus Mattos, apresentaram o trabalho que realizam junto as escolas, o Projeto Escola Viva: Transforma\u00e7\u00f5es do \u00c2mbito escolar, no evento promovido pela PREC UFPel para a comunidade do CRAS S\u00e3o Gon\u00e7alo no III Congresso do F\u00f3rum Social de 25 \u00e0 27 de novembro de 2019. &nbsp;<\/p>\n","protected":false},"author":557,"featured_media":0,"parent":0,"menu_order":0,"comment_status":"closed","ping_status":"closed","template":"","meta":{"jetpack_post_was_ever_published":false,"footnotes":""},"class_list":["post-1292","page","type-page","status-publish","hentry"],"jetpack_sharing_enabled":true,"_links":{"self":[{"href":"https:\/\/wp.ufpel.edu.br\/petartesvisuais\/wp-json\/wp\/v2\/pages\/1292","targetHints":{"allow":["GET"]}}],"collection":[{"href":"https:\/\/wp.ufpel.edu.br\/petartesvisuais\/wp-json\/wp\/v2\/pages"}],"about":[{"href":"https:\/\/wp.ufpel.edu.br\/petartesvisuais\/wp-json\/wp\/v2\/types\/page"}],"author":[{"embeddable":true,"href":"https:\/\/wp.ufpel.edu.br\/petartesvisuais\/wp-json\/wp\/v2\/users\/557"}],"replies":[{"embeddable":true,"href":"https:\/\/wp.ufpel.edu.br\/petartesvisuais\/wp-json\/wp\/v2\/comments?post=1292"}],"version-history":[{"count":3,"href":"https:\/\/wp.ufpel.edu.br\/petartesvisuais\/wp-json\/wp\/v2\/pages\/1292\/revisions"}],"predecessor-version":[{"id":1345,"href":"https:\/\/wp.ufpel.edu.br\/petartesvisuais\/wp-json\/wp\/v2\/pages\/1292\/revisions\/1345"}],"wp:attachment":[{"href":"https:\/\/wp.ufpel.edu.br\/petartesvisuais\/wp-json\/wp\/v2\/media?parent=1292"}],"curies":[{"name":"wp","href":"https:\/\/api.w.org\/{rel}","templated":true}]}}

III Fórum Social da UFPel

<p>Os bolsistas André Gustavo e Matheus Mattos, apresentaram o trabalho que realizam junto as escolas, o <span style="font-weight: 400">Projeto </span><span style="font-weight: 400">Escola Viva: Transformações do Âmbito escolar, </span>no evento promovido pela PREC UFPel para a comunidade do CRAS São Gonçalo no III Congresso do Fórum Social de 25 à 27 de novembro de 2019.</p>
<p>&nbsp;</p>
<p><a href="https://wp.ufpel.edu.br/petartesvisuais/files/2020/01/Apresentação-sem-título-1-1.jpg"><img loading="lazy" decoding="async" class="aligncenter size-full wp-image-1343" src="https://wp.ufpel.edu.br/petartesvisuais/files/2020/01/Apresentação-sem-título-1-1.jpg" alt="" width="960" height="540" srcset="https://wp.ufpel.edu.br/petartesvisuais/files/2020/01/Apresentação-sem-título-1-1.jpg 960w, https://wp.ufpel.edu.br/petartesvisuais/files/2020/01/Apresentação-sem-título-1-1-424x239.jpg 424w, https://wp.ufpel.edu.br/petartesvisuais/files/2020/01/Apresentação-sem-título-1-1-212x119.jpg 212w, https://wp.ufpel.edu.br/petartesvisuais/files/2020/01/Apresentação-sem-título-1-1-768x432.jpg 768w, https://wp.ufpel.edu.br/petartesvisuais/files/2020/01/Apresentação-sem-título-1-1-816x459.jpg 816w" sizes="auto, (max-width: 960px) 100vw, 960px" /></a> <a href="https://wp.ufpel.edu.br/petartesvisuais/files/2020/01/Apresentação-sem-título.jpg"><img loading="lazy" decoding="async" class="aligncenter size-full wp-image-1344" src="https://wp.ufpel.edu.br/petartesvisuais/files/2020/01/Apresentação-sem-título.jpg" alt="" width="960" height="540" srcset="https://wp.ufpel.edu.br/petartesvisuais/files/2020/01/Apresentação-sem-título.jpg 960w, https://wp.ufpel.edu.br/petartesvisuais/files/2020/01/Apresentação-sem-título-424x239.jpg 424w, https://wp.ufpel.edu.br/petartesvisuais/files/2020/01/Apresentação-sem-título-212x119.jpg 212w, https://wp.ufpel.edu.br/petartesvisuais/files/2020/01/Apresentação-sem-título-768x432.jpg 768w, https://wp.ufpel.edu.br/petartesvisuais/files/2020/01/Apresentação-sem-título-816x459.jpg 816w" sizes="auto, (max-width: 960px) 100vw, 960px" /></a></p>

<p>Os bolsistas André Gustavo e Matheus Mattos, apresentaram o trabalho que realizam junto as escolas, o Projeto Escola Viva: Transformações do Âmbito escolar, no evento promovido pela PREC UFPel para a comunidade do CRAS São Gonçalo no III Congresso do Fórum Social de 25 à 27 de novembro de 2019. &nbsp;</p>
