{"id":1220,"date":"2020-01-13T09:20:07","date_gmt":"2020-01-13T12:20:07","guid":{"rendered":"https:\/\/wp.ufpel.edu.br\/petartesvisuais\/?page_id=1220"},"modified":"2020-01-15T10:26:54","modified_gmt":"2020-01-15T13:26:54","slug":"grupo-de-pesquisa-sobras-do-cotidiano","status":"publish","type":"page","link":"https:\/\/wp.ufpel.edu.br\/petartesvisuais\/grupo-de-pesquisa-sobras-do-cotidiano\/","title":{"rendered":"Grupo de Pesquisa Sobras do Cotidiano"},"content":{"rendered":"<p><b>Grupo Sobras do Cotidiano<\/b><span style=\"font-weight: 400\">, \u00e9 coordenado pela Profa. Dra.\u00a0 Alice Monsell e re\u00fane interessados em pesquisas pr\u00e1ticas e te\u00f3ricas que <\/span><span style=\"font-weight: 400\">questionam pr\u00e1ticas do cotidiano relacionadas \u00e0 produ\u00e7\u00e3o, transforma\u00e7\u00e3o e deslocamento do lixo no contexto privado (a casa) e no espa\u00e7o p\u00fablico atrav\u00e9s de procedimentos po\u00e9ticos para reaproveitar materiais-\u201csobras\u201d. Em 2019 o bolsista Andr\u00e9 Gustavo integrou o grupo, realizando oficinas em escolas e no espa\u00e7o cultural Katangas, participou tamb\u00e9m da exposi\u00e7\u00e3o coletiva, Sobras do Cotidiano II na Garagem Experimental.\u00a0<\/span><\/p>\n<p>&nbsp;<\/p>\n<p><a href=\"https:\/\/wp.ufpel.edu.br\/petartesvisuais\/files\/2020\/01\/75627595_2628817610517612_7972012188221046784_o.jpg\"><img loading=\"lazy\" decoding=\"async\" class=\"aligncenter size-full wp-image-1284\" src=\"https:\/\/wp.ufpel.edu.br\/petartesvisuais\/files\/2020\/01\/75627595_2628817610517612_7972012188221046784_o.jpg\" alt=\"\" width=\"960\" height=\"640\" srcset=\"https:\/\/wp.ufpel.edu.br\/petartesvisuais\/files\/2020\/01\/75627595_2628817610517612_7972012188221046784_o.jpg 960w, https:\/\/wp.ufpel.edu.br\/petartesvisuais\/files\/2020\/01\/75627595_2628817610517612_7972012188221046784_o-424x283.jpg 424w, https:\/\/wp.ufpel.edu.br\/petartesvisuais\/files\/2020\/01\/75627595_2628817610517612_7972012188221046784_o-212x141.jpg 212w, https:\/\/wp.ufpel.edu.br\/petartesvisuais\/files\/2020\/01\/75627595_2628817610517612_7972012188221046784_o-768x512.jpg 768w, https:\/\/wp.ufpel.edu.br\/petartesvisuais\/files\/2020\/01\/75627595_2628817610517612_7972012188221046784_o-816x544.jpg 816w\" sizes=\"auto, (max-width: 960px) 100vw, 960px\" \/><\/a><\/p>\n","protected":false},"excerpt":{"rendered":"<p>Grupo Sobras do Cotidiano, \u00e9 coordenado pela Profa. Dra.\u00a0 Alice Monsell e re\u00fane interessados em pesquisas pr\u00e1ticas e te\u00f3ricas que questionam pr\u00e1ticas do cotidiano relacionadas \u00e0 produ\u00e7\u00e3o, transforma\u00e7\u00e3o e deslocamento do lixo no contexto privado (a casa) e no espa\u00e7o p\u00fablico atrav\u00e9s de procedimentos po\u00e9ticos para reaproveitar materiais-\u201csobras\u201d. Em 2019 o bolsista Andr\u00e9 Gustavo integrou [&hellip;]<\/p>\n","protected":false},"author":557,"featured_media":0,"parent":0,"menu_order":0,"comment_status":"closed","ping_status":"closed","template":"","meta":{"jetpack_post_was_ever_published":false,"footnotes":""},"class_list":["post-1220","page","type-page","status-publish","hentry"],"jetpack_sharing_enabled":true,"_links":{"self":[{"href":"https:\/\/wp.ufpel.edu.br\/petartesvisuais\/wp-json\/wp\/v2\/pages\/1220","targetHints":{"allow":["GET"]}}],"collection":[{"href":"https:\/\/wp.ufpel.edu.br\/petartesvisuais\/wp-json\/wp\/v2\/pages"}],"about":[{"href":"https:\/\/wp.ufpel.edu.br\/petartesvisuais\/wp-json\/wp\/v2\/types\/page"}],"author":[{"embeddable":true,"href":"https:\/\/wp.ufpel.edu.br\/petartesvisuais\/wp-json\/wp\/v2\/users\/557"}],"replies":[{"embeddable":true,"href":"https:\/\/wp.ufpel.edu.br\/petartesvisuais\/wp-json\/wp\/v2\/comments?post=1220"}],"version-history":[{"count":3,"href":"https:\/\/wp.ufpel.edu.br\/petartesvisuais\/wp-json\/wp\/v2\/pages\/1220\/revisions"}],"predecessor-version":[{"id":1285,"href":"https:\/\/wp.ufpel.edu.br\/petartesvisuais\/wp-json\/wp\/v2\/pages\/1220\/revisions\/1285"}],"wp:attachment":[{"href":"https:\/\/wp.ufpel.edu.br\/petartesvisuais\/wp-json\/wp\/v2\/media?parent=1220"}],"curies":[{"name":"wp","href":"https:\/\/api.w.org\/{rel}","templated":true}]}}

<p><b>Grupo Sobras do Cotidiano</b><span style="font-weight: 400">, é coordenado pela Profa. Dra.  Alice Monsell e reúne interessados em pesquisas práticas e teóricas que </span><span style="font-weight: 400">questionam práticas do cotidiano relacionadas à produção, transformação e deslocamento do lixo no contexto privado (a casa) e no espaço público através de procedimentos poéticos para reaproveitar materiais-“sobras”. Em 2019 o bolsista André Gustavo integrou o grupo, realizando oficinas em escolas e no espaço cultural Katangas, participou também da exposição coletiva, Sobras do Cotidiano II na Garagem Experimental. </span></p>
<p>&nbsp;</p>
<p><a href="https://wp.ufpel.edu.br/petartesvisuais/files/2020/01/75627595_2628817610517612_7972012188221046784_o.jpg"><img loading="lazy" decoding="async" class="aligncenter size-full wp-image-1284" src="https://wp.ufpel.edu.br/petartesvisuais/files/2020/01/75627595_2628817610517612_7972012188221046784_o.jpg" alt="" width="960" height="640" srcset="https://wp.ufpel.edu.br/petartesvisuais/files/2020/01/75627595_2628817610517612_7972012188221046784_o.jpg 960w, https://wp.ufpel.edu.br/petartesvisuais/files/2020/01/75627595_2628817610517612_7972012188221046784_o-424x283.jpg 424w, https://wp.ufpel.edu.br/petartesvisuais/files/2020/01/75627595_2628817610517612_7972012188221046784_o-212x141.jpg 212w, https://wp.ufpel.edu.br/petartesvisuais/files/2020/01/75627595_2628817610517612_7972012188221046784_o-768x512.jpg 768w, https://wp.ufpel.edu.br/petartesvisuais/files/2020/01/75627595_2628817610517612_7972012188221046784_o-816x544.jpg 816w" sizes="auto, (max-width: 960px) 100vw, 960px" /></a></p>

<p>Grupo Sobras do Cotidiano, é coordenado pela Profa. Dra.  Alice Monsell e reúne interessados em pesquisas práticas e teóricas que questionam práticas do cotidiano relacionadas à produção, transformação e deslocamento do lixo no contexto privado (a casa) e no espaço público através de procedimentos poéticos para reaproveitar materiais-“sobras”. Em 2019 o bolsista André Gustavo integrou [&hellip;]</p>
