{"id":72,"date":"2025-02-24T11:15:47","date_gmt":"2025-02-24T14:15:47","guid":{"rendered":"https:\/\/wp.ufpel.edu.br\/petarquitetura\/?page_id=72"},"modified":"2025-04-12T07:55:50","modified_gmt":"2025-04-12T10:55:50","slug":"maloca","status":"publish","type":"page","link":"https:\/\/wp.ufpel.edu.br\/petarquitetura\/maloca\/","title":{"rendered":"Maloca"},"content":{"rendered":"<div>\n<div><\/div>\n<div><\/div>\n<\/div>\n<p><strong>2\u00aa Mostra Maloca<\/strong><\/p>\n<p>Clique <a href=\"https:\/\/wp.ufpel.edu.br\/petarquitetura\/2-mostra-maloca\">aqui, <\/a>saiba mais sobre a mostra e confira o edital para sele\u00e7\u00e3o de trabalhos desta edi\u00e7\u00e3o.<\/p>\n<p><strong>O que \u00e9 a Maloca<\/strong><\/p>\n<p>A Maloca \u00e9 uma ferramenta multiplataforma criada pelo grupo PET Arquitetura e Urbanismo, com o objetivo de conectar o grupo \u00e0 comunidade acad\u00eamica por meio do compartilhamento de informa\u00e7\u00f5es, promo\u00e7\u00e3o da integra\u00e7\u00e3o, discuss\u00f5es e saberes. Inicialmente tratando-se de uma revista com publica\u00e7\u00e3o no meio digital, a Maloca surgiu em 2020 visando disponibilizar um espa\u00e7o para os estudantes onde fosse poss\u00edvel divulgar produ\u00e7\u00f5es acad\u00eamicas, inquieta\u00e7\u00f5es e pensamentos. Deste princ\u00edpio surge o nome Maloca, derivado do Tupi-guarani \u201cm\u00e3-r-oca\u201d, que significa \u201ccasa forte para a luta\u201d. Ainda neste formato, a revista obteve como resultado a publica\u00e7\u00e3o de duas edi\u00e7\u00f5es: \u201cA Vida Cotidiana em Tempos de Distanciamento Social\u201d (2020) e \u201cO que Acontece no PET (2021)\u201d, nas quais era poss\u00edvel compartilhar a produ\u00e7\u00e3o discente sem a rigidez colocada pela maioria dos meios de publica\u00e7\u00f5es e peri\u00f3dicos.<\/p>\n<p>Buscando ser uma ferramenta de f\u00e1cil acesso e que abordasse diferentes formatos, a Maloca evolui ap\u00f3s duas edi\u00e7\u00f5es digitais, passando assim a ter um papel de instrumento multim\u00eddia, buscando alcan\u00e7ar um maior n\u00famero de interessados (BETEMPS et al, 2023). Deste modo, a revista ent\u00e3o se transforma em um projeto multiplataforma, trabalhando a produ\u00e7\u00e3o audiovisual primeiramente atrav\u00e9s da Mostra Maloca e mais recentemente com o Podcast Maloca, o qual \u00e9 produzido em parceria com o projeto Educomunica\u00e7\u00e3o em Foco, do curso de Jornalismo\u00a0da\u00a0UFPEL.<\/p>\n","protected":false},"excerpt":{"rendered":"<p>2\u00aa Mostra Maloca Clique aqui, saiba mais sobre a mostra e confira o edital para sele\u00e7\u00e3o de trabalhos desta edi\u00e7\u00e3o. O que \u00e9 a Maloca A Maloca \u00e9 uma ferramenta multiplataforma criada pelo grupo&#46;&#46;&#46;<\/p>\n","protected":false},"author":920,"featured_media":0,"parent":0,"menu_order":0,"comment_status":"closed","ping_status":"closed","template":"","meta":{"footnotes":""},"class_list":["post-72","page","type-page","status-publish","hentry"],"jetpack_sharing_enabled":true,"_links":{"self":[{"href":"https:\/\/wp.ufpel.edu.br\/petarquitetura\/wp-json\/wp\/v2\/pages\/72","targetHints":{"allow":["GET"]}}],"collection":[{"href":"https:\/\/wp.ufpel.edu.br\/petarquitetura\/wp-json\/wp\/v2\/pages"}],"about":[{"href":"https:\/\/wp.ufpel.edu.br\/petarquitetura\/wp-json\/wp\/v2\/types\/page"}],"author":[{"embeddable":true,"href":"https:\/\/wp.ufpel.edu.br\/petarquitetura\/wp-json\/wp\/v2\/users\/920"}],"replies":[{"embeddable":true,"href":"https:\/\/wp.ufpel.edu.br\/petarquitetura\/wp-json\/wp\/v2\/comments?post=72"}],"version-history":[{"count":13,"href":"https:\/\/wp.ufpel.edu.br\/petarquitetura\/wp-json\/wp\/v2\/pages\/72\/revisions"}],"predecessor-version":[{"id":288,"href":"https:\/\/wp.ufpel.edu.br\/petarquitetura\/wp-json\/wp\/v2\/pages\/72\/revisions\/288"}],"wp:attachment":[{"href":"https:\/\/wp.ufpel.edu.br\/petarquitetura\/wp-json\/wp\/v2\/media?parent=72"}],"curies":[{"name":"wp","href":"https:\/\/api.w.org\/{rel}","templated":true}]}}