{"id":402,"date":"2025-06-07T17:41:22","date_gmt":"2025-06-07T20:41:22","guid":{"rendered":"https:\/\/wp.ufpel.edu.br\/petarquitetura\/?page_id=402"},"modified":"2025-10-20T16:02:16","modified_gmt":"2025-10-20T19:02:16","slug":"gestao-e-empreendedorismo","status":"publish","type":"page","link":"https:\/\/wp.ufpel.edu.br\/petarquitetura\/gestao-e-empreendedorismo\/","title":{"rendered":"PET + gest\u00e3o e empreendedorismo"},"content":{"rendered":"<p><img loading=\"lazy\" decoding=\"async\" data-attachment-id=\"788\" data-permalink=\"https:\/\/wp.ufpel.edu.br\/petarquitetura\/gestao-e-empreendedorismo\/2025-site-slider-1ciclodeempreendedorismo-pet\/\" data-orig-file=\"https:\/\/wp.ufpel.edu.br\/petarquitetura\/files\/2025\/09\/2025-site-slider-1ciclodeempreendedorismo-pet.png\" data-orig-size=\"1200,300\" data-comments-opened=\"0\" data-image-meta=\"{&quot;aperture&quot;:&quot;0&quot;,&quot;credit&quot;:&quot;&quot;,&quot;camera&quot;:&quot;&quot;,&quot;caption&quot;:&quot;&quot;,&quot;created_timestamp&quot;:&quot;0&quot;,&quot;copyright&quot;:&quot;&quot;,&quot;focal_length&quot;:&quot;0&quot;,&quot;iso&quot;:&quot;0&quot;,&quot;shutter_speed&quot;:&quot;0&quot;,&quot;title&quot;:&quot;&quot;,&quot;orientation&quot;:&quot;0&quot;}\" data-image-title=\"2025-site-slider-1ciclodeempreendedorismo-pet\" data-image-description=\"\" data-image-caption=\"\" data-medium-file=\"https:\/\/wp.ufpel.edu.br\/petarquitetura\/files\/2025\/09\/2025-site-slider-1ciclodeempreendedorismo-pet-400x100.png\" data-large-file=\"https:\/\/wp.ufpel.edu.br\/petarquitetura\/files\/2025\/09\/2025-site-slider-1ciclodeempreendedorismo-pet-1024x256.png\" class=\"wp-image-788 alignleft\" src=\"https:\/\/wp.ufpel.edu.br\/petarquitetura\/files\/2025\/09\/2025-site-slider-1ciclodeempreendedorismo-pet-400x100.png\" alt=\"\" width=\"832\" height=\"208\" srcset=\"https:\/\/wp.ufpel.edu.br\/petarquitetura\/files\/2025\/09\/2025-site-slider-1ciclodeempreendedorismo-pet-400x100.png 400w, https:\/\/wp.ufpel.edu.br\/petarquitetura\/files\/2025\/09\/2025-site-slider-1ciclodeempreendedorismo-pet-1024x256.png 1024w, https:\/\/wp.ufpel.edu.br\/petarquitetura\/files\/2025\/09\/2025-site-slider-1ciclodeempreendedorismo-pet-768x192.png 768w, https:\/\/wp.ufpel.edu.br\/petarquitetura\/files\/2025\/09\/2025-site-slider-1ciclodeempreendedorismo-pet.png 1200w\" sizes=\"auto, (max-width: 832px) 100vw, 832px\" \/><\/p>\n<p>&nbsp;<\/p>\n<p>&nbsp;<\/p>\n<p>&nbsp;<\/p>\n<p>&nbsp;<\/p>\n<p>&nbsp;<\/p>\n<p>&nbsp;<\/p>\n<table style=\"border-collapse: collapse; width: 100%;\" border=\"1\">\n<tbody>\n<tr style=\"height: 10px;\">\n<td style=\"width: 100%; height: 10px;\"><\/td>\n<\/tr>\n<\/tbody>\n<\/table>\n<p>O evento foi um sucesso! Agradecemos a participa\u00e7\u00e3o de cada um: alunos, palestrantes, apoiadores e parceiros!<\/p>\n<p>Encerramos esse evento incr\u00edvel com gostinho de quero mais e com registros de bons momentos \u2728<\/p>\n<p>At\u00e9 ano que vem Ciclo PET de Empreendedorismo \ud83d\udca1<\/p>\n<p><iframe loading=\"lazy\" title=\"I Ciclo PET Arquitetura de Empreendedorismo\" src=\"https:\/\/www.canva.com\/design\/DAG2Wgp646c\/WEwpViuiInTjPtKFlYdpuQ\/view?embed&amp;meta\" height=\"625\" width=\"500\" style=\"border: none; border-radius: 8px; width: 500px; height: 625px;\" allowfullscreen=\"allowfullscreen\" allow=\"fullscreen\"><\/iframe><\/p>\n","protected":false},"excerpt":{"rendered":"<p>&nbsp; &nbsp; &nbsp; &nbsp; &nbsp; &nbsp; O evento foi um sucesso! Agradecemos a participa\u00e7\u00e3o de cada um: alunos, palestrantes, apoiadores e parceiros! Encerramos esse evento incr\u00edvel com gostinho de quero mais e com registros&#46;&#46;&#46;<\/p>\n","protected":false},"author":920,"featured_media":0,"parent":0,"menu_order":0,"comment_status":"closed","ping_status":"closed","template":"","meta":{"footnotes":""},"class_list":["post-402","page","type-page","status-publish","hentry"],"jetpack_sharing_enabled":true,"_links":{"self":[{"href":"https:\/\/wp.ufpel.edu.br\/petarquitetura\/wp-json\/wp\/v2\/pages\/402","targetHints":{"allow":["GET"]}}],"collection":[{"href":"https:\/\/wp.ufpel.edu.br\/petarquitetura\/wp-json\/wp\/v2\/pages"}],"about":[{"href":"https:\/\/wp.ufpel.edu.br\/petarquitetura\/wp-json\/wp\/v2\/types\/page"}],"author":[{"embeddable":true,"href":"https:\/\/wp.ufpel.edu.br\/petarquitetura\/wp-json\/wp\/v2\/users\/920"}],"replies":[{"embeddable":true,"href":"https:\/\/wp.ufpel.edu.br\/petarquitetura\/wp-json\/wp\/v2\/comments?post=402"}],"version-history":[{"count":3,"href":"https:\/\/wp.ufpel.edu.br\/petarquitetura\/wp-json\/wp\/v2\/pages\/402\/revisions"}],"predecessor-version":[{"id":814,"href":"https:\/\/wp.ufpel.edu.br\/petarquitetura\/wp-json\/wp\/v2\/pages\/402\/revisions\/814"}],"wp:attachment":[{"href":"https:\/\/wp.ufpel.edu.br\/petarquitetura\/wp-json\/wp\/v2\/media?parent=402"}],"curies":[{"name":"wp","href":"https:\/\/api.w.org\/{rel}","templated":true}]}}