{"id":400,"date":"2025-06-07T17:40:40","date_gmt":"2025-06-07T20:40:40","guid":{"rendered":"https:\/\/wp.ufpel.edu.br\/petarquitetura\/?page_id=400"},"modified":"2026-04-08T21:36:08","modified_gmt":"2026-04-09T00:36:08","slug":"extensao-e-cultura","status":"publish","type":"page","link":"https:\/\/wp.ufpel.edu.br\/petarquitetura\/extensao-e-cultura\/","title":{"rendered":"PET + extens\u00e3o e cultura"},"content":{"rendered":"<p>\\\\\\\\\\\\\\\\\\\\\\\\\\\\\\\\\\\\\\\\\\<img loading=\"lazy\" decoding=\"async\" data-attachment-id=\"952\" data-permalink=\"https:\/\/wp.ufpel.edu.br\/petarquitetura\/extensao-e-cultura\/2026-site-slider-viajecomopet-pet\/\" data-orig-file=\"https:\/\/wp.ufpel.edu.br\/petarquitetura\/files\/2026\/02\/2026-site-slider-viajecomopet-pet.png\" data-orig-size=\"1200,300\" data-comments-opened=\"0\" data-image-meta=\"{&quot;aperture&quot;:&quot;0&quot;,&quot;credit&quot;:&quot;&quot;,&quot;camera&quot;:&quot;&quot;,&quot;caption&quot;:&quot;&quot;,&quot;created_timestamp&quot;:&quot;0&quot;,&quot;copyright&quot;:&quot;&quot;,&quot;focal_length&quot;:&quot;0&quot;,&quot;iso&quot;:&quot;0&quot;,&quot;shutter_speed&quot;:&quot;0&quot;,&quot;title&quot;:&quot;&quot;,&quot;orientation&quot;:&quot;0&quot;}\" data-image-title=\"2026-site-slider-viajecomopet-pet\" data-image-description=\"\" data-image-caption=\"\" data-medium-file=\"https:\/\/wp.ufpel.edu.br\/petarquitetura\/files\/2026\/02\/2026-site-slider-viajecomopet-pet-400x100.png\" data-large-file=\"https:\/\/wp.ufpel.edu.br\/petarquitetura\/files\/2026\/02\/2026-site-slider-viajecomopet-pet-1024x256.png\" class=\" wp-image-952 alignleft\" src=\"https:\/\/wp.ufpel.edu.br\/petarquitetura\/files\/2026\/02\/2026-site-slider-viajecomopet-pet-400x100.png\" alt=\"\" width=\"828\" height=\"207\" srcset=\"https:\/\/wp.ufpel.edu.br\/petarquitetura\/files\/2026\/02\/2026-site-slider-viajecomopet-pet-400x100.png 400w, https:\/\/wp.ufpel.edu.br\/petarquitetura\/files\/2026\/02\/2026-site-slider-viajecomopet-pet-1024x256.png 1024w, https:\/\/wp.ufpel.edu.br\/petarquitetura\/files\/2026\/02\/2026-site-slider-viajecomopet-pet-768x192.png 768w, https:\/\/wp.ufpel.edu.br\/petarquitetura\/files\/2026\/02\/2026-site-slider-viajecomopet-pet.png 1200w\" sizes=\"auto, (max-width: 828px) 100vw, 828px\" \/><\/p>\n<p>&nbsp;<\/p>\n<p>&nbsp;<\/p>\n<p>&nbsp;<\/p>\n<p>&nbsp;<\/p>\n<p>&nbsp;<\/p>\n<p>&nbsp;<\/p>\n<p><strong>Acesse todas as informa\u00e7\u00f5es referentes \u00e0 Viagem do PET para S\u00e3o Paulo em 2026:<\/strong><\/p>\n<p>&nbsp;<\/p>\n<p><a href=\"https:\/\/l.instagram.com\/?u=https%3A%2F%2Fforms.gle%2Fmfw95dkZWNHMDuq79%3Futm_source%3Dig%26utm_medium%3Dsocial%26utm_content%3Dlink_in_bio%26fbclid%3DPAZXh0bgNhZW0CMTEAc3J0YwZhcHBfaWQMMjU2MjgxMDQwNTU4AAGncsGd243kkErcvvhQWBQWaT0yTyaIec6GrCsdmr2KN4l5d6ZqYDRIb8pgnZ0_aem_W0f_3lP0ZUWcnR7YR86pBQ&amp;e=AT1ZFJXnWcZ0vHnEqeMTv2MGTpnDIqo_vSJBb2BQgKUUvdm_asEQImGFyc-k5fWtOrRWyAwKN3dHq1ynGdXrR56kX7KfwkBAW7Q_sPlcyg\" target=\"_blank\" rel=\"noopener\">Inscri\u00e7\u00f5es<\/a><\/p>\n<p><a href=\"https:\/\/wp.ufpel.edu.br\/petarquitetura\/files\/2026\/02\/Edital-Viaje-com-o-PET-2026.pdf\" target=\"_blank\" rel=\"noopener\">Edital &#8211; Viaje com o PET 2026<\/a><\/p>\n<p><a href=\"https:\/\/wp.ufpel.edu.br\/petarquitetura\/files\/2026\/04\/Lista-de-Convocados-2026.pdf\">Lista de Convocados 2026<\/a><\/p>\n<p><a href=\"https:\/\/wp.ufpel.edu.br\/petarquitetura\/files\/2026\/04\/roteiro_viagem_pet_faurb_2026.pdf\">Roteiro<\/a><\/p>\n","protected":false},"excerpt":{"rendered":"<p>\\\\\\\\\\\\\\\\\\\\\\\\\\\\\\\\\\\\\\\\\\ &nbsp; &nbsp; &nbsp; &nbsp; &nbsp; &nbsp; Acesse todas as informa\u00e7\u00f5es referentes \u00e0 Viagem do PET para S\u00e3o Paulo em 2026: &nbsp; Inscri\u00e7\u00f5es Edital &#8211; Viaje com o PET 2026 Lista de Convocados 2026&#46;&#46;&#46;<\/p>\n","protected":false},"author":920,"featured_media":0,"parent":0,"menu_order":0,"comment_status":"closed","ping_status":"closed","template":"","meta":{"footnotes":""},"class_list":["post-400","page","type-page","status-publish","hentry"],"jetpack_sharing_enabled":true,"_links":{"self":[{"href":"https:\/\/wp.ufpel.edu.br\/petarquitetura\/wp-json\/wp\/v2\/pages\/400","targetHints":{"allow":["GET"]}}],"collection":[{"href":"https:\/\/wp.ufpel.edu.br\/petarquitetura\/wp-json\/wp\/v2\/pages"}],"about":[{"href":"https:\/\/wp.ufpel.edu.br\/petarquitetura\/wp-json\/wp\/v2\/types\/page"}],"author":[{"embeddable":true,"href":"https:\/\/wp.ufpel.edu.br\/petarquitetura\/wp-json\/wp\/v2\/users\/920"}],"replies":[{"embeddable":true,"href":"https:\/\/wp.ufpel.edu.br\/petarquitetura\/wp-json\/wp\/v2\/comments?post=400"}],"version-history":[{"count":4,"href":"https:\/\/wp.ufpel.edu.br\/petarquitetura\/wp-json\/wp\/v2\/pages\/400\/revisions"}],"predecessor-version":[{"id":1018,"href":"https:\/\/wp.ufpel.edu.br\/petarquitetura\/wp-json\/wp\/v2\/pages\/400\/revisions\/1018"}],"wp:attachment":[{"href":"https:\/\/wp.ufpel.edu.br\/petarquitetura\/wp-json\/wp\/v2\/media?parent=400"}],"curies":[{"name":"wp","href":"https:\/\/api.w.org\/{rel}","templated":true}]}}