{"id":224,"date":"2025-03-11T14:38:04","date_gmt":"2025-03-11T17:38:04","guid":{"rendered":"https:\/\/wp.ufpel.edu.br\/petarquitetura\/?page_id=224"},"modified":"2026-04-07T19:43:42","modified_gmt":"2026-04-07T22:43:42","slug":"processo-seletivo","status":"publish","type":"page","link":"https:\/\/wp.ufpel.edu.br\/petarquitetura\/documentos\/processo-seletivo\/","title":{"rendered":"Processo Seletivo"},"content":{"rendered":"<p style=\"text-align: center;\"><strong><span style=\"font-size: 14pt;\">Processo Seletivo 2026<\/span><\/strong><\/p>\n<p>&nbsp;<\/p>\n<p><a href=\"https:\/\/wp.ufpel.edu.br\/petarquitetura\/files\/2026\/03\/Edital_Processo-Seletivo-PET-2026.pdf\">Edital_Processo Seletivo PET 2026<\/a><\/p>\n<p><a href=\"https:\/\/wp.ufpel.edu.br\/petarquitetura\/files\/2026\/03\/Lista-de-inscricoes-homologadas-2.pdf\">Lista de inscri\u00e7\u00f5es homologadas<\/a><\/p>\n<p><a href=\"https:\/\/wp.ufpel.edu.br\/petarquitetura\/files\/2026\/03\/Lista-de-Classificados-para-etapa-presencial.pdf\">Lista de Classificados para etapa presencial<\/a><\/p>\n<p><a href=\"https:\/\/wp.ufpel.edu.br\/petarquitetura\/files\/2026\/03\/Instrucoes-para-etapa-presencial.pdf\">Instru\u00e7\u00f5es para etapa presencial<\/a><\/p>\n<p><a href=\"https:\/\/wp.ufpel.edu.br\/petarquitetura\/files\/2026\/04\/Resultado-preliminar-Notas-Processo-Seletivo-2026.pdf\">Resultado preliminar &#8211; Notas Processo Seletivo 2026<\/a><\/p>\n<p><strong><a href=\"https:\/\/wp.ufpel.edu.br\/petarquitetura\/files\/2026\/04\/RESULTADO_FINAL_Processo-Seletivo-2026.pdf\">RESULTADO_FINAL_Processo Seletivo 2026<\/a><\/strong><\/p>\n<p>&nbsp;<\/p>\n<p>&nbsp;<\/p>\n<p style=\"text-align: center;\"><span style=\"font-size: 14pt;\"><strong>Processo Seletivo 2025<\/strong><\/span><\/p>\n<p>&nbsp;<\/p>\n<p><strong><a href=\"https:\/\/wp.ufpel.edu.br\/petarquitetura\/files\/2025\/05\/Resultado-Final-Processo-Seletivo-2025.pdf\">Resultado Final &#8211; Processo Seletivo 2025<\/a><\/strong><\/p>\n<p>Resultado Preliminar &#8211; Notas dos Candidatos<\/p>\n<p><a href=\"https:\/\/wp.ufpel.edu.br\/petarquitetura\/files\/2025\/04\/Notas-dos-Candidatos-Processo-Seletivo-2025.pdf\">Notas dos Candidatos &#8211; Processo Seletivo 2025<\/a><\/p>\n<p>Publica\u00e7\u00e3o de errata referente ao Edital do Processo Seletivo 2025<\/p>\n<p><a href=\"https:\/\/wp.ufpel.edu.br\/petarquitetura\/files\/2025\/04\/ERRATA-Edital-Processo-Seletivo-2025.pdf\">ERRATA Edital &#8211; Processo Seletivo 2025<\/a><\/p>\n<p>Instru\u00e7\u00f5es para a Segunda Fase do Processo Seletivo:<\/p>\n<p><a href=\"https:\/\/wp.ufpel.edu.br\/petarquitetura\/files\/2025\/04\/Instrucoes-Segunda-Fase-Processo-Seletivo-2025.pdf\">Instru\u00e7\u00f5es Segunda Fase &#8211; Processo Seletivo 2025<\/a><\/p>\n<p>Confira aqui a lista de candidatos classificados para a Segunda Fase:<\/p>\n<p><a href=\"https:\/\/wp.ufpel.edu.br\/petarquitetura\/files\/2025\/04\/Lista-de-Classificados-2-Fase-Processo-Seletivo-2025.pdf\">Lista de Classificados 2 Fase &#8211; Processo Seletivo 2025<\/a><\/p>\n<p>Confira aqui a lista de inscri\u00e7\u00f5es homologadas:<\/p>\n<p><a href=\"https:\/\/wp.ufpel.edu.br\/petarquitetura\/files\/2025\/04\/Lista-Final-de-Homologacao-Processo-Seletivo-2025.pdf\">Lista Final de Homologa\u00e7\u00e3o &#8211; Processo Seletivo 2025<\/a><\/p>\n<p><a href=\"https:\/\/wp.ufpel.edu.br\/petarquitetura\/files\/2025\/04\/Homologacao-Processo-Seletivo-2025.pdf\">Homologa\u00e7\u00e3o &#8211; Processo Seletivo 2025<\/a><\/p>\n<p>Acesse aqui o <span style=\"font-size: 12pt;\"><strong>Edital do Processo Seletivo 2025<\/strong> <\/span>para novos bolsistas PET:<\/p>\n<p><a href=\"https:\/\/wp.ufpel.edu.br\/petarquitetura\/files\/2025\/04\/Edital-Processo-Seletivo-2025-PET-Arquitetura-UFPEL.pdf\" target=\"_blank\" rel=\"noopener\">Edital Processo Seletivo 2025 &#8211; PET Arquitetura UFPEL<\/a><\/p>\n<p>Confira abaixo o cronograma da sele\u00e7\u00e3o e n\u00e3o perca nenhuma data!<\/p>\n<p><span style=\"font-size: 10pt;\">Cronograma atualizado em 03\/05\/2025 para refletir as datas indicadas no Edital.<\/span><\/p>\n<p><img loading=\"lazy\" decoding=\"async\" data-attachment-id=\"307\" data-permalink=\"https:\/\/wp.ufpel.edu.br\/petarquitetura\/documentos\/processo-seletivo\/2025-processoseletivo-cronograma-pet-2\/\" data-orig-file=\"https:\/\/wp.ufpel.edu.br\/petarquitetura\/files\/2025\/05\/2025-processoseletivo-cronograma-pet-2.png\" data-orig-size=\"1200,2000\" data-comments-opened=\"0\" data-image-meta=\"{&quot;aperture&quot;:&quot;0&quot;,&quot;credit&quot;:&quot;&quot;,&quot;camera&quot;:&quot;&quot;,&quot;caption&quot;:&quot;&quot;,&quot;created_timestamp&quot;:&quot;0&quot;,&quot;copyright&quot;:&quot;&quot;,&quot;focal_length&quot;:&quot;0&quot;,&quot;iso&quot;:&quot;0&quot;,&quot;shutter_speed&quot;:&quot;0&quot;,&quot;title&quot;:&quot;&quot;,&quot;orientation&quot;:&quot;0&quot;}\" data-image-title=\"2025-processoseletivo-cronograma-pet-2\" data-image-description=\"\" data-image-caption=\"\" data-medium-file=\"https:\/\/wp.ufpel.edu.br\/petarquitetura\/files\/2025\/05\/2025-processoseletivo-cronograma-pet-2-240x400.png\" data-large-file=\"https:\/\/wp.ufpel.edu.br\/petarquitetura\/files\/2025\/05\/2025-processoseletivo-cronograma-pet-2-614x1024.png\" class=\"wp-image-307 aligncenter\" src=\"https:\/\/wp.ufpel.edu.br\/petarquitetura\/files\/2025\/05\/2025-processoseletivo-cronograma-pet-2-240x400.png\" alt=\"\" width=\"887\" height=\"1478\" srcset=\"https:\/\/wp.ufpel.edu.br\/petarquitetura\/files\/2025\/05\/2025-processoseletivo-cronograma-pet-2-240x400.png 240w, https:\/\/wp.ufpel.edu.br\/petarquitetura\/files\/2025\/05\/2025-processoseletivo-cronograma-pet-2-614x1024.png 614w, https:\/\/wp.ufpel.edu.br\/petarquitetura\/files\/2025\/05\/2025-processoseletivo-cronograma-pet-2-768x1280.png 768w, https:\/\/wp.ufpel.edu.br\/petarquitetura\/files\/2025\/05\/2025-processoseletivo-cronograma-pet-2-922x1536.png 922w, https:\/\/wp.ufpel.edu.br\/petarquitetura\/files\/2025\/05\/2025-processoseletivo-cronograma-pet-2.png 1200w\" sizes=\"auto, (max-width: 887px) 100vw, 887px\" \/><\/p>\n<p>Documentos de apoio:<\/p>\n<p><a href=\"http:\/\/sigpet.mec.gov.br\/docs\/Portaria_976_2010.pdf\" target=\"_blank\" rel=\"noopener\">Portaria MEC n\u00ba 976\/2010<\/a><\/p>\n<p><a href=\"http:\/\/sigpet.mec.gov.br\/docs\/Portaria_343_2013.pdf\" target=\"_blank\" rel=\"noopener\">Portaria MEC n\u00ba 343\/2013<\/a><\/p>\n<p>&nbsp;<\/p>\n","protected":false},"excerpt":{"rendered":"<p>Processo Seletivo 2026 &nbsp; Edital_Processo Seletivo PET 2026 Lista de inscri\u00e7\u00f5es homologadas Lista de Classificados para etapa presencial Instru\u00e7\u00f5es para etapa presencial Resultado preliminar &#8211; Notas Processo Seletivo 2026 RESULTADO_FINAL_Processo Seletivo 2026 &nbsp; &nbsp;&#46;&#46;&#46;<\/p>\n","protected":false},"author":920,"featured_media":0,"parent":32,"menu_order":0,"comment_status":"closed","ping_status":"closed","template":"","meta":{"footnotes":""},"class_list":["post-224","page","type-page","status-publish","hentry"],"jetpack_sharing_enabled":true,"_links":{"self":[{"href":"https:\/\/wp.ufpel.edu.br\/petarquitetura\/wp-json\/wp\/v2\/pages\/224","targetHints":{"allow":["GET"]}}],"collection":[{"href":"https:\/\/wp.ufpel.edu.br\/petarquitetura\/wp-json\/wp\/v2\/pages"}],"about":[{"href":"https:\/\/wp.ufpel.edu.br\/petarquitetura\/wp-json\/wp\/v2\/types\/page"}],"author":[{"embeddable":true,"href":"https:\/\/wp.ufpel.edu.br\/petarquitetura\/wp-json\/wp\/v2\/users\/920"}],"replies":[{"embeddable":true,"href":"https:\/\/wp.ufpel.edu.br\/petarquitetura\/wp-json\/wp\/v2\/comments?post=224"}],"version-history":[{"count":4,"href":"https:\/\/wp.ufpel.edu.br\/petarquitetura\/wp-json\/wp\/v2\/pages\/224\/revisions"}],"predecessor-version":[{"id":1012,"href":"https:\/\/wp.ufpel.edu.br\/petarquitetura\/wp-json\/wp\/v2\/pages\/224\/revisions\/1012"}],"up":[{"embeddable":true,"href":"https:\/\/wp.ufpel.edu.br\/petarquitetura\/wp-json\/wp\/v2\/pages\/32"}],"wp:attachment":[{"href":"https:\/\/wp.ufpel.edu.br\/petarquitetura\/wp-json\/wp\/v2\/media?parent=224"}],"curies":[{"name":"wp","href":"https:\/\/api.w.org\/{rel}","templated":true}]}}