{"id":389,"date":"2026-04-22T09:17:40","date_gmt":"2026-04-22T12:17:40","guid":{"rendered":"https:\/\/wp.ufpel.edu.br\/pesquisacidadesmedias\/?page_id=389"},"modified":"2026-04-27T20:27:01","modified_gmt":"2026-04-27T23:27:01","slug":"trabalhos-completos","status":"publish","type":"page","link":"https:\/\/wp.ufpel.edu.br\/pesquisacidadesmedias\/trabalhos-completos\/","title":{"rendered":"Trabalhos Completos e Cap\u00edtulos de Livro"},"content":{"rendered":"<h5><b>TRABALHOS COMPLETOS P\u00daBLICADOS EM ANAIS<\/b><\/h5>\n<h5><b>2025<\/b><\/h5>\n<p style=\"text-align: justify;\"><span style=\"font-weight: 400;\">SANTOS, Alexsandra Da Rosa De Los; JUNIOR, Ant\u00f4nio Soukef; SILVEIRA, Aline Montagna. CARTOGRAFIAS DE UM PATRIM\u00d4NIO: AS TEMPORALIDADES CONSTRUTIVAS DO P\u00c1TIO FERROVI\u00c1RIO DE PELOTAS.. In: Anais do Semin\u00e1rio Internacional Projetar: Reexistir no Mundo Contempor\u00e2neo &#8211; interpretar, conservar e transformar. Anais&#8230;Pelotas(RS) UFPel, 2025.<br \/>\n<\/span><span style=\"font-weight: 400;\">link para o trabalho: <\/span><a href=\"https:\/\/www.even3.com.br\/anais\/projetar2025\/1137229-cartografias-de-um-patrimonio--as-temporalidades-construtivas-do-patio-ferroviario-de-pelotas\/\"><span style=\"font-weight: 400;\">aqui.<\/span><\/a><\/p>\n<p style=\"text-align: justify;\"><span style=\"font-weight: 400;\">PEREIRA, Franciele Fraga et al.. AS M\u00daLTIPLAS ABORDAGENS PARA INTERPRETA\u00c7\u00c3O DO ESPA\u00c7O URBANO: REFLEX\u00d5ES SOBRE A PESQUISA HIST\u00d3RICA E A PARTICIPA\u00c7\u00c3O COMUNIT\u00c1RIA.. In: Anais do Semin\u00e1rio Internacional Projetar: Reexistir no Mundo Contempor\u00e2neo &#8211; interpretar, conservar e transformar. Anais&#8230;Pelotas(RS) UFPel, 2025.<br \/>\n<\/span><span style=\"font-weight: 400;\">link para o trabalho:<\/span><a href=\"https:\/\/www.even3.com.br\/anais\/projetar2025\/1137746-as-multiplas-abordagens-para-interpretacao-do-espaco-urbano--reflexoes-sobre-a-pesquisa-historica-e-a-participac\"><span style=\"font-weight: 400;\">aqui.<\/span><\/a><\/p>\n<p style=\"text-align: justify;\"><span style=\"font-weight: 400;\">GONSALES, C. H. C.; VERRI, F. J. . POSSIBILIDADES DE PESQUISA NOS PROGRAMAS DE P\u00d3S-GRADUA\u00c7\u00c3O EM ARQUITETURA E URBANISMO: A CONSTRU\u00c7\u00c3O DE UM OLHAR INTERDISCIPLINAR SOBRE A SUSTENTABILIDADE. In: VIII Encontro da Associa\u00e7\u00e3o Nacional de Pesquisa e P\u00f3s-Gradua\u00e7\u00e3o em Arquitetura e Urbanismo ? ANPARQ, 2024, Rio de Janeiro. Anais do Encontro Nacional da Associa\u00e7\u00e3o de Pesquisa e P\u00f3s-Gradua\u00e7\u00e3o em Arquitetura e Urbanismo: Encruzilhadas &#8211; converg\u00eancias e dispers\u00f5es. Rio de Janeiro: EVEN3, 2024. v. 8.<\/span><span style=\"font-weight: 400;\"><br \/>\n<\/span><span style=\"font-weight: 400;\">link para o trabalho:<\/span><a href=\"https:\/\/www.even3.com.br\/anais\/enanparq8\/851705-possibilidades-de-pesquisa-nos-programas-de-pos-graduacao-em-arquitetura-e-urbanismo--a-construcao-de-um-olhar-in\/\"><span style=\"font-weight: 400;\">aqui.<\/span><\/a><\/p>\n<p style=\"text-align: justify;\"><span style=\"font-weight: 400;\">SOUKEF JUNIOR, A. ; DE LOS SANTOS, A. R. . Desafios na preserva\u00e7\u00e3o dos edif\u00edcios hist\u00f3ricos da ferrovia Rio Grande &#8211; Bag\u00e9. In: Encontro Nacional da Associa\u00e7\u00e3o de Pesquisa e P\u00f3s-Gradua\u00e7\u00e3o em Arquitetura e Urbanismo: Encruzilhadas ? converg\u00eancias e dispers\u00f5es, 2025, Rio de Janeiro. Anais do Encontro Nacional da Associa\u00e7\u00e3o de Pesquisa e P\u00f3s-Gradua\u00e7\u00e3o em Arquitetura e Urbanismo: Encruzilhadas ? converg\u00eancias e dispers\u00f5es. Rio de Janeiro: FAU &#8211; UFRJ, 2024. v. 1. p. 16.<\/span><span style=\"font-weight: 400;\"><br \/>\n<\/span><span style=\"font-weight: 400;\">link para o trabalho: <\/span><a href=\"https:\/\/www.even3.com.br\/anais\/enanparq8\/850735-desafios-na-preservacao-dos-edificios-historicos-da-ferrovia-rio-grande--bage\/\"><span style=\"font-weight: 400;\">aqui.<\/span><\/a><\/p>\n<h5><b>2024<\/b><\/h5>\n<p style=\"text-align: justify;\"><span style=\"font-weight: 400;\">DE LOS SANTOS, A. R.; SOUKEF JUNIOR, A. . Mem\u00f3ria Ferrovi\u00e1ria: Uso de Hist\u00f3ria Oral como fonte de pesquisa. In: CIPCS, 2024, Pelotas. Anais do Congresso Internacional de Patrim\u00f4nio Cultural e Sustentabilidade &#8211; CIPCS, 2024.<\/span><b><br \/>\n<\/b><span style=\"font-weight: 400;\">link para o trabalho:<\/span><a href=\"https:\/\/www.even3.com.br\/anais\/cipcs\/884363-memoria-ferroviaria--uso-de-historia-oral-como-fonte-de-pesquisa\/\"><span style=\"font-weight: 400;\">aqui.<\/span><\/a><\/p>\n<p style=\"text-align: justify;\"><span style=\"font-weight: 400;\">SOUKEF JUNIOR, A. ; BUSNARDO FILHO, A. ; DE LOS SANTOS, A. R. . A import\u00e2ncia da preserva\u00e7\u00e3o dos edif\u00edcios remanescentes da linha Rio Grande &#8211; Bag\u00e9. In: ArquiMem\u00f3ria 6, 2024, Salvador. Anais do ArquiMem\u00f3ria 6: Encontro Internacional sobre Preserva\u00e7\u00e3o do Patrim\u00f4nio Edificado. Salvador: Senai CIMATEC, 2024.<\/span><b><br \/>\n<\/b><span style=\"font-weight: 400;\">link para o trabalho:<\/span><a href=\"https:\/\/www.even3.com.br\/anais\/arquimemoria6\/928558-a-importancia-da-preservacao-dos-edificios-remanescentes-da-linha-rio-grande-bage\/\"><span style=\"font-weight: 400;\">aqui.<\/span><\/a><\/p>\n<p style=\"text-align: justify;\"><span style=\"font-weight: 400;\">DE LOS SANTOS, A. R.; SOUKEF JUNIOR, A. ; SILVEIRA, A. M. . Estrada de Ferro Rio Grande &#8211; Pelotas &#8211; Bag\u00e9: Patrim\u00f4nio Arquitet\u00f4nico e Documenta\u00e7\u00e3o Hist\u00f3rica. In: GRAPHICA, 2024, Pelotas. Anais Graphica 2024, 2024.<\/span><b><br \/>\n<\/b><span style=\"font-weight: 400;\">link para o trabalho:<\/span><a href=\"https:\/\/www.even3.com.br\/anais\/graphica-430628\/836249-estrada-de-ferro-rio-grande--pelotas--bage--patrimonio-arquitetonico-e-documentacao-historica\/\"><span style=\"font-weight: 400;\">aqui.<\/span><\/a><\/p>\n<h5><b>CAP\u00cdTULOS DE LIVRO<\/b><\/h5>\n<h5><b>2025<\/b><\/h5>\n<p style=\"text-align: justify;\"><span style=\"font-weight: 400;\">SOUKEF J\u00daNIOR, Antonio; SANTOS, Alexsandra da Rosa de Los. Ferrovia. In: GILL, Lorena Almeida; KOSCHIER, Paulo Luiz Crizel; VARGAS, Jonas Moreira; ARRIADA, Eduardo (orgs.). <\/span><i><span style=\"font-weight: 400;\">Dicion\u00e1rio de Hist\u00f3ria de Pelotas<\/span><\/i><span style=\"font-weight: 400;\">. Ananindeua: Editora Cabana; Pelotas: Editora UFPel, 2026. p. 180-181.<\/span><span style=\"font-weight: 400;\"><br \/>\n<\/span><span style=\"font-weight: 400;\">Dispon\u00edvel em livro f\u00edsico.<\/span><\/p>\n<p style=\"text-align: justify;\"><span style=\"font-weight: 400;\">BICCA, Renan Rosso. Sim\u00f5es Lopes. In: GILL, Lorena Almeida; KOSCHIER, Paulo Luiz Crizel; VARGAS, Jonas Moreira; ARRIADA, Eduardo (orgs.). <\/span><i><span style=\"font-weight: 400;\">Dicion\u00e1rio de Hist\u00f3ria de Pelotas<\/span><\/i><span style=\"font-weight: 400;\">. v. 2. Ananindeua: Editora Cabana; Pelotas: Editora UFPel, 2026. p. 342\u2013344.<\/span><span style=\"font-weight: 400;\"><br \/>\n<\/span><span style=\"font-weight: 400;\">Dispon\u00edvel em livro f\u00edsico.<\/span><\/p>\n<p style=\"text-align: justify;\"><span style=\"font-weight: 400;\">SILVEIRA, Aline Montagna da; OLIVEIRA, Ana L\u00facia Costa de. Areal. In: GILL, Lorena Almeida et al. (orgs.). <\/span><i><span style=\"font-weight: 400;\">Dicion\u00e1rio de Hist\u00f3ria de Pelotas<\/span><\/i><span style=\"font-weight: 400;\">. v. 2. Ananindeua: Editora Cabana; Pelotas: Editora UFPel, 2026. p. 26\u201328.<\/span><span style=\"font-weight: 400;\"><br \/>\n<\/span><span style=\"font-weight: 400;\">Dispon\u00edvel em livro f\u00edsico.<\/span><\/p>\n<p style=\"text-align: justify;\"><span style=\"font-weight: 400;\">SILVEIRA, Aline Montagna da; OLIVEIRA, Ana L\u00facia Costa de. Faculdade de Arquitetura e Urbanismo da UFPel. In: GILL, Lorena Almeida; KOSCHIER, Paulo Luiz Crizel; VARGAS, Jonas Moreira; ARRIADA, Eduardo (orgs.). <\/span><i><span style=\"font-weight: 400;\">Dicion\u00e1rio de Hist\u00f3ria de Pelotas<\/span><\/i><span style=\"font-weight: 400;\">. Volume II. Ananindeua: Editora Cabana; Pelotas: Editora UFPel, 2026. p. 159-160.<\/span><span style=\"font-weight: 400;\"><br \/>\n<\/span><span style=\"font-weight: 400;\">Dispon\u00edvel em livro f\u00edsico.<\/span><\/p>\n<h5><b>2024<\/b><\/h5>\n<p style=\"text-align: justify;\"><span style=\"font-weight: 400;\">DE LOS SANTOS, A. R.; SOUKEF JUNIOR, A. ; SILVEIRA, A. M. . Estrada de Ferro Rio Grande &#8211; Pelotas &#8211; Bag\u00e9: Patrim\u00f4nio Ferrovi\u00e1rio da regi\u00e3o sul. In: Carmem G. Burgert Schiavon; Olivia Silva Nery; Vivian da Silva Paulitsch; Wagner Feloniuk; Laiana Pereira da Silveira. (Org.). Patrim\u00f4nio Cultural em Debate: Perspectivas Contempor\u00e2neas. 1ed.Porto Alegre: Casaletras, 2024, v. , p. 618-629.<\/span><span style=\"font-weight: 400;\"><br \/>\n<\/span><span style=\"font-weight: 400;\">link para livro: <\/span><a href=\"https:\/\/4shp.furg.br\/images\/Patrimnio_cultural_em_debate_-_reflexes_contemporneas.pdf\"><span style=\"font-weight: 400;\">aqui.<\/span><\/a><\/p>\n","protected":false},"excerpt":{"rendered":"<p>TRABALHOS COMPLETOS P\u00daBLICADOS EM ANAIS 2025 SANTOS, Alexsandra Da Rosa De Los; JUNIOR, Ant\u00f4nio Soukef; SILVEIRA, Aline Montagna. CARTOGRAFIAS DE UM PATRIM\u00d4NIO: AS TEMPORALIDADES CONSTRUTIVAS DO P\u00c1TIO FERROVI\u00c1RIO DE PELOTAS.. In: Anais do Semin\u00e1rio Internacional Projetar: Reexistir no Mundo Contempor\u00e2neo &#8211; interpretar, conservar e transformar. Anais&#8230;Pelotas(RS) UFPel, 2025. link para o trabalho: aqui. PEREIRA, Franciele &hellip; <a href=\"https:\/\/wp.ufpel.edu.br\/pesquisacidadesmedias\/trabalhos-completos\/\" class=\"more-link\">Continue lendo<span class=\"screen-reader-text\"> &#8220;Trabalhos Completos e Cap\u00edtulos de Livro&#8221;<\/span><\/a><\/p>\n","protected":false},"author":1454,"featured_media":0,"parent":0,"menu_order":0,"comment_status":"closed","ping_status":"closed","template":"","meta":{"_crdt_document":"","footnotes":""},"class_list":["post-389","page","type-page","status-publish","hentry"],"_links":{"self":[{"href":"https:\/\/wp.ufpel.edu.br\/pesquisacidadesmedias\/wp-json\/wp\/v2\/pages\/389","targetHints":{"allow":["GET"]}}],"collection":[{"href":"https:\/\/wp.ufpel.edu.br\/pesquisacidadesmedias\/wp-json\/wp\/v2\/pages"}],"about":[{"href":"https:\/\/wp.ufpel.edu.br\/pesquisacidadesmedias\/wp-json\/wp\/v2\/types\/page"}],"author":[{"embeddable":true,"href":"https:\/\/wp.ufpel.edu.br\/pesquisacidadesmedias\/wp-json\/wp\/v2\/users\/1454"}],"replies":[{"embeddable":true,"href":"https:\/\/wp.ufpel.edu.br\/pesquisacidadesmedias\/wp-json\/wp\/v2\/comments?post=389"}],"version-history":[{"count":3,"href":"https:\/\/wp.ufpel.edu.br\/pesquisacidadesmedias\/wp-json\/wp\/v2\/pages\/389\/revisions"}],"predecessor-version":[{"id":416,"href":"https:\/\/wp.ufpel.edu.br\/pesquisacidadesmedias\/wp-json\/wp\/v2\/pages\/389\/revisions\/416"}],"wp:attachment":[{"href":"https:\/\/wp.ufpel.edu.br\/pesquisacidadesmedias\/wp-json\/wp\/v2\/media?parent=389"}],"curies":[{"name":"wp","href":"https:\/\/api.w.org\/{rel}","templated":true}]}}