{"id":2,"date":"2025-05-06T09:56:27","date_gmt":"2025-05-06T12:56:27","guid":{"rendered":"https:\/\/wp.ufpel.edu.br\/pesquisacidadesmedias\/?page_id=2"},"modified":"2026-02-23T13:42:03","modified_gmt":"2026-02-23T16:42:03","slug":"apresentacao","status":"publish","type":"page","link":"https:\/\/wp.ufpel.edu.br\/pesquisacidadesmedias\/apresentacao\/","title":{"rendered":"Apresenta\u00e7\u00e3o"},"content":{"rendered":"<div id=\"n-qZsXC4\" class=\"jsx-2441760102 layout-wrapper\" data-blockid=\"n-qZsXC4\">\n<div class=\"jsx-2521050180 grid-item-lite\">\n<div class=\"jsx-785743302 text-viewer\">\n<p><span style=\"font-weight: 400;\">A presente pesquisa, intitulada <\/span><i><span style=\"font-weight: 400;\">\u201cCidades de m\u00e9dio porte do extremo sul do Brasil e em zona de fronteira: qualifica\u00e7\u00e3o e proposi\u00e7\u00e3o de espa\u00e7os p\u00fablicos sens\u00edveis \u00e0s rela\u00e7\u00f5es intergeracionais, inclusivas e sustent\u00e1veis\u201d<\/span><\/i><span style=\"font-weight: 400;\">, vem sendo desenvolvida por uma equipe de pesquisadores vinculados ao <\/span><span style=\"font-weight: 400;\">Programa de P\u00f3s-Gradua\u00e7\u00e3o em Arquitetura e Urbanismo<\/span><span style=\"font-weight: 400;\"> da <\/span><span style=\"font-weight: 400;\">Universidade Federal de Pelotas (PROGRAU\/UFPel<\/span><span style=\"font-weight: 400;\">), composta por docentes, p\u00f3s-doutorandos, doutorandos, mestrandos e estudantes de gradua\u00e7\u00e3o. O projeto foi contemplado pelo Edital n\u00ba 16\/2022 da CAPES \u2014 Programa de Desenvolvimento da P\u00f3s-Gradua\u00e7\u00e3o (PDPG) \u2014 P\u00f3s-Doutorado Estrat\u00e9gico \u2014 Apoio aos programas de p\u00f3s-gradua\u00e7\u00e3o emergentes e em consolida\u00e7\u00e3o.<\/span><\/p>\n<p><span style=\"font-weight: 400;\">Na elabora\u00e7\u00e3o do projeto, foram considerados dois aspectos centrais. O primeiro refere-se ao fato de que, nos \u00faltimos anos, o PROGRAU vinha investindo na atua\u00e7\u00e3o conjunta de suas diferentes linhas de pesquisa, resultando em projetos, disciplinas e produ\u00e7\u00e3o intelectual que buscavam desenvolver, principalmente, uma abordagem intradisciplinar \u2014 com distintas \u00e1reas e sub\u00e1reas da Arquitetura e Urbanismo atuando sobre um mesmo objeto \u2014, ao mesmo tempo em que passavam a experimentar procedimentos interdisciplinares, por meio da incorpora\u00e7\u00e3o de par\u00e2metros e metodologias oriundos de outros campos do conhecimento.<\/span><\/p>\n<p><span style=\"font-weight: 400;\">O segundo aspecto diz respeito \u00e0 atua\u00e7\u00e3o geogr\u00e1fica do PROGRAU, \u00fanico programa p\u00fablico de p\u00f3s-gradua\u00e7\u00e3o em Arquitetura e Urbanismo na regi\u00e3o sul do estado do Rio Grande do Sul. Desde sua cria\u00e7\u00e3o, o Programa caracteriza-se pela aten\u00e7\u00e3o \u00e0s quest\u00f5es regionais, desenvolvendo pesquisas que respondem a tem\u00e1ticas relacionadas \u00e0 cidade de Pelotas e \u00e0 regi\u00e3o sul do estado. Nesse sentido, s\u00e3o investigados temas que abrangem desde as din\u00e2micas do espa\u00e7o de fronteira Brasil\u2013Uruguai e as condi\u00e7\u00f5es clim\u00e1ticas peculiares do sul do pa\u00eds at\u00e9 abordagens sobre patrim\u00f4nio cultural e estudos do espa\u00e7o p\u00fablico coletivo em conjuntos habitacionais de pa\u00edses do Cone Sul.<\/span><\/p>\n<p><span style=\"font-weight: 400;\">Com o presente estudo, pretende-se, portanto, consolidar as voca\u00e7\u00f5es do Programa anteriormente descritas \u2014 o direcionamento interdisciplinar e o destaque regional \u2014, ampliando seus limites e explorando novas possibilidades metodol\u00f3gicas. Considerando que diversas investiga\u00e7\u00f5es desenvolvidas pelos docentes abordavam, de alguma forma, quest\u00f5es relativas \u00e0 qualidade do espa\u00e7o urbano coletivo, optou-se por definir como objeto de estudo o espa\u00e7o urbano de duas cidades de m\u00e9dio porte da regi\u00e3o sul do estado do Rio Grande do Sul \u2014 Pelotas e Bag\u00e9 \u2014, com o objetivo de estabelecer par\u00e2metros para a avalia\u00e7\u00e3o e a constru\u00e7\u00e3o de espa\u00e7os urbanos qualificados e inclusivos, sob as perspectivas hist\u00f3rico-cultural, social, pol\u00edtica e ambiental. Dessa forma, al\u00e9m da participa\u00e7\u00e3o de docentes e discentes da UFPel, a pesquisa passou a contar tamb\u00e9m com uma equipe local de pesquisadores do munic\u00edpio de Bag\u00e9.<\/span><\/p>\n<p><span style=\"font-weight: 400;\">Por fim, destaca-se que, tanto no que se refere aos aspectos te\u00f3ricos quanto aos metodol\u00f3gicos, a pesquisa apoiou-se em um acervo pr\u00e9vio de estudos e a\u00e7\u00f5es voltados a temas emergentes na regi\u00e3o sul do estado, com \u00eanfase em processos participativos para a melhoria das condi\u00e7\u00f5es habitacionais de popula\u00e7\u00f5es de baixa renda e em situa\u00e7\u00e3o de vulnerabilidade socioecon\u00f4mica, bem como na busca por efici\u00eancia energ\u00e9tica e sustentabilidade. Em di\u00e1logo com estudos antropol\u00f3gicos, essas a\u00e7\u00f5es ampliaram seu escopo, incorporando olhares mais abrangentes sobre a produ\u00e7\u00e3o do espa\u00e7o urbano, com vistas \u00e0 promo\u00e7\u00e3o de rela\u00e7\u00f5es intergeracionais e de processos de inclus\u00e3o social que considerem as m\u00faltiplas formas de diversidade \u2014 de g\u00eanero, \u00e9tnica, entre outras.<\/span><\/p>\n<\/div>\n<\/div>\n<\/div>\n","protected":false},"excerpt":{"rendered":"<p>A presente pesquisa, intitulada \u201cCidades de m\u00e9dio porte do extremo sul do Brasil e em zona de fronteira: qualifica\u00e7\u00e3o e proposi\u00e7\u00e3o de espa\u00e7os p\u00fablicos sens\u00edveis \u00e0s rela\u00e7\u00f5es intergeracionais, inclusivas e sustent\u00e1veis\u201d, vem sendo desenvolvida por uma equipe de pesquisadores vinculados ao Programa de P\u00f3s-Gradua\u00e7\u00e3o em Arquitetura e Urbanismo da Universidade Federal de Pelotas (PROGRAU\/UFPel), composta &hellip; <a href=\"https:\/\/wp.ufpel.edu.br\/pesquisacidadesmedias\/apresentacao\/\" class=\"more-link\">Continue lendo<span class=\"screen-reader-text\"> &#8220;Apresenta\u00e7\u00e3o&#8221;<\/span><\/a><\/p>\n","protected":false},"author":1454,"featured_media":0,"parent":0,"menu_order":0,"comment_status":"closed","ping_status":"closed","template":"","meta":{"footnotes":""},"class_list":["post-2","page","type-page","status-publish","hentry"],"_links":{"self":[{"href":"https:\/\/wp.ufpel.edu.br\/pesquisacidadesmedias\/wp-json\/wp\/v2\/pages\/2","targetHints":{"allow":["GET"]}}],"collection":[{"href":"https:\/\/wp.ufpel.edu.br\/pesquisacidadesmedias\/wp-json\/wp\/v2\/pages"}],"about":[{"href":"https:\/\/wp.ufpel.edu.br\/pesquisacidadesmedias\/wp-json\/wp\/v2\/types\/page"}],"author":[{"embeddable":true,"href":"https:\/\/wp.ufpel.edu.br\/pesquisacidadesmedias\/wp-json\/wp\/v2\/users\/1454"}],"replies":[{"embeddable":true,"href":"https:\/\/wp.ufpel.edu.br\/pesquisacidadesmedias\/wp-json\/wp\/v2\/comments?post=2"}],"version-history":[{"count":3,"href":"https:\/\/wp.ufpel.edu.br\/pesquisacidadesmedias\/wp-json\/wp\/v2\/pages\/2\/revisions"}],"predecessor-version":[{"id":259,"href":"https:\/\/wp.ufpel.edu.br\/pesquisacidadesmedias\/wp-json\/wp\/v2\/pages\/2\/revisions\/259"}],"wp:attachment":[{"href":"https:\/\/wp.ufpel.edu.br\/pesquisacidadesmedias\/wp-json\/wp\/v2\/media?parent=2"}],"curies":[{"name":"wp","href":"https:\/\/api.w.org\/{rel}","templated":true}]}}