{"id":197,"date":"2026-02-10T08:30:04","date_gmt":"2026-02-10T11:30:04","guid":{"rendered":"https:\/\/wp.ufpel.edu.br\/pesquisacidadesmedias\/?page_id=197"},"modified":"2026-04-13T08:54:48","modified_gmt":"2026-04-13T11:54:48","slug":"estrutura","status":"publish","type":"page","link":"https:\/\/wp.ufpel.edu.br\/pesquisacidadesmedias\/estrutura\/","title":{"rendered":"Estrutura"},"content":{"rendered":"<p>A pesquisa apoia-se no paradigma da sustentabilidade, pensando no projeto de cidades cujos espa\u00e7os coletivos potencializem a inclus\u00e3o e a sensibilidade aos aspectos intergeracionais e de diversidade de g\u00eaneros e culturas. Para isso, partiu-se do conhecido Triple Botton Line &#8211; linha das tr\u00eas pilastras criadas por Jonhn Elkington em 1994 (Elkington, 2012), que indica que o desenvolvimento sustent\u00e1vel deve ser economicamente vi\u00e1vel, ambientalmente correto e socialmente justo (Iaquinto, 2018).<\/p>\n<p>No entanto, para a tornar o estudo mais operativo, o projeto desdobra essas tr\u00eas linhas em v\u00e1rias dimens\u00f5es. Silva, Souza e Leal (2012) definem cinco dimens\u00f5es da sustentabilidade<strong>: <\/strong>ambiental, social, econ\u00f4mica, pol\u00edtica e cultural. No projeto Cidades M\u00e9dias s\u00e3o assumidas quatro desses pilares \u2013 dois deles agrupados em um (sociopol\u00edtica) &#8211; e incorporada uma quinta dimens\u00e3o: a dimens\u00e3o formal\/espacial.<\/p>\n<p>Obviamente temos consci\u00eancia da interface e interpenetra\u00e7\u00e3o entre todas as dimens\u00f5es \u2013 aspectos culturais, pol\u00edticos, sociais e espaciais est\u00e3o presentes em todas elas. A classifica\u00e7\u00e3o se d\u00e1 unicamente em fun\u00e7\u00e3o da operacionaliza\u00e7\u00e3o dos trabalhos.<\/p>\n<p>Por outro lado, al\u00e9m de ser um projeto multidimensional, engloba tanto metodologias de an\u00e1lise e diagn\u00f3stico tradicionais na \u00e1rea da Arquitetura e Urbanismo como metodologias e pr\u00e1ticas de participa\u00e7\u00e3o comunit\u00e1ria: a inclus\u00e3o da percep\u00e7\u00e3o da popula\u00e7\u00e3o sobre o espa\u00e7o que habita permite uma melhor compreens\u00e3o das suas demandas atuais. Como a avalia\u00e7\u00e3o e a din\u00e2mica das a\u00e7\u00f5es perpassam os aspectos sociais, culturais, ambientais, territoriais e formais, constituem-se como um importante elo de di\u00e1logo entre as v\u00e1rias dimens\u00f5es do estudo ao coletarem informa\u00e7\u00f5es de interesse de todas elas<a href=\"#_ftn1\" name=\"_ftnref1\">[1]<\/a>.<\/p>\n<p>Observamos tamb\u00e9m que os estudos de evolu\u00e7\u00e3o urbana desenvolvidos inicialmente dentro da subdimens\u00e3o <strong>processo\/crescimento\/devir urbano <\/strong>tamb\u00e9m produziram um material especialmente importante para o conjunto da investiga\u00e7\u00e3o, servindo de base a todas as dimens\u00f5es estudadas ao trazer uma compreens\u00e3o do processo de forma\u00e7\u00e3o da cidade.<\/p>\n<p>Dimens\u00f5es da pesquisa:<\/p>\n<ol>\n<li>Socio-Pol\u00edtica : estudos que dizem respeito \u00e0 garantia de que \u201ctodas as pessoas tenham condi\u00e7\u00f5es iguais de acesso a bens, servi\u00e7os de boa qualidade necess\u00e1rios para uma vida digna&#8221; (Mendes, 2009, p. 54) e \u00e0 \u201cpresen\u00e7a de espa\u00e7os que incrementem a participa\u00e7\u00e3o democr\u00e1tica dos sujeitos nas tomadas de decis\u00f5es\u201d (Silva, Souza e Leal, 2012, p. 184). Neste estudo confere-se grande aten\u00e7\u00e3o \u00e0 presen\u00e7a do Estado nos espa\u00e7os estudados e como as comunidades locais t\u00eam se apropriado desses territ\u00f3rios;<\/li>\n<\/ol>\n<p>[1] \u00c9 importante destacar que o estudo e seus instrumentos j\u00e1 est\u00e3o aprovados na Plataforma Brasil, estando garantidas assim a prote\u00e7\u00e3o dos participantes e a \u00e9tica cient\u00edfica.<\/p>\n<ol start=\"2\">\n<li>Ambiental e Ecol\u00f3gica: respeito aos ecossistemas naturais; preserva\u00e7\u00e3o dos recursos naturais, bem como limita\u00e7\u00e3o de uso. Refere-se, de modo geral, \u00e0s quest\u00f5es de \u201cmanuten\u00e7\u00e3o da integridade do ambiente pela minimiza\u00e7\u00e3o dos impactos urbanos\u201d (Silva, Souza e Leal, 2012, p. 184). Nesta investiga\u00e7\u00e3o adquire especial import\u00e2ncia os aspectos de mudan\u00e7as clim\u00e1ticas e os impactos urbanos em termos de alagamentos agravados pela localiza\u00e7\u00e3o da \u00e1rea de estudo \u00e0 margem de um canal. Avalia-se ademais as condi\u00e7\u00f5es de infraestrutura nas \u00e1reas de estudo. Tamb\u00e9m \u00e9 tema de destaque o estudo do conforto t\u00e9rmico a partir de diferentes combina\u00e7\u00f5es de morfologia urbana e vegeta\u00e7\u00e3o em espa\u00e7os abertos, levando em conta caracter\u00edsticas clim\u00e1ticas diferenciadas no extremo sul do Brasil;<\/li>\n<li>Cultural: equil\u00edbrio entre tradi\u00e7\u00e3o e inova\u00e7\u00e3o, dando autonomia a projetos nacionais, ao mesmo tempo em que promove a confian\u00e7a e abertura para o mundo. S\u00e3o quest\u00f5es espec\u00edficas da pesquisa a \u201cpromo\u00e7\u00e3o da diversidade e identidade cultural em todas as suas formas de express\u00e3o\u201d (Silva, Souza e Leal, 2012, p. 184), preservando e divulgando a hist\u00f3ria e os valores culturais regionais. Este projeto tem especial interesse em identificar o grau de reconhecimento pela popula\u00e7\u00e3o dos objetos e espa\u00e7os com salvaguarda pelos \u00f3rg\u00e3os oficiais, assim como inventariar os lugares e objetos memor\u00e1veis e de forte refer\u00eancia para a comunidade;<\/li>\n<li>Formal e Espacial: d\u00e1 \u00eanfase \u00e0 espacialidade urbana incluindo aspectos ligados \u00e0 mem\u00f3ria, ambi\u00eancia e paisagem urbana e cultural. Faz uma refer\u00eancia direta \u00e0 urbanidade e vitalidade das zonas de estudo na cidade de Pelotas\u00a0 e \u00e0 capacidade dos lugares em potencializar a apropria\u00e7\u00e3o e o uso por parte da popula\u00e7\u00e3o. Essa dimens\u00e3o d\u00e1 \u00eanfase \u00e0 espacialidade urbana incluindo aspectos ligados \u00e0 mem\u00f3ria, ambi\u00eancia e paisagem urbana e cultural. Faz uma refer\u00eancia direta \u00e0 urbanidade e vitalidade das zonas de estudo na cidade de Pelotas\u00a0 e \u00e0 capacidade dos lugares em potencializar a apropria\u00e7\u00e3o e o uso por parte da popula\u00e7\u00e3o. Toma como defini\u00e7\u00e3o de apropria\u00e7\u00e3o a de\u00a0 Lara-Hernandez, Melis e Caputo (2017): uma sinergia cont\u00ednua entre os cidad\u00e3os e a paisagem urbana evidenciada atrav\u00e9s de atividades espec\u00edficas que contribuem para a constru\u00e7\u00e3o da paisagem social urbana.<\/li>\n<\/ol>\n<p><img loading=\"lazy\" decoding=\"async\" class=\"alignnone size-full wp-image-256\" src=\"https:\/\/wp.ufpel.edu.br\/pesquisacidadesmedias\/files\/2026\/02\/ESTRUTURA-SITE-scaled.png\" alt=\"\" width=\"1810\" height=\"2560\" srcset=\"https:\/\/wp.ufpel.edu.br\/pesquisacidadesmedias\/files\/2026\/02\/ESTRUTURA-SITE-scaled.png 1810w, https:\/\/wp.ufpel.edu.br\/pesquisacidadesmedias\/files\/2026\/02\/ESTRUTURA-SITE-283x400.png 283w, https:\/\/wp.ufpel.edu.br\/pesquisacidadesmedias\/files\/2026\/02\/ESTRUTURA-SITE-724x1024.png 724w, https:\/\/wp.ufpel.edu.br\/pesquisacidadesmedias\/files\/2026\/02\/ESTRUTURA-SITE-768x1086.png 768w, https:\/\/wp.ufpel.edu.br\/pesquisacidadesmedias\/files\/2026\/02\/ESTRUTURA-SITE-1086x1536.png 1086w, https:\/\/wp.ufpel.edu.br\/pesquisacidadesmedias\/files\/2026\/02\/ESTRUTURA-SITE-1448x2048.png 1448w, https:\/\/wp.ufpel.edu.br\/pesquisacidadesmedias\/files\/2026\/02\/ESTRUTURA-SITE-1200x1697.png 1200w\" sizes=\"auto, (max-width: 709px) 85vw, (max-width: 909px) 67vw, (max-width: 1362px) 62vw, 840px\" \/><\/p>\n<p style=\"text-align: center;\">Tabela 1: Estrutura da pesquisa indicando as v\u00e1rias dimens\u00f5es de estudo, as perguntas de pesquisa e os objetivos<\/p>\n<p><strong><em>Refer\u00eancias bibliogr\u00e1ficas:\u00a0<\/em><\/strong><\/p>\n<p><em>LARA-HERNANDEZ, Jose Antonio; COULTER, Claire M.; MELIS, Alessandro. Temporary appropriation and urban informality: Exploring the subtle distinction. Cities, v. 99, p. 102626, 2020.<\/em><\/p>\n<p><em>MENDES, Jefferson Marcel Gross. Dimens\u00f5es da sustentabilidade. Revista das Faculdades Santa Cruz, v. 7, n. 2, julho\/dezembro 2009. dispon\u00edvel em https:\/\/unisantacruz.edu.br\/v4\/download\/revista-academica\/13\/cap5.pdf<\/em><\/p>\n<p><em>SACHS, Ignacy. Estrat\u00e9gias de transi\u00e7\u00e3o para o s\u00e9culo XXI: desenvolvimento e meio ambiente. Studio Nobel, Funda\u00e7\u00e3o do Desenvolvimento Administrativo, 1993.<\/em><\/p>\n<p><em>SILVA, Antonio Sergio; SOUZA, Jos\u00e9 Gilberto; LEAL, Antonio Cezar. Qualidade de vida e meio ambiente:: experi\u00eancia de consolida\u00e7\u00e3o de indicadores de sustentabilidade em espa\u00e7o urbano. Sustainability in Debate, v. 3, n. 2, p. 177-195, 2012.<\/em><\/p>\n","protected":false},"excerpt":{"rendered":"<p>A pesquisa apoia-se no paradigma da sustentabilidade, pensando no projeto de cidades cujos espa\u00e7os coletivos potencializem a inclus\u00e3o e a sensibilidade aos aspectos intergeracionais e de diversidade de g\u00eaneros e culturas. Para isso, partiu-se do conhecido Triple Botton Line &#8211; linha das tr\u00eas pilastras criadas por Jonhn Elkington em 1994 (Elkington, 2012), que indica que &hellip; <a href=\"https:\/\/wp.ufpel.edu.br\/pesquisacidadesmedias\/estrutura\/\" class=\"more-link\">Continue lendo<span class=\"screen-reader-text\"> &#8220;Estrutura&#8221;<\/span><\/a><\/p>\n","protected":false},"author":1454,"featured_media":0,"parent":0,"menu_order":0,"comment_status":"closed","ping_status":"closed","template":"","meta":{"footnotes":""},"class_list":["post-197","page","type-page","status-publish","hentry"],"_links":{"self":[{"href":"https:\/\/wp.ufpel.edu.br\/pesquisacidadesmedias\/wp-json\/wp\/v2\/pages\/197","targetHints":{"allow":["GET"]}}],"collection":[{"href":"https:\/\/wp.ufpel.edu.br\/pesquisacidadesmedias\/wp-json\/wp\/v2\/pages"}],"about":[{"href":"https:\/\/wp.ufpel.edu.br\/pesquisacidadesmedias\/wp-json\/wp\/v2\/types\/page"}],"author":[{"embeddable":true,"href":"https:\/\/wp.ufpel.edu.br\/pesquisacidadesmedias\/wp-json\/wp\/v2\/users\/1454"}],"replies":[{"embeddable":true,"href":"https:\/\/wp.ufpel.edu.br\/pesquisacidadesmedias\/wp-json\/wp\/v2\/comments?post=197"}],"version-history":[{"count":3,"href":"https:\/\/wp.ufpel.edu.br\/pesquisacidadesmedias\/wp-json\/wp\/v2\/pages\/197\/revisions"}],"predecessor-version":[{"id":358,"href":"https:\/\/wp.ufpel.edu.br\/pesquisacidadesmedias\/wp-json\/wp\/v2\/pages\/197\/revisions\/358"}],"wp:attachment":[{"href":"https:\/\/wp.ufpel.edu.br\/pesquisacidadesmedias\/wp-json\/wp\/v2\/media?parent=197"}],"curies":[{"name":"wp","href":"https:\/\/api.w.org\/{rel}","templated":true}]}}