{"id":854,"date":"2020-10-30T15:58:45","date_gmt":"2020-10-30T18:58:45","guid":{"rendered":"https:\/\/wp.ufpel.edu.br\/perguntas\/?page_id=854"},"modified":"2020-10-30T15:59:20","modified_gmt":"2020-10-30T18:59:20","slug":"contratos","status":"publish","type":"page","link":"https:\/\/wp.ufpel.edu.br\/perguntas\/contratos\/","title":{"rendered":"Contratos"},"content":{"rendered":"<ul class=\"lcp_catlist\" id=\"lcp_instance_0\"><li><a href=\"https:\/\/wp.ufpel.edu.br\/perguntas\/01-quais-sao-as-atribuicoes-e-os-tipos-de-fiscalizacao-de-contrato\/\">01. <strong>Como consultar os contratos e acordos vigentes de responsabilidade do N\u00facleo de Contratos da Pr\u00f3-Reitoria Administrativa?<\/strong>\u00a0<\/a><\/li><li><a href=\"https:\/\/wp.ufpel.edu.br\/perguntas\/02-quem-pode-ser-fiscal-ou-gestor-de-contrato\/\">02. <strong>Quais os meios de comunica\u00e7\u00e3o disponibilizados pelo N\u00facleo de Contratos?<\/strong>\u00a0<\/a><\/li><li><a href=\"https:\/\/wp.ufpel.edu.br\/perguntas\/03-fui-indicado-a-ser-fiscal-de-contrato-o-que-eu-faco\/\">03. <strong>Quais s\u00e3o as principais atribui\u00e7\u00f5es da unidade N\u00facleo de Contratos &#8211; NUCON?\u00a0<\/strong>\u00a0<\/a><\/li><li><a href=\"https:\/\/wp.ufpel.edu.br\/perguntas\/04-a-quem-compete-a-nomeacao-dos-fiscais-de-contrato\/\">04. <strong>Quais s\u00e3o os tipos de fiscaliza\u00e7\u00e3o da execu\u00e7\u00e3o de contratos?\u00a0<\/strong><\/a><\/li><li><a href=\"https:\/\/wp.ufpel.edu.br\/perguntas\/06-de-qual-legislacao-o-fiscal-e-o-gestor-de-contrato-devem-ter-conhecimento\/\">05. De qual legisla\u00e7\u00e3o o fiscal e o gestor de contrato devem ter conhecimento?<\/a><\/li><li><a href=\"https:\/\/wp.ufpel.edu.br\/perguntas\/06-quais-sao-as-principais-atribuicoes-do-fiscal-do-contrato\/\">06. <strong>Quem pode ser fiscal de contrato?<\/strong>\u00a0<\/a><\/li><li><a href=\"https:\/\/wp.ufpel.edu.br\/perguntas\/07-quais-sao-as-atribuicoes-do-gestor-de-contrato\/\">07. <strong>Quais s\u00e3o as principais atribui\u00e7\u00f5es do fiscal do contrato?<\/strong>\u00a0<\/a><\/li><li><a href=\"https:\/\/wp.ufpel.edu.br\/perguntas\/08-quais-documentos-sao-necessarios-para-a-fiscalizacao-contratual\/\">08. <strong>Quais s\u00e3o as atribui\u00e7\u00f5es do fiscal suplente e quando exercer a fiscaliza\u00e7\u00e3o?<\/strong>\u00a0<\/a><\/li><li><a href=\"https:\/\/wp.ufpel.edu.br\/perguntas\/09-quais-documentos-devem-ser-encaminhados-para-pagamento-a-contratada\/\">09. <strong>Fui indicado a ser fiscal de contrato, o que eu fa\u00e7o?<\/strong>\u00a0<\/a><\/li><li><a href=\"https:\/\/wp.ufpel.edu.br\/perguntas\/10-em-caso-de-duvida-na-aplicacao-de-uma-clausula-contratual-ou-de-uma-regra-legal-a-quem-o-fiscal-deve-recorrer\/\">10. <strong>Qual o procedimento para formalizar a necessidade de afastamento das atribui\u00e7\u00f5es de fiscal de contrato?<\/strong>\u00a0<\/a><\/li><li><a href=\"https:\/\/wp.ufpel.edu.br\/perguntas\/11-o-que-e-vedado-ao-fiscal-do-contrato\/\">11. <strong>De qual legisla\u00e7\u00e3o o fiscal de contrato deve ter conhecimento?<\/strong><\/a><\/li><li><a href=\"https:\/\/wp.ufpel.edu.br\/perguntas\/12-como-deve-o-fiscal-e-ou-gestor-de-contratos-proceder-em-caso-de-necessidade-de-alteracao-no-contrato\/\">12. <strong>Quais documentos s\u00e3o necess\u00e1rios para a fiscaliza\u00e7\u00e3o contratual?<\/strong>\u00a0<\/a><\/li><li><a href=\"https:\/\/wp.ufpel.edu.br\/perguntas\/13-em-que-limite-e-possivel-acrescer-ou-reduzir-o-valor-do-contrato\/\">13. <strong>O que \u00e9 vedado ao fiscal de contrato?<\/strong>\u00a0<\/a><\/li><li><a href=\"https:\/\/wp.ufpel.edu.br\/perguntas\/14-e-permitida-subcontratacao\/\">14. <strong>Quais documentos devem ser encaminhados para pagamento \u00e0 contratada?<\/strong>\u00a0<\/a><\/li><li><a href=\"https:\/\/wp.ufpel.edu.br\/perguntas\/15-como-solicitar-atestado-de-capacidade-tecnica-de-servicos-prestados-por-contrato\/\">15. <strong>Qual o prazo para ateste e pagamento de notas fiscais ou faturas?<\/strong>\u00a0<\/a><\/li><li><a href=\"https:\/\/wp.ufpel.edu.br\/perguntas\/16-quais-sao-as-sancoes-possiveis-de-aplicar-ao-contratado-que-nao-cumprir-o-contrato\/\">16. <strong>Como deve o fiscal de contrato proceder em caso de necessidade de altera\u00e7\u00e3o no contrato?\u00a0<\/strong>\u00a0<\/a><\/li><li><a href=\"https:\/\/wp.ufpel.edu.br\/perguntas\/17-quais-procedimentos-o-fiscal-deve-adotar-nos-casos-em-que-nao-ha-possibilidade-de-prorrogacao-do-contrato\/\">17. <strong>Em quais limites \u00e9 poss\u00edvel acrescer ou suprimir o valor do contrato?<\/strong>\u00a0<\/a><\/li><li><a href=\"https:\/\/wp.ufpel.edu.br\/perguntas\/18-como-consultar-os-contratos-vigentes-da-ufpel\/\">18. Como proceder no caso do recebimento de solicita\u00e7\u00e3o de reequil\u00edbrio econ\u00f4mico financeiro contratual (reajuste, repactua\u00e7\u00e3o ou revis\u00e3o\/recomposi\u00e7\u00e3o de pre\u00e7os)?<\/a><\/li><li><a href=\"https:\/\/wp.ufpel.edu.br\/perguntas\/19-qual-o-procedimento-inicial-para-os-casos-de-prorrogacao-contratual\/\">19. <strong>Qual o procedimento inicial para os casos de prorroga\u00e7\u00e3o contratual?<\/strong>\u00a0<\/a><\/li><li><a href=\"https:\/\/wp.ufpel.edu.br\/perguntas\/20-quais-procedimentos-o-fiscal-deve-adotar-nos-casos-em-que-nao-ha-possibilidade-de-prorrogacao-do-contrato\/\">20. <strong>Quais procedimentos o fiscal deve adotar nos casos em que n\u00e3o h\u00e1 possibilidade de prorroga\u00e7\u00e3o do contrato?<\/strong>\u00a0<\/a><\/li><li><a href=\"https:\/\/wp.ufpel.edu.br\/perguntas\/21-onde-consultar-orientacoes-e-modelos-atualizados-para-novas-contratacoes\/\">21. <strong>Onde consultar orienta\u00e7\u00f5es e modelos atualizados para novas contrata\u00e7\u00f5es?\u00a0<\/strong><\/a><\/li><li><a href=\"https:\/\/wp.ufpel.edu.br\/perguntas\/22-como-solicitar-a-emissao-de-atestado-de-capacidade-tecnica-de-servicos-prestados-por-contrato\/\">22. <strong>Como solicitar a emiss\u00e3o de Atestado de Capacidade T\u00e9cnica de servi\u00e7os prestados por contrato?\u00a0<\/strong><\/a><\/li><li><a href=\"https:\/\/wp.ufpel.edu.br\/perguntas\/23-como-a-fiscalizacao-deve-proceder-no-caso-de-inexecucao-de-clausulas-contratuais-pela-contratada-ou-cessionaria\/\">23. <strong>Como a fiscaliza\u00e7\u00e3o deve proceder no caso de inexecu\u00e7\u00e3o de cl\u00e1usulas contratuais pela Contratada ou Cession\u00e1ria?<\/strong><\/a><\/li><li><a href=\"https:\/\/wp.ufpel.edu.br\/perguntas\/24-quais-sao-as-sancoes-possiveis-de-aplicar-ao-contratado-ou-cessionario-que-nao-cumprir-o-contrato\/\">24. <strong>Quais s\u00e3o as san\u00e7\u00f5es poss\u00edveis de aplicar ao contratado ou cession\u00e1rio que n\u00e3o cumprir o contrato?<\/strong>\u00a0<\/a><\/li><li><a href=\"https:\/\/wp.ufpel.edu.br\/perguntas\/25-em-caso-de-duvida-na-aplicacao-de-uma-clausula-contratual-ou-de-uma-regra-legal-a-quem-o-fiscal-deve-recorrer\/\">25. <strong>Em caso de d\u00favida na aplica\u00e7\u00e3o de uma cl\u00e1usula contratual ou de uma regra legal, a quem o fiscal deve recorrer?<\/strong>\u00a0<\/a><\/li><li><a href=\"https:\/\/wp.ufpel.edu.br\/perguntas\/26-e-permitida-a-subcontratacao\/\">26. <strong>\u00c9 permitida a subcontrata\u00e7\u00e3o?\u00a0<\/strong>\u00a0<\/a><\/li><li><a href=\"https:\/\/wp.ufpel.edu.br\/perguntas\/27-como-formalizar-a-necessidade-de-vasilhames-de-agua-mineral-ou-de-gas-liquefeito-de-petroleo-para-uma-unidade-administrativa-ou-academica\/\">27. Como formalizar a necessidade de vasilhames de \u00e1gua mineral ou de g\u00e1s liquefeito de petr\u00f3leo para uma unidade administrativa ou acad\u00eamica?<\/a><\/li><li><a href=\"https:\/\/wp.ufpel.edu.br\/perguntas\/28-qual-o-procedimento-inicial-para-formalizar-a-solicitacao-de-empenho-para-passagens-aereas\/\">28. <strong>Qual o procedimento inicial para formalizar a solicita\u00e7\u00e3o de empenho para passagens a\u00e9reas?<\/strong>\u00a0<\/a><\/li><li><a href=\"https:\/\/wp.ufpel.edu.br\/perguntas\/29-posso-utilizar-dois-ou-mais-empenhos-para-compra-de-passagens-aereas\/\">29. <strong>Posso utilizar dois ou mais empenhos para compra de passagens a\u00e9reas?<\/strong>\u00a0<\/a><\/li><li><a href=\"https:\/\/wp.ufpel.edu.br\/perguntas\/30-qual-o-procedimento-inicial-para-formalizar-a-solicitacao-de-empenho-para-transporte-para-aulas-praticas-visitas-tecnicas-ou-eventos\/\">30. <strong>Qual o procedimento inicial para formalizar a solicita\u00e7\u00e3o de empenho para transporte para aulas pr\u00e1ticas, visitas t\u00e9cnicas ou eventos?<\/strong><\/a><\/li><li><a href=\"https:\/\/wp.ufpel.edu.br\/perguntas\/31-como-proceder-nos-casos-de-necessidade-de-atendimento-para-impressora-referente-aos-servicos-contratados-de-impressao-setorial\/\">31. <strong>Como proceder nos casos de necessidade de atendimento para impressora referente aos servi\u00e7os contratados de impress\u00e3o setorial?<\/strong>\u00a0<\/a><\/li><li><a href=\"https:\/\/wp.ufpel.edu.br\/perguntas\/32-quais-documentos-devem-ser-incluidos-no-processo-para-medicoes-referentes-ao-consumo-de-energia-eletrica-agua-e-emissao-do-ateste-de-cessao-onerosa-de-espaco-fisico\/\">32. <strong>Quais documentos devem ser inclu\u00eddos no processo para medi\u00e7\u00f5es referentes ao consumo de energia el\u00e9trica \/ \u00e1gua e emiss\u00e3o do Ateste de Cess\u00e3o Onerosa de Espa\u00e7o F\u00edsico?<\/strong>\u00a0<\/a><\/li><li><a href=\"https:\/\/wp.ufpel.edu.br\/perguntas\/33-como-solicitar-acesso-ao-sistema-sisgru-para-emissao-dos-comprovantes-de-pagamento-de-cessao-onerosa-de-espaco-fisico-e-de-consumo-de-energia-eletrica-agua\/\">33. <strong>Como solicitar acesso ao Sistema SISGRU para emiss\u00e3o dos comprovantes de pagamento de cess\u00e3o onerosa de espa\u00e7o f\u00edsico e de consumo de energia el\u00e9trica\/\u00e1gua?<\/strong>\u00a0<\/a><\/li><li><a href=\"https:\/\/wp.ufpel.edu.br\/perguntas\/34-quais-as-informacoes-a-serem-observadas-no-caso-de-recebimento-ou-entrega-de-imovel-espaco-fisico\/\">34. <strong>Quais as informa\u00e7\u00f5es a serem observadas no caso de recebimento ou entrega de im\u00f3vel \/ espa\u00e7o f\u00edsico?<\/strong>\u00a0<\/a><\/li><li><a href=\"https:\/\/wp.ufpel.edu.br\/perguntas\/35-a-ufpel-ja-utiliza-a-ferramenta-de-gestao-de-contratos-do-governo-federal-o-sistema-compras-gov-br-contratos\/\">35. <strong>A UFPel j\u00e1 utiliza a ferramenta de gest\u00e3o de contratos do governo federal, o Sistema Compras.gov.br Contratos?<\/strong>\u00a0<\/a><\/li><li><a href=\"https:\/\/wp.ufpel.edu.br\/perguntas\/36-a-ufpel-ja-realiza-suas-contratacoes-com-base-na-nova-lei-de-licitacoes-e-contratos-administrativos-lei-no-14-133-de-1o-de-abril-de-2021\/\">36. <strong>A UFPel j\u00e1 realiza suas contrata\u00e7\u00f5es com base na Nova Lei de Licita\u00e7\u00f5es e Contratos Administrativos, Lei n\u00ba 14.133, de 1\u00ba de abril de 2021?<\/strong>\u00a0<\/a><\/li><\/ul>\n\n\n\n<div class=\"wp-block-group solicitar-atendimento\"><div class=\"wp-block-group__inner-container is-layout-flow wp-block-group-is-layout-flow\">\n<h2 class=\"wp-block-heading\">N\u00e3o encontrou a resposta?<\/h2>\n\n\n\n<p>Solicite atendimento clicando no bot\u00e3o abaixo:<\/p>\n\n\n\n<div class=\"wp-block-buttons has-custom-font-size has-medium-font-size is-content-justification-center is-layout-flex wp-container-core-buttons-is-layout-16018d1d wp-block-buttons-is-layout-flex\">\n<div class=\"wp-block-button\"><a class=\"wp-block-button__link wp-element-button\" href=\"https:\/\/wp.ufpel.edu.br\/perguntas\/solicitar-atendimento\/\">SOLICITAR ATENDIMENTO<\/a><\/div>\n<\/div>\n<\/div><\/div>\n\n\n\n<p><\/p>\n","protected":false},"excerpt":{"rendered":"","protected":false},"author":20,"featured_media":0,"parent":0,"menu_order":0,"comment_status":"closed","ping_status":"closed","template":"","meta":{"footnotes":""},"class_list":["post-854","page","type-page","status-publish","hentry"],"jetpack_sharing_enabled":true,"_links":{"self":[{"href":"https:\/\/wp.ufpel.edu.br\/perguntas\/wp-json\/wp\/v2\/pages\/854","targetHints":{"allow":["GET"]}}],"collection":[{"href":"https:\/\/wp.ufpel.edu.br\/perguntas\/wp-json\/wp\/v2\/pages"}],"about":[{"href":"https:\/\/wp.ufpel.edu.br\/perguntas\/wp-json\/wp\/v2\/types\/page"}],"author":[{"embeddable":true,"href":"https:\/\/wp.ufpel.edu.br\/perguntas\/wp-json\/wp\/v2\/users\/20"}],"replies":[{"embeddable":true,"href":"https:\/\/wp.ufpel.edu.br\/perguntas\/wp-json\/wp\/v2\/comments?post=854"}],"version-history":[{"count":2,"href":"https:\/\/wp.ufpel.edu.br\/perguntas\/wp-json\/wp\/v2\/pages\/854\/revisions"}],"predecessor-version":[{"id":859,"href":"https:\/\/wp.ufpel.edu.br\/perguntas\/wp-json\/wp\/v2\/pages\/854\/revisions\/859"}],"wp:attachment":[{"href":"https:\/\/wp.ufpel.edu.br\/perguntas\/wp-json\/wp\/v2\/media?parent=854"}],"curies":[{"name":"wp","href":"https:\/\/api.w.org\/{rel}","templated":true}]}}