{"id":851,"date":"2020-10-30T15:58:07","date_gmt":"2020-10-30T18:58:07","guid":{"rendered":"https:\/\/wp.ufpel.edu.br\/perguntas\/?page_id=851"},"modified":"2020-10-30T15:58:07","modified_gmt":"2020-10-30T18:58:07","slug":"compras","status":"publish","type":"page","link":"https:\/\/wp.ufpel.edu.br\/perguntas\/compras\/","title":{"rendered":"Compras"},"content":{"rendered":"<ul class=\"lcp_catlist\" id=\"lcp_instance_0\"><li><a href=\"https:\/\/wp.ufpel.edu.br\/perguntas\/como-ocorrem-as-aquisicoes-contratacoes-na-ufpel-quais-rotinas-devem-preceder-uma-solicitacao-de-compra-contratacao-na-ufpel\/\">01. Como ocorrem as aquisi\u00e7\u00f5es\/contrata\u00e7\u00f5es na UFPel? Quais rotinas devem preceder uma solicita\u00e7\u00e3o de compra\/contrata\u00e7\u00e3o na UFPel?<\/a><\/li><li><a href=\"https:\/\/wp.ufpel.edu.br\/perguntas\/o-que-e-o-termo-de-referencia\/\">02. O que \u00e9 o Termo de Refer\u00eancia?<\/a><\/li><li><a href=\"https:\/\/wp.ufpel.edu.br\/perguntas\/como-devem-ser-realizadas-as-pesquisas-de-preco-para-a-aquisicao-de-bens-e-contratacao-de-servicos-em-geral-no-ambito-da-ufpel\/\">03. Como devem ser realizadas as pesquisas de pre\u00e7o para a aquisi\u00e7\u00e3o de bens e contrata\u00e7\u00e3o de servi\u00e7os em geral, no \u00e2mbito da UFPel?<\/a><\/li><li><a href=\"https:\/\/wp.ufpel.edu.br\/perguntas\/como-procedo-para-obter-o-codigo-siasg-do-item-que-pretendo-adquirir-contratar\/\">04. Como procedo para obter o c\u00f3digo SIASG do item que pretendo adquirir\/contratar?<\/a><\/li><li><a href=\"https:\/\/wp.ufpel.edu.br\/perguntas\/qual-o-tipo-de-compra-devo-escolher-quando-for-solicitar-uma-aquisicao-contratacao-pregao-tradicional-ou-sistema-de-registro-de-precos\/\">05. Qual o tipo de compra devo escolher quando for solicitar uma aquisi\u00e7\u00e3o\/contrata\u00e7\u00e3o: Preg\u00e3o Tradicional ou Sistema de Registro de Pre\u00e7os?<\/a><\/li><li><a href=\"https:\/\/wp.ufpel.edu.br\/perguntas\/qual-a-diferenca-entre-recebimento-provisorio-e-recebimento-definitivo-de-material\/\">06. Qual a diferen\u00e7a entre recebimento provis\u00f3rio e recebimento definitivo de material?<\/a><\/li><li><a href=\"https:\/\/wp.ufpel.edu.br\/perguntas\/o-que-e-aquisicao-contratacao-na-modalidade-carona\/\">07. O que \u00e9 aquisi\u00e7\u00e3o\/contrata\u00e7\u00e3o na modalidade Carona?<\/a><\/li><li><a href=\"https:\/\/wp.ufpel.edu.br\/perguntas\/o-que-e-a-agenda-de-compras-e-qual-a-sua-finalidade\/\">08. O que \u00e9 a agenda de compras e qual a sua finalidade?<\/a><\/li><li><a href=\"https:\/\/wp.ufpel.edu.br\/perguntas\/quem-e-o-responsavel-pelo-pedido-de-compras\/\">09. Quem \u00e9 o respons\u00e1vel pelo pedido de compras?<\/a><\/li><li><a href=\"https:\/\/wp.ufpel.edu.br\/perguntas\/quando-for-adquirido-produto-quimico-controlado-pela-policia-federal-qual-o-procedimento-deve-ser-realizado\/\">10. Quando for adquirido produto qu\u00edmico controlado pela Pol\u00edcia Federal, qual o procedimento deve ser realizado?<\/a><\/li><li><a href=\"https:\/\/wp.ufpel.edu.br\/perguntas\/como-solicitar-atestado-de-capacidade-tecnica-de-fornecimento-de-material\/\">11. Como solicitar Atestado de Capacidade T\u00e9cnica de fornecimento de material?<\/a><\/li><li><a href=\"https:\/\/wp.ufpel.edu.br\/perguntas\/como-saber-se-ja-foi-emitida-a-nota-de-empenho-relativo-ao-pedido-de-compra-contratacao-da-minha-unidade\/\">12. Como saber se j\u00e1 foi emitida a nota de empenho relativo ao pedido de compra\/contrata\u00e7\u00e3o da minha Unidade?<\/a><\/li><li><a href=\"https:\/\/wp.ufpel.edu.br\/perguntas\/como-posso-ter-acesso-a-nota-de-empenho\/\">13. Como posso ter acesso \u00e0 Nota de Empenho?<\/a><\/li><li><a href=\"https:\/\/wp.ufpel.edu.br\/perguntas\/como-saber-que-o-fornecedor-ja-esta-ciente-do-empenho\/\">14. Como saber que o fornecedor j\u00e1 est\u00e1 ciente do empenho?<\/a><\/li><li><a href=\"https:\/\/wp.ufpel.edu.br\/perguntas\/como-saber-a-data-limite-para-a-entrega-da-mercadoria-ou-prestacao-do-servico\/\">15. Como saber a data limite para a entrega da mercadoria ou presta\u00e7\u00e3o do servi\u00e7o?<\/a><\/li><li><a href=\"https:\/\/wp.ufpel.edu.br\/perguntas\/como-proceder-para-solicitar-a-senha-siasg\/\">16. Como proceder para solicitar a senha SIASG?<\/a><\/li><li><a href=\"https:\/\/wp.ufpel.edu.br\/perguntas\/17-caso-nao-receba-a-mercadoria-no-prazo-ou-ela-venha-diferente-do-solicitado-como-proceder\/\">17. Caso n\u00e3o receba a mercadoria no prazo ou ela venha diferente do solicitado, como proceder?<\/a><\/li><li><a href=\"https:\/\/wp.ufpel.edu.br\/perguntas\/18-o-material-esta-na-garantia-e-o-fornecedor-nao-responde-ou-esta-se-negando-a-realizar-a-substituicao-dos-itemns-o-que-devo-fazer\/\">18. O material est\u00e1 na garantia e o fornecedor n\u00e3o responde ou est\u00e1 se negando a realizar a substitui\u00e7\u00e3o do(s) item(ns). O que devo fazer?<\/a><\/li><li><a href=\"https:\/\/wp.ufpel.edu.br\/perguntas\/19-entrei-em-contato-com-o-fornecedor-e-este-pede-prorrogacao-no-prazo-de-entrega-do-material-relacionado-a-nota-de-empenho-como-proceder\/\">19.Entrei em contato com o fornecedor e este pede prorroga\u00e7\u00e3o no prazo de entrega do material relacionado a nota de empenho. Como proceder?<\/a><\/li><li><a href=\"https:\/\/wp.ufpel.edu.br\/perguntas\/20-entrei-em-contato-com-o-fornecedor-e-este-alega-alta-do-dolar-valor-baixo-ou-outra-razao-negando-se-a-enviar-como-agir\/\">20. Entrei em contato com o fornecedor e este alega alta do d\u00f3lar, valor baixo ou outra raz\u00e3o, negando-se a enviar. Como agir?<\/a><\/li><\/ul>\n\n\n\n<div class=\"wp-block-group solicitar-atendimento\"><div class=\"wp-block-group__inner-container is-layout-flow wp-block-group-is-layout-flow\">\n<h2 class=\"wp-block-heading\">N\u00e3o encontrou a resposta?<\/h2>\n\n\n\n<p>Solicite atendimento clicando no bot\u00e3o abaixo:<\/p>\n\n\n\n<div class=\"wp-block-buttons has-custom-font-size has-medium-font-size is-content-justification-center is-layout-flex wp-container-core-buttons-is-layout-16018d1d wp-block-buttons-is-layout-flex\">\n<div class=\"wp-block-button\"><a class=\"wp-block-button__link wp-element-button\" href=\"https:\/\/wp.ufpel.edu.br\/perguntas\/solicitar-atendimento\/\">SOLICITAR ATENDIMENTO<\/a><\/div>\n<\/div>\n<\/div><\/div>\n\n\n\n<p><\/p>\n","protected":false},"excerpt":{"rendered":"","protected":false},"author":20,"featured_media":0,"parent":0,"menu_order":0,"comment_status":"closed","ping_status":"closed","template":"","meta":{"footnotes":""},"class_list":["post-851","page","type-page","status-publish","hentry"],"jetpack_sharing_enabled":true,"_links":{"self":[{"href":"https:\/\/wp.ufpel.edu.br\/perguntas\/wp-json\/wp\/v2\/pages\/851","targetHints":{"allow":["GET"]}}],"collection":[{"href":"https:\/\/wp.ufpel.edu.br\/perguntas\/wp-json\/wp\/v2\/pages"}],"about":[{"href":"https:\/\/wp.ufpel.edu.br\/perguntas\/wp-json\/wp\/v2\/types\/page"}],"author":[{"embeddable":true,"href":"https:\/\/wp.ufpel.edu.br\/perguntas\/wp-json\/wp\/v2\/users\/20"}],"replies":[{"embeddable":true,"href":"https:\/\/wp.ufpel.edu.br\/perguntas\/wp-json\/wp\/v2\/comments?post=851"}],"version-history":[{"count":1,"href":"https:\/\/wp.ufpel.edu.br\/perguntas\/wp-json\/wp\/v2\/pages\/851\/revisions"}],"predecessor-version":[{"id":853,"href":"https:\/\/wp.ufpel.edu.br\/perguntas\/wp-json\/wp\/v2\/pages\/851\/revisions\/853"}],"wp:attachment":[{"href":"https:\/\/wp.ufpel.edu.br\/perguntas\/wp-json\/wp\/v2\/media?parent=851"}],"curies":[{"name":"wp","href":"https:\/\/api.w.org\/{rel}","templated":true}]}}