{"id":1737,"date":"2022-01-19T10:26:35","date_gmt":"2022-01-19T13:26:35","guid":{"rendered":"https:\/\/wp.ufpel.edu.br\/perguntas\/?page_id=1737"},"modified":"2022-01-19T16:25:19","modified_gmt":"2022-01-19T19:25:19","slug":"pos-graduacao","status":"publish","type":"page","link":"https:\/\/wp.ufpel.edu.br\/perguntas\/pos-graduacao\/","title":{"rendered":"P\u00f3s-gradua\u00e7\u00e3o"},"content":{"rendered":"\n<h2 class=\"wp-block-heading\">Execu\u00e7\u00e3o Or\u00e7ament\u00e1ria<\/h2>\n\n\n<ul class=\"lcp_catlist\" id=\"lcp_instance_0\"><li><a href=\"https:\/\/wp.ufpel.edu.br\/perguntas\/como-realizar-a-prestacao-de-contas-de-auxilio-financeiro\/\">Como realizar a presta\u00e7\u00e3o de contas de aux\u00edlio financeiro?<\/a><\/li><li><a href=\"https:\/\/wp.ufpel.edu.br\/perguntas\/como-realizar-a-prestacao-de-contas-do-diarias-e-passagens-scdp\/\">Como realizar a presta\u00e7\u00e3o de contas do DI\u00c1RIAS E PASSAGENS &#8211; SCDP?<\/a><\/li><li><a href=\"https:\/\/wp.ufpel.edu.br\/perguntas\/como-realizar-o-pedido-de-diarias-e-passagens-scdp\/\">Como realizar o pedido de Di\u00e1rias e Passagens &#8211; SCDP?<\/a><\/li><li><a href=\"https:\/\/wp.ufpel.edu.br\/perguntas\/como-saber-se-o-material-o-qual-quero-adquirir-e-consumo-ou-permanente\/\">Como saber se o material o qual quero adquirir \u00e9 consumo ou permanente?<\/a><\/li><li><a href=\"https:\/\/wp.ufpel.edu.br\/perguntas\/o-que-fazer-se-o-fornecedor-nao-entregar-a-mercadoria-no-prazo-ou-se-negar-a-entregar\/\">O que fazer se o fornecedor n\u00e3o entregar a mercadoria no prazo ou se negar a entregar?<\/a><\/li><li><a href=\"https:\/\/wp.ufpel.edu.br\/perguntas\/os-processos-de-aquisicao-de-material-ou-prestacao-de-servico-devem-conter-as-certidoes-de-regularidade-fiscal-de-todos-os-fornecedores\/\">Os processos de aquisi\u00e7\u00e3o de material ou presta\u00e7\u00e3o de servi\u00e7o devem conter as Certid\u00f5es de Regularidade Fiscal de todos os fornecedores?<\/a><\/li><li><a href=\"https:\/\/wp.ufpel.edu.br\/perguntas\/pedido-de-prestacao-de-servico-manutencao-em-equipamento-como-fazer\/\">Pedido de Presta\u00e7\u00e3o de Servi\u00e7o &#8211; Manuten\u00e7\u00e3o em Equipamento, como fazer?<\/a><\/li><li><a href=\"https:\/\/wp.ufpel.edu.br\/perguntas\/posso-contratar-pessoa-fisica-para-prestacao-de-servico\/\">Posso contratar pessoa f\u00edsica para presta\u00e7\u00e3o de servi\u00e7o?<\/a><\/li><li><a href=\"https:\/\/wp.ufpel.edu.br\/perguntas\/posso-ter-nos-orcamentos-materiais-com-volume-de-frascos-ou-embalagens-de-tamanhos-diferentes\/\">Posso ter nos or\u00e7amentos, materiais com volume de frascos ou embalagens de tamanhos diferentes?<\/a><\/li><li><a href=\"https:\/\/wp.ufpel.edu.br\/perguntas\/quais-os-procedimentos-para-pagamento-de-inscricao-em-evento\/\">Quais os procedimentos para pagamento de inscri\u00e7\u00e3o em evento?<\/a><\/li><li><a href=\"https:\/\/wp.ufpel.edu.br\/perguntas\/quais-os-procedimentos-para-realizar-a-abertura-de-credito-oriunda-de-recursos-proprios\/\">Quais os procedimentos para realizar a abertura de cr\u00e9dito oriunda de recursos pr\u00f3prios?<\/a><\/li><li><a href=\"https:\/\/wp.ufpel.edu.br\/perguntas\/quais-os-procedimentos-requisicao-de-auxilio-financeiro\/\">Quais os procedimentos requisi\u00e7\u00e3o de aux\u00edlio financeiro?<\/a><\/li><li><a href=\"https:\/\/wp.ufpel.edu.br\/perguntas\/qual-e-a-melhor-forma-de-anexar-os-orcamentos-no-sei-e-qual-a-validade-que-precisa-ter-o-orcamento\/\">Qual \u00e9 a melhor forma de anexar os or\u00e7amentos no SEI? E qual a validade que precisa ter o or\u00e7amento?<\/a><\/li><li><a href=\"https:\/\/wp.ufpel.edu.br\/perguntas\/qual-prazo-o-fornecedor-tem-para-entregar-o-material\/\">Qual prazo o fornecedor tem para entregar o material?<\/a><\/li><li><a href=\"https:\/\/wp.ufpel.edu.br\/perguntas\/se-houver-valor-de-frete-para-aquisicao-de-materiais\/\">Se houver valor de frete para aquisi\u00e7\u00e3o de materiais?<\/a><\/li><li><a href=\"https:\/\/wp.ufpel.edu.br\/perguntas\/se-houver-na-prestacao-de-servico-despesa-com-locomocao-de-diarias-o-que-fazer\/\">Se houver, na presta\u00e7\u00e3o de servi\u00e7o, despesa com locomo\u00e7\u00e3o de di\u00e1rias, o que fazer?<\/a><\/li><\/ul>\n\n\n\n<div class=\"wp-block-group solicitar-atendimento\"><div class=\"wp-block-group__inner-container is-layout-flow wp-block-group-is-layout-flow\">\n<h2 class=\"wp-block-heading\">N\u00e3o encontrou a resposta?<\/h2>\n\n\n\n<p>Solicite atendimento clicando no bot\u00e3o abaixo:<\/p>\n\n\n\n<div class=\"wp-block-buttons has-custom-font-size has-medium-font-size is-content-justification-center is-layout-flex wp-container-core-buttons-is-layout-16018d1d wp-block-buttons-is-layout-flex\">\n<div class=\"wp-block-button\"><a class=\"wp-block-button__link wp-element-button\" href=\"https:\/\/wp.ufpel.edu.br\/perguntas\/solicitar-atendimento\/\">SOLICITAR ATENDIMENTO<\/a><\/div>\n<\/div>\n<\/div><\/div>\n\n\n\n<p><\/p>\n","protected":false},"excerpt":{"rendered":"<p>Execu\u00e7\u00e3o Or\u00e7ament\u00e1ria<\/p>\n","protected":false},"author":20,"featured_media":0,"parent":0,"menu_order":0,"comment_status":"closed","ping_status":"closed","template":"","meta":{"footnotes":""},"class_list":["post-1737","page","type-page","status-publish","hentry"],"jetpack_sharing_enabled":true,"_links":{"self":[{"href":"https:\/\/wp.ufpel.edu.br\/perguntas\/wp-json\/wp\/v2\/pages\/1737","targetHints":{"allow":["GET"]}}],"collection":[{"href":"https:\/\/wp.ufpel.edu.br\/perguntas\/wp-json\/wp\/v2\/pages"}],"about":[{"href":"https:\/\/wp.ufpel.edu.br\/perguntas\/wp-json\/wp\/v2\/types\/page"}],"author":[{"embeddable":true,"href":"https:\/\/wp.ufpel.edu.br\/perguntas\/wp-json\/wp\/v2\/users\/20"}],"replies":[{"embeddable":true,"href":"https:\/\/wp.ufpel.edu.br\/perguntas\/wp-json\/wp\/v2\/comments?post=1737"}],"version-history":[{"count":3,"href":"https:\/\/wp.ufpel.edu.br\/perguntas\/wp-json\/wp\/v2\/pages\/1737\/revisions"}],"predecessor-version":[{"id":1777,"href":"https:\/\/wp.ufpel.edu.br\/perguntas\/wp-json\/wp\/v2\/pages\/1737\/revisions\/1777"}],"wp:attachment":[{"href":"https:\/\/wp.ufpel.edu.br\/perguntas\/wp-json\/wp\/v2\/media?parent=1737"}],"curies":[{"name":"wp","href":"https:\/\/api.w.org\/{rel}","templated":true}]}}