{"id":1378,"date":"2021-04-09T09:59:22","date_gmt":"2021-04-09T12:59:22","guid":{"rendered":"https:\/\/wp.ufpel.edu.br\/perguntas\/?page_id=1378"},"modified":"2021-04-09T09:59:22","modified_gmt":"2021-04-09T12:59:22","slug":"e-aula-estudantes","status":"publish","type":"page","link":"https:\/\/wp.ufpel.edu.br\/perguntas\/e-aula\/e-aula-estudantes\/","title":{"rendered":"e-AULA &#8211; Estudantes"},"content":{"rendered":"<ul class=\"lcp_catlist\" id=\"lcp_instance_0\"><li><a href=\"https:\/\/wp.ufpel.edu.br\/perguntas\/acesso-rapido-as-disciplinas-do-e-aula-atraves-do-cobalto\/\">Acesso r\u00e1pido as disciplinas do e-aula atrav\u00e9s do cobalto ?<\/a><\/li><li><a href=\"https:\/\/wp.ufpel.edu.br\/perguntas\/como-acesso-o-e-aula\/\">Como acesso o e-AULA?<\/a><\/li><li><a href=\"https:\/\/wp.ufpel.edu.br\/perguntas\/e-necessario-fazer-matricula-para-acessar-ao-e-aula\/\">\u00c9 necess\u00e1rio fazer matr\u00edcula para acessar ao E-aula?<\/a><\/li><li><a href=\"https:\/\/wp.ufpel.edu.br\/perguntas\/em-que-diferem-encontros-sincronos-de-encontros-assincronos\/\">Em que diferem encontros s\u00edncronos de encontros ass\u00edncronos?<\/a><\/li><li><a href=\"https:\/\/wp.ufpel.edu.br\/perguntas\/entro-no-e-aula-e-minhas-disciplinas-turmas-nao-aparecem-o-que-faco\/\">Entro no e-AULA e minhas disciplinas\/turmas n\u00e3o aparecem. O que fa\u00e7o?<\/a><\/li><li><a href=\"https:\/\/wp.ufpel.edu.br\/perguntas\/nao-consigo-logar-no-e-aula-o-que-fazer\/\">N\u00e3o consigo logar no e-AULA. O que fazer?<\/a><\/li><\/ul>\n\n\n\n<div class=\"wp-block-group solicitar-atendimento\"><div class=\"wp-block-group__inner-container is-layout-flow wp-block-group-is-layout-flow\">\n<h2 class=\"wp-block-heading\">N\u00e3o encontrou a resposta?<\/h2>\n\n\n\n<p>Solicite atendimento clicando no bot\u00e3o abaixo:<\/p>\n\n\n\n<div class=\"wp-block-buttons has-custom-font-size has-medium-font-size is-content-justification-center is-layout-flex wp-container-core-buttons-is-layout-16018d1d wp-block-buttons-is-layout-flex\">\n<div class=\"wp-block-button\"><a class=\"wp-block-button__link wp-element-button\" href=\"https:\/\/wp.ufpel.edu.br\/perguntas\/solicitar-atendimento\/\">SOLICITAR ATENDIMENTO<\/a><\/div>\n<\/div>\n<\/div><\/div>\n\n\n\n<p><\/p>\n","protected":false},"excerpt":{"rendered":"","protected":false},"author":20,"featured_media":0,"parent":1372,"menu_order":0,"comment_status":"closed","ping_status":"closed","template":"","meta":{"footnotes":""},"class_list":["post-1378","page","type-page","status-publish","hentry"],"jetpack_sharing_enabled":true,"_links":{"self":[{"href":"https:\/\/wp.ufpel.edu.br\/perguntas\/wp-json\/wp\/v2\/pages\/1378","targetHints":{"allow":["GET"]}}],"collection":[{"href":"https:\/\/wp.ufpel.edu.br\/perguntas\/wp-json\/wp\/v2\/pages"}],"about":[{"href":"https:\/\/wp.ufpel.edu.br\/perguntas\/wp-json\/wp\/v2\/types\/page"}],"author":[{"embeddable":true,"href":"https:\/\/wp.ufpel.edu.br\/perguntas\/wp-json\/wp\/v2\/users\/20"}],"replies":[{"embeddable":true,"href":"https:\/\/wp.ufpel.edu.br\/perguntas\/wp-json\/wp\/v2\/comments?post=1378"}],"version-history":[{"count":1,"href":"https:\/\/wp.ufpel.edu.br\/perguntas\/wp-json\/wp\/v2\/pages\/1378\/revisions"}],"predecessor-version":[{"id":1380,"href":"https:\/\/wp.ufpel.edu.br\/perguntas\/wp-json\/wp\/v2\/pages\/1378\/revisions\/1380"}],"up":[{"embeddable":true,"href":"https:\/\/wp.ufpel.edu.br\/perguntas\/wp-json\/wp\/v2\/pages\/1372"}],"wp:attachment":[{"href":"https:\/\/wp.ufpel.edu.br\/perguntas\/wp-json\/wp\/v2\/media?parent=1378"}],"curies":[{"name":"wp","href":"https:\/\/api.w.org\/{rel}","templated":true}]}}