{"id":925,"date":"2020-10-22T15:21:15","date_gmt":"2020-10-22T18:21:15","guid":{"rendered":"https:\/\/wp.ufpel.edu.br\/pensamentocomputacional\/?page_id=925"},"modified":"2025-12-15T16:19:31","modified_gmt":"2025-12-15T19:19:31","slug":"tutoriais","status":"publish","type":"page","link":"https:\/\/wp.ufpel.edu.br\/pensamentocomputacional\/tutoriais\/","title":{"rendered":"Tutoriais"},"content":{"rendered":"<h1 class=\"collapseomatic  colomat-close\" id=\"id69e07a20888fc\"  tabindex=\"0\" title=\"2020 - 2022\"    >2020 - 2022<\/h1><div id=\"target-id69e07a20888fc\" class=\"collapseomatic_content \">\n<h2 class=\"collapseomatic \" id=\"id69e07a20889c5\"  tabindex=\"0\" title=\"Atividade 1 - C\u00e2mbio\"    >Atividade 1 - C\u00e2mbio<\/h2><div id=\"target-id69e07a20889c5\" class=\"collapseomatic_content \">\n<p style=\"padding-left: 40px;\"><span style=\"font-size: 10pt;\">por Yasmin Hackbart<\/span><\/p>\n<h3 class=\"collapseomatic \" id=\"id69e07a20889f2\"  tabindex=\"0\" title=\"Habilidades PC\"    >Habilidades PC<\/h3><div id=\"target-id69e07a20889f2\" class=\"collapseomatic_content \">\n<ul>\n<li><span style=\"color: #808080;\"><span style=\"color: #000000;\">Representa\u00e7\u00e3o de dados;<\/span><\/span><\/li>\n<li>Decomposi\u00e7\u00e3o;<\/li>\n<li><span style=\"color: #808080;\"><span style=\"color: #000000;\">Reconhecimento de padr\u00f5es. <\/span>(4<sup>o<\/sup> ano EF)<\/span><\/li>\n<\/ul>\n<\/div>\n<ul>\n<li><a href=\"https:\/\/drive.google.com\/file\/d\/1DSn5qk9VIIPK318BuWHcizoKju6hjzXS\/view?usp=sharing\" target=\"_blank\" rel=\"noopener noreferrer\">Plano de Ensino<\/a><\/li>\n<\/ul>\n<h3 class=\"collapseomatic \" id=\"id69e07a2088a41\"  tabindex=\"0\" title=\"Tarefa 1\"    >Tarefa 1<\/h3><div id=\"target-id69e07a2088a41\" class=\"collapseomatic_content \">\n<ul>\n<li><a href=\"https:\/\/drive.google.com\/file\/d\/1JHiO5Jhzka4C48msV6bIL7v7OvaHskMe\/view?usp=sharing\" target=\"_blank\" rel=\"noopener noreferrer\">V\u00eddeo<\/a><\/li>\n<\/ul>\n<\/div>\n<h3 class=\"collapseomatic \" id=\"id69e07a2088a69\"  tabindex=\"0\" title=\"Tarefa 2\"    >Tarefa 2<\/h3><div id=\"target-id69e07a2088a69\" class=\"collapseomatic_content \">\n<ul>\n<li><a href=\"https:\/\/drive.google.com\/file\/d\/1mjFQb0HRYthdq4D6gOUaPEfR-Kb4f7DB\/view?usp=sharing\" target=\"_blank\" rel=\"noopener noreferrer\">V\u00eddeo<\/a><\/li>\n<\/ul>\n<div class=\"task\">\n<\/div>\n<\/div>\n<h3 class=\"collapseomatic \" id=\"id69e07a2088a8c\"  tabindex=\"0\" title=\"Tarefas 3 e 4\"    >Tarefas 3 e 4<\/h3><div id=\"target-id69e07a2088a8c\" class=\"collapseomatic_content \">\n<ul>\n<li><a href=\"https:\/\/drive.google.com\/file\/d\/1BDrC76FEZTsCWzRSQa2xdz2ORSCJWx4_\/view?usp=sharing\" target=\"_blank\" rel=\"noopener noreferrer\">V\u00eddeo<\/a><\/li>\n<\/ul>\n<\/div>\n<\/div>\n<h2 class=\"collapseomatic \" id=\"id69e07a2088ac8\"  tabindex=\"0\" title=\"Atividade 2 - Elementais\"    >Atividade 2 - Elementais<\/h2><div id=\"target-id69e07a2088ac8\" class=\"collapseomatic_content \">\n<p style=\"padding-left: 40px;\"><span style=\"font-size: 10pt;\">por Bruno Cabreira Gon\u00e7alves<\/span><\/p>\n<h3 class=\"collapseomatic \" id=\"id69e07a2088af2\"  tabindex=\"0\" title=\"Habilidades PC\"    >Habilidades PC<\/h3><div id=\"target-id69e07a2088af2\" class=\"collapseomatic_content \">\n<ul>\n<li>\n<p class=\"p1\">Uso de testes condicionais (ao comparar os poderes\u00a0de personagens);<\/p>\n<\/li>\n<li>\n<p class=\"p1\">Reconhecimento de padr\u00f5es (o elemento\u00a0de cada personagem define o padr\u00e3o de ataques a ser realizado em um confronto);<\/p>\n<\/li>\n<li>\n<p class=\"p1\">Abstra\u00e7\u00e3o (as cartas dos personagens representam\u00a0 as suas caracter\u00edsticas e os confrontos e batalhas constituem abstra\u00e7\u00f5es de processos);<\/p>\n<\/li>\n<li>Simular algoritmos incluindo sequ\u00eancias, sele\u00e7\u00f5es e repeti\u00e7\u00f5es <span style=\"color: #808080;\">(Diretrizes SBC, 4<sup>o<\/sup> ano EF)<span style=\"color: #000000;\">.<\/span><\/span><\/li>\n<\/ul>\n<\/div>\n<h3 class=\"collapseomatic \" id=\"id69e07a2088b12\"  tabindex=\"0\" title=\"Tarefa 1\"    >Tarefa 1<\/h3><div id=\"target-id69e07a2088b12\" class=\"collapseomatic_content \">\n<ul>\n<li><a href=\"https:\/\/drive.google.com\/file\/d\/1mv5FXZ7P6ChvCfqTEOUgKic_L5pGBMg6\/view?usp=sharing\" target=\"_blank\" rel=\"noopener noreferrer\">V\u00eddeo<\/a><\/li>\n<\/ul>\n<\/div>\n<h3 class=\"collapseomatic \" id=\"id69e07a2088b31\"  tabindex=\"0\" title=\"Tarefa 2\"    >Tarefa 2<\/h3><div id=\"target-id69e07a2088b31\" class=\"collapseomatic_content \">\n<ul>\n<li><a href=\"https:\/\/drive.google.com\/file\/d\/1OEgDI3gRJmqOxV1UbyikAoVXMxU-WWKK\/view?usp=sharing\" target=\"_blank\" rel=\"noopener noreferrer\">V\u00eddeo<\/a><\/li>\n<\/ul>\n<\/div>\n<h3 class=\"collapseomatic \" id=\"id69e07a2088b4d\"  tabindex=\"0\" title=\"Tarefa 3\"    >Tarefa 3<\/h3><div id=\"target-id69e07a2088b4d\" class=\"collapseomatic_content \">\n<ul>\n<li><a href=\"https:\/\/drive.google.com\/file\/d\/1mHAn5oX1Z9q0m-48ybh5lsQGZ9Nxpt0W\/view?usp=sharing\" target=\"_blank\" rel=\"noopener noreferrer\">V\u00eddeo<\/a><\/li>\n<\/ul>\n<\/div>\n<h3 class=\"collapseomatic \" id=\"id69e07a2088b6b\"  tabindex=\"0\" title=\"Tarefas 4 e 5\"    >Tarefas 4 e 5<\/h3><div id=\"target-id69e07a2088b6b\" class=\"collapseomatic_content \">\n<ul>\n<li><a href=\"https:\/\/drive.google.com\/file\/d\/1p5ML761ygzChwysF0jQQ8zhxMMYcDRcz\/view?usp=sharing\" target=\"_blank\" rel=\"noopener noreferrer\">V\u00eddeo<\/a><\/li>\n<\/ul>\n<\/div>\n<h3 class=\"collapseomatic \" id=\"id69e07a2088b87\"  tabindex=\"0\" title=\"Tarefa 6\"    >Tarefa 6<\/h3><div id=\"target-id69e07a2088b87\" class=\"collapseomatic_content \">\n<ul>\n<li><a href=\"https:\/\/drive.google.com\/file\/d\/1OEWp_2FT-ZgIt6bBX4P6kUjcODGQFUe0\/view?usp=sharing\" target=\"_blank\" rel=\"noopener noreferrer\">V\u00eddeo<\/a><\/li>\n<\/ul>\n<\/div>\n<\/div>\n<h2 class=\"collapseomatic \" id=\"id69e07a2088bc4\"  tabindex=\"0\" title=\"Atividade 3 -N\u00fameros Bin\u00e1rios\"    >Atividade 3 -N\u00fameros Bin\u00e1rios<\/h2><div id=\"target-id69e07a2088bc4\" class=\"collapseomatic_content \">\n<p style=\"padding-left: 40px;\"><span style=\"font-size: 10pt;\">por Yuri Silva Vaz<\/span><\/p>\n<h3 class=\"collapseomatic \" id=\"id69e07a2088c20\"  tabindex=\"0\" title=\"Habilidades PC\"    >Habilidades PC<\/h3><div id=\"target-id69e07a2088c20\" class=\"collapseomatic_content \">\n<ul>\n<li>Compreender que para guardar, manipular e transmitir dados precisamos codifica-los de alguma forma que seja compreendida pela m\u00e1quina (formato digital) <span style=\"color: #808080;\">(Diretrizes SBC, 4<sup>o<\/sup> ano EF)<span style=\"color: #000000;\">.<\/span><\/span><\/li>\n<\/ul>\n<\/div>\n<ul>\n<li><a href=\"https:\/\/drive.google.com\/file\/d\/1-PI-nAniunR3qQdzOQpyV7SpV3VXrpnB\/view?usp=sharing\" target=\"_blank\" rel=\"noopener noreferrer\">V\u00eddeo Introdut\u00f3rio<\/a><\/li>\n<li><strong>Material:<\/strong>\n<ul>\n<li><a href=\"https:\/\/drive.google.com\/file\/d\/16LoQKqiNm3LUUMneps5arSnFRn1MoQS4\/view?usp=sharing\" target=\"_blank\" rel=\"noopener noreferrer\">Carta 1<\/a><\/li>\n<li><a href=\"https:\/\/drive.google.com\/file\/d\/1VrIfObPP2h0TTQpMEWDbnDICR0mJ24GO\/view?usp=sharing\" target=\"_blank\" rel=\"noopener noreferrer\">Carta 2<\/a><\/li>\n<li><a href=\"https:\/\/drive.google.com\/file\/d\/174lm6hill5i6eoCi-6Sng5VDB0QuBbS1\/view?usp=sharing\" target=\"_blank\" rel=\"noopener noreferrer\">Carta 4<\/a><\/li>\n<li><a href=\"https:\/\/drive.google.com\/file\/d\/1yYNamNZsNBGQVfgH64Tc8Ri1_ghPeJW8\/view?usp=sharing\" target=\"_blank\" rel=\"noopener noreferrer\">Carta 8<\/a><\/li>\n<li><a href=\"https:\/\/drive.google.com\/file\/d\/197Id8OvYRr--Rd45oDEbm13OUmD0Tuyb\/view?usp=sharing\" target=\"_blank\" rel=\"noopener noreferrer\">Carta 16<\/a><\/li>\n<li><a href=\"https:\/\/drive.google.com\/file\/d\/1602JwFdIAFdneLRAORzG3ptWE_CNihsk\/view?usp=sharing\" target=\"_blank\" rel=\"noopener noreferrer\">Tabela de Convers\u00e3o<\/a><\/li>\n<li><a href=\"https:\/\/drive.google.com\/file\/d\/1MGJu_Jf93gJzWsLffEypIAavTSWN7ftM\/view?usp=sharing\" target=\"_blank\" rel=\"noopener noreferrer\">Tabuleiro<\/a><\/li>\n<\/ul>\n<\/li>\n<li><strong>Exerc\u00edcios:<\/strong>\n<ul>\n<li><a href=\"https:\/\/drive.google.com\/file\/d\/1TGcRL8KGORLLYPmqsVooaHpIFgnIiUPO\/view?usp=sharing\" target=\"_blank\" rel=\"noopener noreferrer\">Folha de Exerc\u00edcios 1<\/a><\/li>\n<li><a href=\"https:\/\/drive.google.com\/file\/d\/1d6BrBo7f-Y8tZDYpTpm7Q1Cw1RvqPgCa\/view?usp=sharing\" target=\"_blank\" rel=\"noopener noreferrer\">Folha de Exerc\u00edcios 2<\/a><\/li>\n<li><a href=\"https:\/\/drive.google.com\/file\/d\/1h2pMqrVpnTJt0SwoZqFlHB4PaOa35lpl\/view?usp=sharing\" target=\"_blank\" rel=\"noopener noreferrer\">Folha de Exerc\u00edcios 3<\/a><\/li>\n<li><a href=\"https:\/\/drive.google.com\/file\/d\/1j5QNvcmBhPRGaQyN5v8hLo1hydEqnYQ_\/view?usp=sharing\" target=\"_blank\" rel=\"noopener noreferrer\">Folha de Exerc\u00edcios 4<\/a><\/li>\n<\/ul>\n<\/li>\n<li><strong>Gabaritos:<\/strong>\n<ul>\n<li><a href=\"https:\/\/drive.google.com\/file\/d\/18o0j5Lpj7Pml73nlrtU9oTwXcUFUzGby\/view?usp=sharing\" target=\"_blank\" rel=\"noopener noreferrer\">Gabarito 1<\/a><\/li>\n<li><a href=\"https:\/\/drive.google.com\/file\/d\/1iAiOPLuBLtmirr61So6qhDS0V-YrCkRx\/view?usp=sharing\" target=\"_blank\" rel=\"noopener noreferrer\">Gabarito 2<\/a><\/li>\n<li><a href=\"https:\/\/drive.google.com\/file\/d\/1UEmH-BAy7XzElKW4ymdXJvKOqT2BDenk\/view?usp=sharing\" target=\"_blank\" rel=\"noopener noreferrer\">Gabarito 3<\/a><\/li>\n<li><a href=\"https:\/\/drive.google.com\/file\/d\/1xCmo061vBuFErNT0SEJP0xpxsKtfn3xy\/view?usp=sharing\" target=\"_blank\" rel=\"noopener noreferrer\">Gabarito 4<\/a><\/li>\n<\/ul>\n<\/li>\n<li><a href=\"https:\/\/drive.google.com\/file\/d\/1sN9HyxyDqPuT5PQHTx4N9bRbagInZ9aw\/view?usp=sharing\" target=\"_blank\" rel=\"noopener noreferrer\">Avalia\u00e7\u00e3o<\/a><\/li>\n<li><a href=\"https:\/\/drive.google.com\/file\/d\/1gWdiYu_-4U5sq6MtlwP0imaPQ5vYUAzx\/view?usp=sharing\" target=\"_blank\" rel=\"noopener noreferrer\">Gabarito<\/a><\/li>\n<\/ul>\n<h3 class=\"collapseomatic \" id=\"id69e07a2088c43\"  tabindex=\"0\" title=\"Tarefa 1\"    >Tarefa 1<\/h3><div id=\"target-id69e07a2088c43\" class=\"collapseomatic_content \">\n<ul>\n<li><a href=\"https:\/\/drive.google.com\/file\/d\/1u33XsLe8rNlhK9LuDO8b456YOr2EmyOn\/view?usp=sharing\" target=\"_blank\" rel=\"noopener noreferrer\">V\u00eddeo<\/a><\/li>\n<\/ul>\n<\/div>\n<h3 class=\"collapseomatic \" id=\"id69e07a2088c6a\"  tabindex=\"0\" title=\"Tarefa 2\"    >Tarefa 2<\/h3><div id=\"target-id69e07a2088c6a\" class=\"collapseomatic_content \">\n<ul>\n<li><a href=\"https:\/\/drive.google.com\/file\/d\/1wB6nnKh1pUolkfdIUPlBKMeUtYM3g4qG\/view?usp=sharing\" target=\"_blank\" rel=\"noopener noreferrer\">V\u00eddeo<\/a><\/li>\n<\/ul>\n<\/div>\n<h3 class=\"collapseomatic \" id=\"id69e07a2088c87\"  tabindex=\"0\" title=\"Tarefa 3\"    >Tarefa 3<\/h3><div id=\"target-id69e07a2088c87\" class=\"collapseomatic_content \">\n<ul>\n<li><a href=\"https:\/\/drive.google.com\/file\/d\/1nyTdYIrMiAuuJQKgxJ9B_Gkt1GtJqdzE\/view?usp=sharing\" target=\"_blank\" rel=\"noopener noreferrer\">V\u00eddeo<\/a><\/li>\n<\/ul>\n<\/div>\n<h3 class=\"collapseomatic \" id=\"id69e07a2088ca4\"  tabindex=\"0\" title=\"Tarefa 4\"    >Tarefa 4<\/h3><div id=\"target-id69e07a2088ca4\" class=\"collapseomatic_content \">\n<ul>\n<li><a href=\"https:\/\/drive.google.com\/file\/d\/1K_TlFrXOGB8mn25gP-WtshegyqCRHHbW\/view?usp=sharing\" target=\"_blank\" rel=\"noopener noreferrer\">V\u00eddeo<\/a><\/li>\n<\/ul>\n<\/div>\n<h3 class=\"collapseomatic \" id=\"id69e07a2088cc0\"  tabindex=\"0\" title=\"Tarefa 5\"    >Tarefa 5<\/h3><div id=\"target-id69e07a2088cc0\" class=\"collapseomatic_content \">\n<ul>\n<li><a href=\"https:\/\/drive.google.com\/file\/d\/1hUSGJiaChrDTW8noI15YQKplMP9QKIbT\/view?usp=sharing\" target=\"_blank\" rel=\"noopener noreferrer\">V\u00eddeo<\/a><\/li>\n<\/ul>\n<\/div>\n<\/div>\n<h2 class=\"collapseomatic \" id=\"id69e07a2088d01\"  tabindex=\"0\" title=\"Atividade 4 - Uma Aventura no Espa\u00e7o\"    >Atividade 4 - Uma Aventura no Espa\u00e7o<\/h2><div id=\"target-id69e07a2088d01\" class=\"collapseomatic_content \">\n<p style=\"padding-left: 40px;\"><span style=\"font-size: 10pt;\">por Yuri da Silva Rosa<\/span><\/p>\n<h3 class=\"collapseomatic \" id=\"id69e07a2088d25\"  tabindex=\"0\" title=\"Habilidades PC\"    >Habilidades PC<\/h3><div id=\"target-id69e07a2088d25\" class=\"collapseomatic_content \">\n<ul>\n<li>Dominar o conceito de estruturas de dados est\u00e1ticos homog\u00eaneos (matrizes) atrav\u00e9s da realiza\u00e7\u00e3o de experi\u00eancias com materiais concretos <span style=\"color: #808080;\">(Diretrizes SBC, 4<sup>o<\/sup> ano EF)<span style=\"color: #000000;\">.<\/span><\/span><\/li>\n<\/ul>\n<\/div>\n<h3 class=\"collapseomatic \" id=\"id69e07a2088d45\"  tabindex=\"0\" title=\"Tarefa 1\"    >Tarefa 1<\/h3><div id=\"target-id69e07a2088d45\" class=\"collapseomatic_content \">\n<ul>\n<li><a href=\"https:\/\/drive.google.com\/file\/d\/1J4OR8SGIcGU2F314L9VD3fhwJMCrpgyz\/view?usp=sharing\" target=\"_blank\" rel=\"noopener noreferrer\">V\u00eddeo<\/a><\/li>\n<\/ul>\n<\/div>\n<h3 class=\"collapseomatic \" id=\"id69e07a2088d63\"  tabindex=\"0\" title=\"Tarefa 2\"    >Tarefa 2<\/h3><div id=\"target-id69e07a2088d63\" class=\"collapseomatic_content \">\n<ul>\n<li><a href=\"https:\/\/drive.google.com\/file\/d\/1DAAtENMLWO1gHxTQkqR5N58IEXWkFYMs\/view?usp=sharing\" target=\"_blank\" rel=\"noopener noreferrer\">V\u00eddeo<\/a><\/li>\n<\/ul>\n<\/div>\n<h3 class=\"collapseomatic \" id=\"id69e07a2088d7f\"  tabindex=\"0\" title=\"Tarefa 3\"    >Tarefa 3<\/h3><div id=\"target-id69e07a2088d7f\" class=\"collapseomatic_content \">\n<ul>\n<li><a href=\"https:\/\/drive.google.com\/file\/d\/13N19764GD7tta8t48aGpVOrci-7djKxg\/view?usp=sharing\" target=\"_blank\" rel=\"noopener noreferrer\">V\u00eddeo<\/a><\/li>\n<\/ul>\n<\/div>\n<h3 class=\"collapseomatic \" id=\"id69e07a2088d9b\"  tabindex=\"0\" title=\"Tarefa 4\"    >Tarefa 4<\/h3><div id=\"target-id69e07a2088d9b\" class=\"collapseomatic_content \">\n<ul>\n<li><a href=\"https:\/\/drive.google.com\/file\/d\/12AFFsnKdNX9tqpkkKlHEu5xGq55WG8iQ\/view?usp=sharing\" target=\"_blank\" rel=\"noopener noreferrer\">V\u00eddeo<\/a><\/li>\n<\/ul>\n<\/div>\n<h3 class=\"collapseomatic \" id=\"id69e07a2088db7\"  tabindex=\"0\" title=\"Tarefa 5\"    >Tarefa 5<\/h3><div id=\"target-id69e07a2088db7\" class=\"collapseomatic_content \">\n<ul>\n<li><a href=\"https:\/\/drive.google.com\/file\/d\/1qDccEt58hNyqxbd6SHwBzRTEvUJipzaJ\/view?usp=sharing\" target=\"_blank\" rel=\"noopener noreferrer\">V\u00eddeo<\/a><\/li>\n<\/ul>\n<\/div>\n<\/div>\n<\/div>\n<p>&nbsp;<\/p>\n<h1 class=\"collapseomatic  colomat-close\" id=\"id69e07a2088e1c\"  tabindex=\"0\" title=\"2025\"    >2025<\/h1><div id=\"target-id69e07a2088e1c\" class=\"collapseomatic_content \">\n<h2 class=\"collapseomatic \" id=\"id69e07a2088e76\"  tabindex=\"0\" title=\"Atividade - Ordena\u00e7\u00e3o (2014 e 2017)\"    >Atividade - Ordena\u00e7\u00e3o (2014 e 2017)<\/h2><div id=\"target-id69e07a2088e76\" class=\"collapseomatic_content \">\n<p style=\"padding-left: 40px;\"><span style=\"font-size: 10pt;\">por <\/span><span style=\"font-size: 10pt;\"><em>Iago Kainan Bubolz Braatz<\/em> (Volunt\u00e1rio 2025) e <\/span><span style=\"font-size: 10pt;\"><em>Andr\u00e9 Du Bois<\/em> (Orientador)<\/span><\/p>\n<h3 class=\"collapseomatic \" id=\"id69e07a2088e9c\"  tabindex=\"0\" title=\"Habilidades PC\"    >Habilidades PC<\/h3><div id=\"target-id69e07a2088e9c\" class=\"collapseomatic_content \">\n<p class=\"p1\"><span style=\"font-size: 10pt;\">(EF04CO03) Criar e simular algoritmos representados em linguagem oral, escrita ou pictogr\u00e1fica, que incluam sequ\u00eancias e repeti\u00e7\u00f5es simples e aninhadas (itera\u00e7\u00f5es definidas e indefinidas), para resolver problemas de forma independente e em colabora\u00e7\u00e3o. <\/span><\/p>\n<\/div>\n<ul>\n<li><a href=\"https:\/\/drive.google.com\/file\/d\/17bXFobJIxvQBLf3ojIxAIXJ0J9Zfc-eM\/view?usp=drive_link\">Conversa Inicial<\/a><\/li>\n<\/ul>\n<h3 class=\"collapseomatic \" id=\"id69e07a2088ebf\"  tabindex=\"0\" title=\"Tarefa 1\"    >Tarefa 1<\/h3><div id=\"target-id69e07a2088ebf\" class=\"collapseomatic_content \">\n<ul>\n<li><a href=\"https:\/\/drive.google.com\/file\/d\/1TcRws3ZzNy68v1omGQ2Qv1oxorKAofRT\/view?usp=drive_link\">V\u00eddeo<\/a><\/li>\n<\/ul>\n<\/div>\n<h3 class=\"collapseomatic \" id=\"id69e07a2088ede\"  tabindex=\"0\" title=\"Tarefa 2\"    >Tarefa 2<\/h3><div id=\"target-id69e07a2088ede\" class=\"collapseomatic_content \">\n<ul>\n<li><a href=\"https:\/\/drive.google.com\/file\/d\/1gGBzBf6rXCBDC3UnRughcLtIqAJ76UAp\/view?usp=drive_link\">V\u00eddeo<\/a><\/li>\n<\/ul>\n<div class=\"task\">\n<\/div>\n<\/div>\n<h3 class=\"collapseomatic \" id=\"id69e07a2088efb\"  tabindex=\"0\" title=\"Tarefa 3\"    >Tarefa 3<\/h3><div id=\"target-id69e07a2088efb\" class=\"collapseomatic_content \">\n<ul>\n<li><a href=\"https:\/\/drive.google.com\/file\/d\/1AeoeYYQ2UExTFkbYySHn7VcpSNEwYseS\/view?usp=drive_link\">V\u00eddeo<\/a><\/li>\n<\/ul>\n<\/div>\n<h3 class=\"collapseomatic \" id=\"id69e07a2088f17\"  tabindex=\"0\" title=\"Tarefa 4\"    >Tarefa 4<\/h3><div id=\"target-id69e07a2088f17\" class=\"collapseomatic_content \">\n<ul>\n<li><a href=\"https:\/\/drive.google.com\/file\/d\/1o-S-DRSHgHbdCy2jrCceziWI6-8KuNhH\/view?usp=drive_link\">V\u00eddeo<\/a><\/li>\n<\/ul>\n<\/div>\n<h3 class=\"collapseomatic \" id=\"id69e07a2088f33\"  tabindex=\"0\" title=\"Tarefa5\"    >Tarefa5<\/h3><div id=\"target-id69e07a2088f33\" class=\"collapseomatic_content \">\n<ul>\n<li><a href=\"https:\/\/drive.google.com\/file\/d\/1ObJ1oZQ3aZDzRgSwaW1S0kwxarSnx-hD\/view?usp=drive_link\">V\u00eddeo<\/a><\/li>\n<\/ul>\n<\/div>\n<h3 class=\"collapseomatic \" id=\"id69e07a2088f4f\"  tabindex=\"0\" title=\"Tarefa 6\"    >Tarefa 6<\/h3><div id=\"target-id69e07a2088f4f\" class=\"collapseomatic_content \">\n<ul>\n<li><a href=\"https:\/\/drive.google.com\/file\/d\/1Y_f4I6eN-GkfSnNa8a57Kvv42OxSDiGY\/view?usp=drive_link\">V\u00eddeo<\/a><\/li>\n<\/ul>\n<\/div>\n<\/div>\n<h2 class=\"collapseomatic \" id=\"id69e07a2088f85\"  tabindex=\"0\" title=\"Atividade - Algoritmos (2015)\"    >Atividade - Algoritmos (2015)<\/h2><div id=\"target-id69e07a2088f85\" class=\"collapseomatic_content \">\n<p style=\"padding-left: 40px;\"><span style=\"font-size: 10pt;\">por <\/span><span style=\"font-size: 10pt;\"><em>Luciani Aquino Queiroz <\/em>\u00a0e <\/span><span style=\"font-size: 10pt;\"><em>Ana Marilza Pernas<\/em> (Orientadora)<\/span><\/p>\n<h3 class=\"collapseomatic \" id=\"id69e07a2088fad\"  tabindex=\"0\" title=\"Habilidades PC\"    >Habilidades PC<\/h3><div id=\"target-id69e07a2088fad\" class=\"collapseomatic_content \">\n<p class=\"p1\"><span style=\"font-size: 10pt;\">(EF04CO03) Criar e simular algoritmos representados em linguagem oral, escrita ou pictogr\u00e1fica, que incluam sequ\u00eancias e repeti\u00e7\u00f5es simples e aninhadas (itera\u00e7\u00f5es definidas e indefinidas), para resolver problemas de forma independente e em colabora\u00e7\u00e3o. <\/span><\/p>\n<\/div>\n<ul>\n<li><a href=\"https:\/\/drive.google.com\/file\/d\/1uHliRajCrT9Q50UUaBCNX6LdnJrPOPod\/view?usp=drive_link\">Introdu\u00e7\u00e3o<\/a><\/li>\n<li><a href=\"https:\/\/drive.google.com\/file\/d\/1I7KJ88dq69NqXH29lnqZJZrGIZD38rmV\/view?usp=drive_link\">Materias<\/a><\/li>\n<\/ul>\n<h3 class=\"collapseomatic \" id=\"id69e07a2088fcc\"  tabindex=\"0\" title=\"Tarefa 1\"    >Tarefa 1<\/h3><div id=\"target-id69e07a2088fcc\" class=\"collapseomatic_content \">\n<ul>\n<li><a href=\"https:\/\/drive.google.com\/file\/d\/1TSHjJ9VFlPeX32S7X2dPxcxGAV90ey8O\/view?usp=drive_link\">V\u00eddeo<\/a><\/li>\n<\/ul>\n<\/div>\n<h3 class=\"collapseomatic \" id=\"id69e07a2088fe8\"  tabindex=\"0\" title=\"Tarefa 2\"    >Tarefa 2<\/h3><div id=\"target-id69e07a2088fe8\" class=\"collapseomatic_content \">\n<ul>\n<li><a href=\"https:\/\/drive.google.com\/file\/d\/1ux4xWdH02gOpLNGMaLdG1SlJlhC0-Ss_\/view?usp=drive_link\">V\u00eddeo<\/a><\/li>\n<\/ul>\n<div class=\"task\">\n<\/div>\n<\/div>\n<h3 class=\"collapseomatic \" id=\"id69e07a2089005\"  tabindex=\"0\" title=\"Tarefa 3\"    >Tarefa 3<\/h3><div id=\"target-id69e07a2089005\" class=\"collapseomatic_content \">\n<ul>\n<li><a href=\"https:\/\/drive.google.com\/file\/d\/1MvQNJawAvGAJpSmyj23QtNniB2Dqbt1k\/view?usp=drive_link\">V\u00eddeo<\/a><\/li>\n<\/ul>\n<\/div>\n<h3 class=\"collapseomatic \" id=\"id69e07a2089020\"  tabindex=\"0\" title=\"Tarefa 4\"    >Tarefa 4<\/h3><div id=\"target-id69e07a2089020\" class=\"collapseomatic_content \">\n<ul>\n<li><a href=\"https:\/\/drive.google.com\/file\/d\/1euUH4IvwPcrZK_W9CaNfveQwhuIXOxxJ\/view?usp=drive_link\">V\u00eddeo<\/a><\/li>\n<\/ul>\n<\/div>\n<h3 class=\"collapseomatic \" id=\"id69e07a208903c\"  tabindex=\"0\" title=\"Tarefa5\"    >Tarefa5<\/h3><div id=\"target-id69e07a208903c\" class=\"collapseomatic_content \">\n<ul>\n<li><a href=\"https:\/\/drive.google.com\/file\/d\/16PpspB4LF_rPvYrDL5TxnM87hb760kFx\/view?usp=drive_link\">V\u00eddeo<\/a><\/li>\n<\/ul>\n<\/div>\n<h3 class=\"collapseomatic \" id=\"id69e07a2089057\"  tabindex=\"0\" title=\"Tarefa 6\"    >Tarefa 6<\/h3><div id=\"target-id69e07a2089057\" class=\"collapseomatic_content \">\n<ul>\n<li><a href=\"https:\/\/drive.google.com\/file\/d\/1ZGvlT3gLWfV8jXgkrMJ7h7bCHPUnLPvE\/view?usp=drive_link\">V\u00eddeo<\/a><\/li>\n<\/ul>\n<\/div>\n<\/div>\n<h2 class=\"collapseomatic \" id=\"id69e07a208908c\"  tabindex=\"0\" title=\"Atividade - Pac Man Desplugado\"    >Atividade - Pac Man Desplugado<\/h2><div id=\"target-id69e07a208908c\" class=\"collapseomatic_content \">\n<p style=\"padding-left: 40px;\"><span style=\"font-size: 10pt;\">por <\/span><span style=\"font-size: 10pt;\"><em>Karen Satie Ono <\/em>\u00a0e <\/span><span style=\"font-size: 10pt;\"><em>Renata Reiser<\/em>\u00a0(Orientadora)<\/span><\/p>\n<h3 class=\"collapseomatic \" id=\"id69e07a20890b3\"  tabindex=\"0\" title=\"Habilidades PC\"    >Habilidades PC<\/h3><div id=\"target-id69e07a20890b3\" class=\"collapseomatic_content \">\n<p class=\"p1\"><span style=\"font-size: 10pt;\">(EF04CO03) Criar e simular algoritmos representados em linguagem oral, escrita ou pictogr\u00e1fica, que incluam sequ\u00eancias e repeti\u00e7\u00f5es simples e aninhadas (itera\u00e7\u00f5es definidas e indefinidas), para resolver problemas de forma independente e em colabora\u00e7\u00e3o. <\/span><\/p>\n<\/div>\n<ul>\n<li><a href=\"https:\/\/drive.google.com\/file\/d\/1AeMbg9o70DHpPWXkmT01WzCY6NgkMeH6\/view?usp=drive_link\">Introdu\u00e7\u00e3o<\/a><\/li>\n<\/ul>\n<h3 class=\"collapseomatic \" id=\"id69e07a20890dd\"  tabindex=\"0\" title=\"Tarefa 1\"    >Tarefa 1<\/h3><div id=\"target-id69e07a20890dd\" class=\"collapseomatic_content \">\n<ul>\n<li><a href=\"https:\/\/drive.google.com\/file\/d\/13lBlw4cDCF37013Odc9UnYTLUsOyt9bB\/view?usp=drive_link\">V\u00eddeo<\/a><\/li>\n<\/ul>\n<\/div>\n<h3 class=\"collapseomatic \" id=\"id69e07a2089107\"  tabindex=\"0\" title=\"Tarefa 2\"    >Tarefa 2<\/h3><div id=\"target-id69e07a2089107\" class=\"collapseomatic_content \">\n<ul>\n<li><a href=\"https:\/\/drive.google.com\/file\/d\/1HIz_DPddky3M2Gbt5hX1aPPH5qqAxY-M\/view?usp=drive_link\">V\u00eddeo<\/a><\/li>\n<\/ul>\n<div class=\"task\">\n<\/div>\n<\/div>\n<h3 class=\"collapseomatic \" id=\"id69e07a2089132\"  tabindex=\"0\" title=\"Tarefa 3\"    >Tarefa 3<\/h3><div id=\"target-id69e07a2089132\" class=\"collapseomatic_content \">\n<ul>\n<li><a href=\"https:\/\/drive.google.com\/file\/d\/11BKwFQUVa3xn7RM3Z8TiB3MylcMbTxVS\/view?usp=drive_link\">V\u00eddeo<\/a><\/li>\n<\/ul>\n<\/div>\n<h3 class=\"collapseomatic \" id=\"id69e07a208915e\"  tabindex=\"0\" title=\"Tarefa 4\"    >Tarefa 4<\/h3><div id=\"target-id69e07a208915e\" class=\"collapseomatic_content \">\n<ul>\n<li><a href=\"https:\/\/drive.google.com\/file\/d\/18qVbR7HsV1gE-K4LteNictOUQI8dpL6k\/view?usp=drive_link\">V\u00eddeo<\/a><\/li>\n<\/ul>\n<\/div>\n<h3 class=\"collapseomatic \" id=\"id69e07a2089188\"  tabindex=\"0\" title=\"Tarefa5\"    >Tarefa5<\/h3><div id=\"target-id69e07a2089188\" class=\"collapseomatic_content \">\n<ul>\n<li><a href=\"https:\/\/drive.google.com\/file\/d\/1kGqhFoBuCQs7hpItPMfhHBw_uMZFWytx\/view?usp=drive_link\">V\u00eddeo<\/a><\/li>\n<\/ul>\n<\/div>\n<h3 class=\"collapseomatic \" id=\"id69e07a20891a5\"  tabindex=\"0\" title=\"Tarefa 6\"    >Tarefa 6<\/h3><div id=\"target-id69e07a20891a5\" class=\"collapseomatic_content \">\n<ul>\n<li><a href=\"https:\/\/drive.google.com\/file\/d\/1tvowzvFmasVe8HPnrqBkI43Q4Nqzv0I3\/view?usp=drive_link\">V\u00eddeo<\/a><\/li>\n<\/ul>\n<\/div>\n<\/div>\n<\/div>\n","protected":false},"excerpt":{"rendered":"<p>&nbsp;<\/p>\n","protected":false},"author":268,"featured_media":0,"parent":0,"menu_order":0,"comment_status":"closed","ping_status":"closed","template":"","meta":{"footnotes":""},"class_list":["post-925","page","type-page","status-publish","hentry"],"_links":{"self":[{"href":"https:\/\/wp.ufpel.edu.br\/pensamentocomputacional\/wp-json\/wp\/v2\/pages\/925","targetHints":{"allow":["GET"]}}],"collection":[{"href":"https:\/\/wp.ufpel.edu.br\/pensamentocomputacional\/wp-json\/wp\/v2\/pages"}],"about":[{"href":"https:\/\/wp.ufpel.edu.br\/pensamentocomputacional\/wp-json\/wp\/v2\/types\/page"}],"author":[{"embeddable":true,"href":"https:\/\/wp.ufpel.edu.br\/pensamentocomputacional\/wp-json\/wp\/v2\/users\/268"}],"replies":[{"embeddable":true,"href":"https:\/\/wp.ufpel.edu.br\/pensamentocomputacional\/wp-json\/wp\/v2\/comments?post=925"}],"version-history":[{"count":3,"href":"https:\/\/wp.ufpel.edu.br\/pensamentocomputacional\/wp-json\/wp\/v2\/pages\/925\/revisions"}],"predecessor-version":[{"id":1768,"href":"https:\/\/wp.ufpel.edu.br\/pensamentocomputacional\/wp-json\/wp\/v2\/pages\/925\/revisions\/1768"}],"wp:attachment":[{"href":"https:\/\/wp.ufpel.edu.br\/pensamentocomputacional\/wp-json\/wp\/v2\/media?parent=925"}],"curies":[{"name":"wp","href":"https:\/\/api.w.org\/{rel}","templated":true}]}}