{"id":1500,"date":"2025-07-01T16:58:29","date_gmt":"2025-07-01T19:58:29","guid":{"rendered":"https:\/\/wp.ufpel.edu.br\/pensamentocomputacional\/?page_id=1500"},"modified":"2025-10-08T10:48:32","modified_gmt":"2025-10-08T13:48:32","slug":"introducao-a-algoritmos","status":"publish","type":"page","link":"https:\/\/wp.ufpel.edu.br\/pensamentocomputacional\/introducao-a-algoritmos\/","title":{"rendered":"Introdu\u00e7\u00e3o a Algoritmos"},"content":{"rendered":"<h3 class=\"collapseomatic \" id=\"id69e4259095d27\"  tabindex=\"0\" title=\"Pr\u00e9-\/P\u00f3s- Teste\"    >Pr\u00e9-\/P\u00f3s- Teste<\/h3><div id=\"target-id69e4259095d27\" class=\"collapseomatic_content \">\n<div class=\"task\">\n<ul>\n<li class=\"plan topic\"><a href=\"https:\/\/drive.google.com\/file\/d\/1r_FKFWGzjxfBTbf4cvkFsoHvgTYZk_rd\/view?usp=sharing\" target=\"_blank\" rel=\"noopener noreferrer\">Plano de Aula<\/a><\/li>\n<li class=\"plan topic\"><a href=\"https:\/\/drive.google.com\/file\/d\/1Wpq7sROed12r1A0IgC_mtt4DYSidIxjK\/view?usp=sharing\" target=\"_blank\" rel=\"noopener noreferrer\">Teste Sequ\u00eancias Hist\u00f3ricas<\/a><\/li>\n<li class=\"plan topic\"><a href=\"https:\/\/drive.google.com\/file\/d\/1yhYHyTBrOMoB8fyp7WmNxHWXQ2iAhBjt\/view?usp=sharing\" target=\"_blank\" rel=\"noopener noreferrer\">Folha do Avaliador &#8211; Teste Sequ\u00eancias Hist\u00f3ricas<\/a><\/li>\n<li class=\"plan topic\"><a href=\"https:\/\/drive.google.com\/file\/d\/11q33BquwydUChI8jVZncyadqc0iHt2te\/view?usp=sharing\" target=\"_blank\" rel=\"noopener noreferrer\">Folha do Avaliador &#8211; Code.org<\/a><\/li>\n<\/ul>\n<\/div>\n<\/div>\n<div class=\"task\">\n<h3 class=\"collapseomatic \" id=\"id69e4259095dbf\"  tabindex=\"0\" title=\"Tarefa 1\"    >Tarefa 1<\/h3><div id=\"target-id69e4259095dbf\" class=\"collapseomatic_content \">\n<ul>\n<li class=\"plan topic\"><a href=\"https:\/\/drive.google.com\/file\/d\/12rJGlhrwWJlO-HO0jhDu0b4s6kb2wu72\/view?usp=sharing\" target=\"_blank\" rel=\"noopener noreferrer\">Plano de Aula<\/a><\/li>\n<li class=\"material topic\"><strong>Material:<\/strong> blocos de caminho devem ser impressos em Folha de Gramatura 80 gr e plastificados, para maior durabilidade, pois os mesmos s\u00e3o utilizados no ch\u00e3o.\n<ul>\n<li class=\"material subtopic\"><a href=\"https:\/\/drive.google.com\/file\/d\/1i_Q5kQyBKwq6Hr2ec9rCMBF-mWbHP-wF\/view?usp=sharing\" target=\"_blank\" rel=\"noopener noreferrer\">Bloco 1<\/a><\/li>\n<li class=\"material subtopic\"><a href=\"https:\/\/drive.google.com\/file\/d\/1YUVH3xttBeochk-XvO6dt-0EAP6YYxEQ\/view?usp=sharing\" target=\"_blank\" rel=\"noopener noreferrer\">Bloco 2<\/a><\/li>\n<\/ul>\n<\/li>\n<li class=\"evaluation topic\"><a href=\"https:\/\/drive.google.com\/file\/d\/1HYE4Z8RCxGBfcInOFKvDlyEZ_oJWitgv\/view?usp=sharing\" target=\"_blank\" rel=\"noopener noreferrer\">Formul\u00e1rio de Avalia\u00e7\u00e3o<\/a><\/li>\n<\/ul>\n<\/div>\n<\/div>\n<div class=\"task\">\n<h3 class=\"collapseomatic \" id=\"id69e4259095dec\"  tabindex=\"0\" title=\"Tarefa 2\"    >Tarefa 2<\/h3><div id=\"target-id69e4259095dec\" class=\"collapseomatic_content \">\n<ul>\n<li class=\"plan topic\"><a href=\"https:\/\/drive.google.com\/file\/d\/1SMkgoVuCHtpHAwT7JFMN-_BJTFNlSwBU\/view?usp=sharing\" target=\"_blank\" rel=\"noopener noreferrer\">Plano de Aula<\/a><\/li>\n<li class=\"material topic\"><strong>Material:<\/strong> blocos de caminho devem ser impressos em Folha de Gramatura 80 gr e plastificados, para maior durabilidade, pois os mesmos s\u00e3o utilizados no ch\u00e3o. Tamb\u00e9m, blocos de comandos em papel, que simulam os blocos utilizados no software.\n<ul>\n<li class=\"material subtopic\"><a href=\"https:\/\/drive.google.com\/file\/d\/1GcSe9mUji7XJJySP3gicjxPyhlIhIAdG\/view?usp=sharing\" target=\"_blank\" rel=\"noopener noreferrer\">Bloco 1<\/a><\/li>\n<li class=\"material subtopic\"><a href=\"https:\/\/drive.google.com\/file\/d\/1QVtoNXIlUm1qrS91qZbRPxECqPkYHDr3\/view?usp=sharing\" target=\"_blank\" rel=\"noopener noreferrer\">Bloco 2<\/a><\/li>\n<li class=\"material subtopic\"><a href=\"https:\/\/drive.google.com\/file\/d\/1gqra5WCthtOfr5zkkrhMPnXtj4NqhJU-\/view?usp=sharing\" target=\"_blank\" rel=\"noopener noreferrer\">Bloco 3<\/a><\/li>\n<li class=\"material subtopic\"><a href=\"https:\/\/drive.google.com\/file\/d\/1TsrVUow3SoIpfpqA_AtZqYPBEbxD-1h4\/view?usp=sharing\" target=\"_blank\" rel=\"noopener noreferrer\">Bloco 4<\/a><\/li>\n<li class=\"material subtopic\"><a href=\"https:\/\/drive.google.com\/file\/d\/1alOwbBN8D_Z0xQu1byR08q2Iqx6qxRQG\/view?usp=sharing\" target=\"_blank\" rel=\"noopener noreferrer\">Comando 1<\/a><\/li>\n<li class=\"material subtopic\"><a href=\"https:\/\/drive.google.com\/file\/d\/13oTAb3JGnWWOi2J2foWJkZH9hJN6_3Kt\/view?usp=sharing\" target=\"_blank\" rel=\"noopener noreferrer\">Comando 2<\/a><\/li>\n<li class=\"material subtopic\"><a href=\"https:\/\/drive.google.com\/file\/d\/12bv2oJBpabvMLV9PZUM5vbfcIHqiU61I\/view?usp=sharing\" target=\"_blank\" rel=\"noopener noreferrer\">Comando 3<\/a><\/li>\n<\/ul>\n<\/li>\n<li class=\"evaluation subtopic\"><a href=\"https:\/\/drive.google.com\/file\/d\/1Aie6Dkch15b7B7_UbyCs3Alywia0UkGv\/view?usp=sharing\" target=\"_blank\" rel=\"noopener noreferrer\">Formul\u00e1rio de Avalia\u00e7\u00e3o<\/a><\/li>\n<\/ul>\n<\/div>\n<\/div>\n<div class=\"task\">\n<h3 class=\"collapseomatic \" id=\"id69e4259095e11\"  tabindex=\"0\" title=\"Tarefa 3\"    >Tarefa 3<\/h3><div id=\"target-id69e4259095e11\" class=\"collapseomatic_content \">\n<ul>\n<li class=\"plan topic\"><a href=\"https:\/\/drive.google.com\/file\/d\/1721GPyPlvepmn68tN2Y4ILH0Z3ZB3KAa\/view?usp=sharing\" target=\"_blank\" rel=\"noopener noreferrer\">Plano de Aula<\/a><\/li>\n<li class=\"material topic\"><strong>Material:<\/strong> blocos de caminho devem ser impressos em Folha de Gramatura 80 gr e plastificados, para maior durabilidade, pois os mesmos s\u00e3o utilizados no ch\u00e3o. Tamb\u00e9m, s\u00e3o utilizados blocos de comandos em papel, que simulam os blocos utilizados no software e um mapa que cont\u00e9m tr\u00eas poss\u00edveis op\u00e7\u00f5es para chegar ao final.\n<ul>\n<li class=\"material subtopic\"><a href=\"https:\/\/drive.google.com\/file\/d\/1AeiHXZnqcZyG-Yt0BcTSYZqf47Ibivxu\/view?usp=sharing\" target=\"_blank\" rel=\"noopener noreferrer\">Bloco 1<\/a><\/li>\n<li class=\"material subtopic\"><a href=\"https:\/\/drive.google.com\/file\/d\/1QVtoNXIlUm1qrS91qZbRPxECqPkYHDr3\/view?usp=sharing\" target=\"_blank\" rel=\"noopener noreferrer\">Bloco 2<\/a><\/li>\n<li class=\"material subtopic\"><a href=\"https:\/\/drive.google.com\/file\/d\/1gqra5WCthtOfr5zkkrhMPnXtj4NqhJU-\/view?usp=sharing\" target=\"_blank\" rel=\"noopener noreferrer\">Bloco 3<\/a><\/li>\n<li class=\"material subtopic\"><a href=\"https:\/\/drive.google.com\/file\/d\/1TsrVUow3SoIpfpqA_AtZqYPBEbxD-1h4\/view?usp=sharing\" target=\"_blank\" rel=\"noopener noreferrer\">Bloco 4<\/a><\/li>\n<li class=\"material subtopic\"><a href=\"https:\/\/drive.google.com\/file\/d\/1alOwbBN8D_Z0xQu1byR08q2Iqx6qxRQG\/view?usp=sharing\" target=\"_blank\" rel=\"noopener noreferrer\">Comando 1<\/a><\/li>\n<li class=\"material subtopic\"><a href=\"https:\/\/drive.google.com\/file\/d\/13oTAb3JGnWWOi2J2foWJkZH9hJN6_3Kt\/view?usp=sharing\" target=\"_blank\" rel=\"noopener noreferrer\">Comando 2<\/a><\/li>\n<li class=\"material subtopic\"><a href=\"https:\/\/drive.google.com\/file\/d\/12bv2oJBpabvMLV9PZUM5vbfcIHqiU61I\/view?usp=sharing\" target=\"_blank\" rel=\"noopener noreferrer\">Comando 3<\/a><\/li>\n<\/ul>\n<\/li>\n<li class=\"evaluation subtopic\"><a href=\"https:\/\/drive.google.com\/file\/d\/1VlomTxNfDNSauBroeqINbjckzjkUhBCn\/view?usp=sharing\" target=\"_blank\" rel=\"noopener noreferrer\">Formul\u00e1rio de Avalia\u00e7\u00e3o<\/a><\/li>\n<\/ul>\n<\/div>\n<\/div>\n<div class=\"task\">\n<h3 class=\"collapseomatic \" id=\"id69e4259095e33\"  tabindex=\"0\" title=\"Tarefa 4\"    >Tarefa 4<\/h3><div id=\"target-id69e4259095e33\" class=\"collapseomatic_content \">\n<ul>\n<li class=\"plan topic\"><a href=\"https:\/\/drive.google.com\/file\/d\/1721GPyPlvepmn68tN2Y4ILH0Z3ZB3KAa\/view?usp=sharing\" target=\"_blank\" rel=\"noopener noreferrer\">Plano de Aula<\/a><\/li>\n<li class=\"material topic\"><strong>Material:<\/strong> mesmo material da tarefa anterior, sendo diferente a forma de aplica\u00e7\u00e3o, j\u00e1 que nessa atividade, os alunos devem utilizar o computador para desenvolver o Algoritmo.\n<ul>\n<li class=\"material subtopic\"><a href=\"https:\/\/drive.google.com\/file\/d\/1AeiHXZnqcZyG-Yt0BcTSYZqf47Ibivxu\/view?usp=sharing\" target=\"_blank\" rel=\"noopener noreferrer\">Bloco 1<\/a><\/li>\n<li class=\"material subtopic\"><a href=\"https:\/\/drive.google.com\/file\/d\/1QVtoNXIlUm1qrS91qZbRPxECqPkYHDr3\/view?usp=sharing\" target=\"_blank\" rel=\"noopener noreferrer\">Bloco 2<\/a><\/li>\n<li class=\"material subtopic\"><a href=\"https:\/\/drive.google.com\/file\/d\/1gqra5WCthtOfr5zkkrhMPnXtj4NqhJU-\/view?usp=sharing\" target=\"_blank\" rel=\"noopener noreferrer\">Bloco 3<\/a><\/li>\n<li class=\"material subtopic\"><a href=\"https:\/\/drive.google.com\/file\/d\/1TsrVUow3SoIpfpqA_AtZqYPBEbxD-1h4\/view?usp=sharing\" target=\"_blank\" rel=\"noopener noreferrer\">Bloco 4<\/a><\/li>\n<li class=\"material subtopic\"><a href=\"https:\/\/drive.google.com\/file\/d\/1alOwbBN8D_Z0xQu1byR08q2Iqx6qxRQG\/view?usp=sharing\" target=\"_blank\" rel=\"noopener noreferrer\">Comando 1<\/a><\/li>\n<li class=\"material subtopic\"><a href=\"https:\/\/drive.google.com\/file\/d\/13oTAb3JGnWWOi2J2foWJkZH9hJN6_3Kt\/view?usp=sharing\" target=\"_blank\" rel=\"noopener noreferrer\">Comando 2<\/a><\/li>\n<li class=\"material subtopic\"><a href=\"https:\/\/drive.google.com\/file\/d\/12bv2oJBpabvMLV9PZUM5vbfcIHqiU61I\/view?usp=sharing\" target=\"_blank\" rel=\"noopener noreferrer\">Comando 3<\/a><\/li>\n<\/ul>\n<\/li>\n<li class=\"exercise topic\"><strong>Exerc\u00edcios:<\/strong>\n<ul>\n<li class=\"exercise subtopic\"><a href=\"https:\/\/drive.google.com\/file\/d\/1AeiHXZnqcZyG-Yt0BcTSYZqf47Ibivxu\/view?usp=sharing\" target=\"_blank\" rel=\"noopener noreferrer\">Mapa 1<\/a><\/li>\n<li class=\"exercise subtopic\"><a href=\"https:\/\/drive.google.com\/file\/d\/1-Jr6VhZ-SQbJ4bCG24XtrWYyRib3k0md\/view?usp=sharing\" target=\"_blank\" rel=\"noopener noreferrer\">Solu\u00e7\u00e3o Mapa 1<\/a><\/li>\n<li class=\"exercise subtopic\"><a href=\"https:\/\/drive.google.com\/file\/d\/1MfT8kL3caWcysyIjgzn3vdiEaD4bVf-X\/view?usp=sharing\" target=\"_blank\" rel=\"noopener noreferrer\">Solu\u00e7\u00e3o Mapa 1<\/a><\/li>\n<\/ul>\n<\/li>\n<li class=\"evaluation subtopic\"><a href=\"https:\/\/drive.google.com\/file\/d\/1XSxYEcpAcl87q-iOrJichPoBZtxO4zbO\/view?usp=sharing\" target=\"_blank\" rel=\"noopener noreferrer\">Formul\u00e1rio de Avalia\u00e7\u00e3o<\/a><\/li>\n<\/ul>\n<\/div>\n<\/div>\n<div class=\"task\">\n<h3 class=\"collapseomatic \" id=\"id69e4259095e55\"  tabindex=\"0\" title=\"Tarefa 5\"    >Tarefa 5<\/h3><div id=\"target-id69e4259095e55\" class=\"collapseomatic_content \">\n<ul>\n<li class=\"plan topic\"><a href=\"https:\/\/drive.google.com\/file\/d\/1TEXwtt6kj0KgS4wqkdctiTVjQ_aULO4w\/view?usp=sharing\" target=\"_blank\" rel=\"noopener noreferrer\">Plano de Aula<\/a><\/li>\n<li class=\"material topic\"><strong>Material:<\/strong> mesmos materiais dos encontros anteriores, com a adi\u00e7\u00e3o de dois mapas em que o objetivo \u00e9 que os alunos calculem o Custo Computacional. Tamb\u00e9m, duas folhas de exerc\u00edcios para que os alunos escrevam no papel as solu\u00e7\u00f5es do caminho que escolheram.\n<ul>\n<li class=\"material subtopic\"><a href=\"https:\/\/drive.google.com\/file\/d\/1AeiHXZnqcZyG-Yt0BcTSYZqf47Ibivxu\/view?usp=sharing\" target=\"_blank\" rel=\"noopener noreferrer\">Bloco 1<\/a><\/li>\n<li class=\"material subtopic\"><a href=\"https:\/\/drive.google.com\/file\/d\/1QVtoNXIlUm1qrS91qZbRPxECqPkYHDr3\/view?usp=sharing\" target=\"_blank\" rel=\"noopener noreferrer\">Bloco 2<\/a><\/li>\n<li class=\"material subtopic\"><a href=\"https:\/\/drive.google.com\/file\/d\/1gqra5WCthtOfr5zkkrhMPnXtj4NqhJU-\/view?usp=sharing\" target=\"_blank\" rel=\"noopener noreferrer\">Bloco 3<\/a><\/li>\n<li class=\"material subtopic\"><a href=\"https:\/\/drive.google.com\/file\/d\/1TsrVUow3SoIpfpqA_AtZqYPBEbxD-1h4\/view?usp=sharing\" target=\"_blank\" rel=\"noopener noreferrer\">Bloco 4<\/a><\/li>\n<li class=\"material subtopic\"><a href=\"https:\/\/drive.google.com\/file\/d\/1hBZx-6acdVzobMmdi9kk5_fgU2-Pzm1W\/view?usp=sharing\" target=\"_blank\" rel=\"noopener noreferrer\">Rob\u00f4 Lego em Miniatura<\/a><\/li>\n<\/ul>\n<\/li>\n<li class=\"exercise topic\"><strong>Exerc\u00edcios:<\/strong>\n<ul>\n<li class=\"exercise subtopic\"><a href=\"https:\/\/drive.google.com\/file\/d\/1o1Kea4hS2M1pICyi2k9udwblUrSw7LEk\/view?usp=sharing\" target=\"_blank\" rel=\"noopener noreferrer\">Mapa 1<\/a><\/li>\n<li class=\"exercise subtopic\"><a href=\"https:\/\/drive.google.com\/file\/d\/1kEiUf7YQ9NGbZIlZkOZokfbLXtrkvUwF\/view?usp=sharing\" target=\"_blank\" rel=\"noopener noreferrer\">Mapa 2<\/a><\/li>\n<li class=\"exercise subtopic\"><a href=\"https:\/\/drive.google.com\/file\/d\/1PuCcMsCZkvaboSSvEMCg7AesKSZ7KWlY\/view?usp=sharing\" target=\"_blank\" rel=\"noopener noreferrer\">Solu\u00e7\u00f5es Mapas 1 e 2<\/a><\/li>\n<li class=\"exercise subtopic\"><a href=\"https:\/\/drive.google.com\/file\/d\/1_PiieV0qf-aUzjAz2SXkYGKa7Fd06GXn\/view?usp=sharing\" target=\"_blank\" rel=\"noopener noreferrer\">Solu\u00e7\u00f5es Mapas 1 e 2<\/a><\/li>\n<li class=\"exercise subtopic\"><a href=\"https:\/\/drive.google.com\/file\/d\/1UqvH3D9R4lDJDPqVN0s09PgyekSitz7z\/view?usp=sharing\" target=\"_blank\" rel=\"noopener noreferrer\">Folha de Exerc\u00edcio Mapa 1<\/a><\/li>\n<li class=\"exercise subtopic\"><a href=\"https:\/\/drive.google.com\/file\/d\/1TwZ24lOs6Xg76qFdQmN-UZ6TlBWeMI0y\/view?usp=sharing\" target=\"_blank\" rel=\"noopener noreferrer\">Folha de Exerc\u00edcio Mapa 2<\/a><\/li>\n<\/ul>\n<\/li>\n<li class=\"evaluation topic\"><a href=\"https:\/\/drive.google.com\/file\/d\/1ZTxIR3114fRCfBvExAnEmtiX4npczJuT\/view?usp=sharing\" target=\"_blank\" rel=\"noopener noreferrer\">Formul\u00e1rio de Avalia\u00e7\u00e3o<\/a><\/li>\n<\/ul>\n<\/div>\n<\/div>\n<div class=\"task\">\n<h3 class=\"collapseomatic \" id=\"id69e4259095e74\"  tabindex=\"0\" title=\"Tarefa 6\"    >Tarefa 6<\/h3><div id=\"target-id69e4259095e74\" class=\"collapseomatic_content \">\n<ul>\n<li class=\"plan topic\"><a href=\"https:\/\/drive.google.com\/file\/d\/1b4sDz4xaxmBWNO174Mblt7KVLjm1qM-F\/view?usp=sharing\" target=\"_blank\" rel=\"noopener noreferrer\">Plano de Aula<\/a><\/li>\n<li class=\"material topic\"><strong>Material:<\/strong> mesmos materiais dos encontros anteriores, com a adi\u00e7\u00e3o de dois mapas em que o objetivo \u00e9 que os alunos calculem o Custo Computacional. Tamb\u00e9m, duas folhas de exerc\u00edcios para que os alunos escrevam no papel as solu\u00e7\u00f5es do caminho que escolheram.\n<ul>\n<li class=\"material subtopic\"><a href=\"https:\/\/drive.google.com\/file\/d\/1AeiHXZnqcZyG-Yt0BcTSYZqf47Ibivxu\/view?usp=sharing\" target=\"_blank\" rel=\"noopener noreferrer\">Bloco 1<\/a><\/li>\n<li class=\"material subtopic\"><a href=\"https:\/\/drive.google.com\/file\/d\/1QVtoNXIlUm1qrS91qZbRPxECqPkYHDr3\/view?usp=sharing\" target=\"_blank\" rel=\"noopener noreferrer\">Bloco 2<\/a><\/li>\n<li class=\"material subtopic\"><a href=\"https:\/\/drive.google.com\/file\/d\/1gqra5WCthtOfr5zkkrhMPnXtj4NqhJU-\/view?usp=sharing\" target=\"_blank\" rel=\"noopener noreferrer\">Bloco 3<\/a><\/li>\n<li class=\"material subtopic\"><a href=\"https:\/\/drive.google.com\/file\/d\/1TsrVUow3SoIpfpqA_AtZqYPBEbxD-1h4\/view?usp=sharing\" target=\"_blank\" rel=\"noopener noreferrer\">Bloco 4<\/a><\/li>\n<li class=\"material subtopic\"><a href=\"LINKMATERIALN\" target=\"_blank\" rel=\"noopener noreferrer\">Rob\u00f4 Lego em Miniatura<\/a><\/li>\n<\/ul>\n<\/li>\n<li class=\"exercise topic\"><strong>Exerc\u00edcios:<\/strong>\n<ul>\n<li class=\"exercise subtopic\"><a href=\"https:\/\/drive.google.com\/file\/d\/1Y1Stxdy1fLAJip_T0oCuw6ugwAgHMGXF\/view?usp=sharing\" target=\"_blank\" rel=\"noopener noreferrer\">Mapa 1<\/a><\/li>\n<li class=\"exercise subtopic\"><a href=\"https:\/\/drive.google.com\/file\/d\/102Jk-zro7ePUdlpNBSyr0io_IPvxj0Sy\/view?usp=sharing\" target=\"_blank\" rel=\"noopener noreferrer\">Mapa 2<\/a><\/li>\n<li class=\"exercise subtopic\"><a href=\"https:\/\/drive.google.com\/file\/d\/1qk3cHecpyR96kt-lT_EqlAUO82eCpOou\/view?usp=sharing\" target=\"_blank\" rel=\"noopener noreferrer\">Solu\u00e7\u00e3o Mapa 2 <\/a><\/li>\n<li class=\"exercise subtopic\"><a href=\"https:\/\/drive.google.com\/file\/d\/11CkmfKEFYhQ5w7a0s5aYBbZzakpDYmPk\/view?usp=sharing\" target=\"_blank\" rel=\"noopener noreferrer\">Folha de Exerc\u00edcio Mapa 2<\/a><\/li>\n<\/ul>\n<\/li>\n<li class=\"evaluation subtopic\"><a href=\"https:\/\/drive.google.com\/file\/d\/1diP3msOCsaIE84uizlo0xQWB3HTbAs-I\/view?usp=sharing\" target=\"_blank\" rel=\"noopener noreferrer\">Formul\u00e1rio de Avalia\u00e7\u00e3o<\/a><\/li>\n<\/ul>\n<\/div>\n<\/div>\n<div class=\"task\">\n<h3 class=\"collapseomatic \" id=\"id69e4259095e93\"  tabindex=\"0\" title=\"Tarefa 7\"    >Tarefa 7<\/h3><div id=\"target-id69e4259095e93\" class=\"collapseomatic_content \">\n<ul>\n<li class=\"plan topic\"><a href=\"https:\/\/drive.google.com\/file\/d\/101sUB_Di8BfFuuAzYjx_cmFn1ozWPDpO\/view?usp=sharing\" target=\"_blank\" rel=\"noopener noreferrer\">Plano de Aula<\/a><\/li>\n<li class=\"material topic\"><strong>Material:<\/strong> mesmos materiais dos encontros anteriores, com a adi\u00e7\u00e3o de dois mapas em que o objetivo \u00e9 que os alunos utilizem o comando Repita com mais de um comando em seu interior. Tamb\u00e9m, duas folha de exerc\u00edcios para que os alunos escrevam no papel as solu\u00e7\u00f5es dos caminhos em quest\u00e3o.\n<ul>\n<li class=\"material subtopic\"><a href=\"https:\/\/drive.google.com\/file\/d\/1AeiHXZnqcZyG-Yt0BcTSYZqf47Ibivxu\/view?usp=sharing\" target=\"_blank\" rel=\"noopener noreferrer\">Bloco 1<\/a><\/li>\n<li class=\"material subtopic\"><a href=\"https:\/\/drive.google.com\/file\/d\/1QVtoNXIlUm1qrS91qZbRPxECqPkYHDr3\/view?usp=sharing\" target=\"_blank\" rel=\"noopener noreferrer\">Bloco 2<\/a><\/li>\n<li class=\"material subtopic\"><a href=\"https:\/\/drive.google.com\/file\/d\/1gqra5WCthtOfr5zkkrhMPnXtj4NqhJU-\/view?usp=sharing\" target=\"_blank\" rel=\"noopener noreferrer\">Bloco 3<\/a><\/li>\n<li class=\"material subtopic\"><a href=\"https:\/\/drive.google.com\/file\/d\/1TsrVUow3SoIpfpqA_AtZqYPBEbxD-1h4\/view?usp=sharing\" target=\"_blank\" rel=\"noopener noreferrer\">Bloco 4<\/a><\/li>\n<li class=\"material subtopic\"><a href=\"https:\/\/drive.google.com\/file\/d\/1hBZx-6acdVzobMmdi9kk5_fgU2-Pzm1W\/view?usp=sharing\" target=\"_blank\" rel=\"noopener noreferrer\">Rob\u00f4 Lego em Miniatura<\/a><\/li>\n<\/ul>\n<\/li>\n<li class=\"exercise topic\"><strong>Exerc\u00edcios:<\/strong>\n<ul>\n<li class=\"exercise subtopic\"><a href=\"https:\/\/drive.google.com\/file\/d\/1pxVtXo0DqTH0JP-CJvVRV5l-1WLT4FVg\/view?usp=sharing\" target=\"_blank\" rel=\"noopener noreferrer\">Mapa 1<\/a><\/li>\n<li class=\"exercise subtopic\"><a href=\"https:\/\/drive.google.com\/file\/d\/1ngfwyIFomcnSJ00JFZFe1ErBUDPNyLqo\/view?usp=sharing\" target=\"_blank\" rel=\"noopener noreferrer\">Mapa 2<\/a><\/li>\n<li class=\"exercise subtopic\"><a href=\"https:\/\/drive.google.com\/file\/d\/1QueRyzwg2IQvH2dXfXmloPYYrPeCmQnp\/view?usp=sharing\" target=\"_blank\" rel=\"noopener noreferrer\">Solu\u00e7\u00f5es Mapas 1 e 2<\/a><\/li>\n<li class=\"exercise subtopic\"><a href=\"https:\/\/drive.google.com\/file\/d\/16IkO6Aia-IkR28y3hvkJC9suRFfhghXt\/view?usp=sharing\" target=\"_blank\" rel=\"noopener noreferrer\">Folha de Exerc\u00edcio Mapa 1<\/a><\/li>\n<li class=\"exercise subtopic\"><a href=\"https:\/\/drive.google.com\/file\/d\/1JG3WjUczO2FGyeowHkpLSotPvO6syDZV\/view?usp=sharing\" target=\"_blank\" rel=\"noopener noreferrer\">Folha de Exerc\u00edcio Mapa 2<\/a><\/li>\n<\/ul>\n<\/li>\n<li class=\"evaluation topic\"><a href=\"https:\/\/drive.google.com\/file\/d\/1n-nPSTmJt8t0jgao-0-xJ6OyF5Qno3QG\/view?usp=sharing\" target=\"_blank\" rel=\"noopener noreferrer\">Formul\u00e1rio de Avalia\u00e7\u00e3o<\/a><\/li>\n<\/ul>\n<\/div>\n<\/div>\n<div class=\"task\">\n<h3 class=\"collapseomatic \" id=\"id69e4259095eb1\"  tabindex=\"0\" title=\"Tarefa 8\"    >Tarefa 8<\/h3><div id=\"target-id69e4259095eb1\" class=\"collapseomatic_content \">\n<ul>\n<li class=\"plan topic\"><a href=\"https:\/\/drive.google.com\/file\/d\/1GEqOOeZnST6EBaHAoVZ0YL7fefGr3_Xh\/view?usp=sharing\" target=\"_blank\" rel=\"noopener noreferrer\">Plano de Aula<\/a><\/li>\n<li class=\"material topic\"><strong>Material:<\/strong> mesmos materiais dos encontros anteriores juntamente com um mapa com tr\u00eas poss\u00edveis solu\u00e7\u00f5es para chegar ao final. Os alunos devem utilizar tudo que aprenderam at\u00e9 o momento para resolver o Algoritmo.\n<ul>\n<li class=\"material subtopic\"><a href=\"https:\/\/drive.google.com\/file\/d\/1AeiHXZnqcZyG-Yt0BcTSYZqf47Ibivxu\/view?usp=sharing\" target=\"_blank\" rel=\"noopener noreferrer\">Bloco 1<\/a><\/li>\n<li class=\"material subtopic\"><a href=\"https:\/\/drive.google.com\/file\/d\/1QVtoNXIlUm1qrS91qZbRPxECqPkYHDr3\/view?usp=sharing\" target=\"_blank\" rel=\"noopener noreferrer\">Bloco 2<\/a><\/li>\n<li class=\"material subtopic\"><a href=\"https:\/\/drive.google.com\/file\/d\/1gqra5WCthtOfr5zkkrhMPnXtj4NqhJU-\/view?usp=sharing\" target=\"_blank\" rel=\"noopener noreferrer\">Bloco 3<\/a><\/li>\n<li class=\"material subtopic\"><a href=\"https:\/\/drive.google.com\/file\/d\/1TsrVUow3SoIpfpqA_AtZqYPBEbxD-1h4\/view?usp=sharing\" target=\"_blank\" rel=\"noopener noreferrer\">Bloco 4<\/a><\/li>\n<li class=\"material subtopic\"><a href=\"https:\/\/drive.google.com\/file\/d\/1hBZx-6acdVzobMmdi9kk5_fgU2-Pzm1W\/view?usp=sharing\" target=\"_blank\" rel=\"noopener noreferrer\">Rob\u00f4 Lego em Miniatura<\/a><\/li>\n<\/ul>\n<\/li>\n<li class=\"exercise topic\"><strong>Exerc\u00edcios:<\/strong>\n<ul>\n<li class=\"exercise subtopic\"><a href=\"https:\/\/drive.google.com\/file\/d\/1xTuHUBf3a_tjFHaYoXXM7mZIo43OaGXo\/view?usp=sharing\" target=\"_blank\" rel=\"noopener noreferrer\">Mapa 1 <\/a><\/li>\n<li class=\"exercise subtopic\"><a href=\"https:\/\/drive.google.com\/file\/d\/1v4RYVqG-bj0Zxai_GV3DJZ1XJn2OPQWX\/view?usp=sharing\" target=\"_blank\" rel=\"noopener noreferrer\">Solu\u00e7\u00e3o Mapa 1 <\/a><\/li>\n<li class=\"exercise subtopic\"><a href=\"https:\/\/drive.google.com\/file\/d\/174R-HSWph3sSDNQzXaKOrHnB63qEbawr\/view?usp=sharing\" target=\"_blank\" rel=\"noopener noreferrer\">Solu\u00e7\u00e3o Mapa 1 <\/a><\/li>\n<li class=\"exercise subtopic\"><a href=\"https:\/\/drive.google.com\/file\/d\/1sBKMQ16XFKLnqa7SYql7q151eCNrLm0h\/view?usp=sharing\" target=\"_blank\" rel=\"noopener noreferrer\">Folha de Exerc\u00edcio Mapa 1<\/a><\/li>\n<\/ul>\n<\/li>\n<li class=\"evaluation topic\"><a href=\"https:\/\/drive.google.com\/file\/d\/1eX50Gj241t4qfWJg1YUVTTDZsHt-lOW2\/view?usp=sharing\" target=\"_blank\" rel=\"noopener noreferrer\">Formul\u00e1rio de Avalia\u00e7\u00e3o<\/a><\/li>\n<\/ul>\n<\/div>\n<\/div>\n<div class=\"task\">\n<h3 class=\"collapseomatic \" id=\"id69e4259095ecf\"  tabindex=\"0\" title=\"Tarefa 9\"    >Tarefa 9<\/h3><div id=\"target-id69e4259095ecf\" class=\"collapseomatic_content \">\n<ul>\n<li class=\"plan topic\"><a href=\"https:\/\/drive.google.com\/file\/d\/1U-clcFRThBM0fq5MyFNUvhXLlMZ-fPA-\/view?usp=sharing\" target=\"_blank\" rel=\"noopener noreferrer\">Plano de Aula<\/a><\/li>\n<li class=\"material topic\"><strong>Material:<\/strong> mesmos materiais dos encontros anteriores, com a adi\u00e7\u00e3o de dois mapas em que o objetivo \u00e9 que os alunos utilizem o comando Repita com mais de um comando em seu interior. Tamb\u00e9m, duas folha de exerc\u00edcios para que os alunos escrevam no papel as solu\u00e7\u00f5es dos caminhos em quest\u00e3o.\n<ul>\n<li class=\"material subtopic\"><a href=\"https:\/\/drive.google.com\/file\/d\/1AeiHXZnqcZyG-Yt0BcTSYZqf47Ibivxu\/view?usp=sharing\" target=\"_blank\" rel=\"noopener noreferrer\">Bloco 1<\/a><\/li>\n<li class=\"material subtopic\"><a href=\"https:\/\/drive.google.com\/file\/d\/1QVtoNXIlUm1qrS91qZbRPxECqPkYHDr3\/view?usp=sharing\" target=\"_blank\" rel=\"noopener noreferrer\">Bloco 2<\/a><\/li>\n<li class=\"material subtopic\"><a href=\"https:\/\/drive.google.com\/file\/d\/1gqra5WCthtOfr5zkkrhMPnXtj4NqhJU-\/view?usp=sharing\" target=\"_blank\" rel=\"noopener noreferrer\">Bloco 3<\/a><\/li>\n<li class=\"material subtopic\"><a href=\"https:\/\/drive.google.com\/file\/d\/1TsrVUow3SoIpfpqA_AtZqYPBEbxD-1h4\/view?usp=sharing\" target=\"_blank\" rel=\"noopener noreferrer\">Bloco 4<\/a><\/li>\n<li class=\"material subtopic\"><a href=\"https:\/\/drive.google.com\/file\/d\/1hBZx-6acdVzobMmdi9kk5_fgU2-Pzm1W\/view?usp=sharing\" target=\"_blank\" rel=\"noopener noreferrer\">Rob\u00f4 Lego em Miniatura<\/a><\/li>\n<\/ul>\n<\/li>\n<li class=\"exercise topic\"><strong>Exerc\u00edcios:<\/strong>\n<ul>\n<li class=\"exercise subtopic\"><a href=\"https:\/\/drive.google.com\/file\/d\/1LT1px-IldxzXv_uy58UoFMXlaxlC9Nyl\/view?usp=sharing\" target=\"_blank\" rel=\"noopener noreferrer\">Mapa 1<\/a><\/li>\n<li class=\"exercise subtopic\"><a href=\"https:\/\/drive.google.com\/file\/d\/19mn-UopCUHmWSpmro_4etxMFwNpujsSa\/view?usp=sharing\" target=\"_blank\" rel=\"noopener noreferrer\">Mapa 2<\/a><\/li>\n<li class=\"exercise subtopic\"><a href=\"https:\/\/drive.google.com\/file\/d\/1jZpZOlgACPvEUrdpZtsw6MiPXDYv2pJq\/view?usp=sharing\" target=\"_blank\" rel=\"noopener noreferrer\">Solu\u00e7\u00f5es Mapas 1 e 2<\/a><\/li>\n<\/ul>\n<\/li>\n<li class=\"evaluation topic\"><a href=\"https:\/\/drive.google.com\/file\/d\/1KNB7_J8qayfJGZUeQAT6BHlWZuftQeg0\/view?usp=sharing\" target=\"_blank\" rel=\"noopener noreferrer\">Formul\u00e1rio de Avalia\u00e7\u00e3o<\/a><\/li>\n<\/ul>\n<\/div>\n<\/div>\n","protected":false},"excerpt":{"rendered":"","protected":false},"author":268,"featured_media":0,"parent":0,"menu_order":0,"comment_status":"closed","ping_status":"closed","template":"","meta":{"footnotes":""},"class_list":["post-1500","page","type-page","status-publish","hentry"],"_links":{"self":[{"href":"https:\/\/wp.ufpel.edu.br\/pensamentocomputacional\/wp-json\/wp\/v2\/pages\/1500","targetHints":{"allow":["GET"]}}],"collection":[{"href":"https:\/\/wp.ufpel.edu.br\/pensamentocomputacional\/wp-json\/wp\/v2\/pages"}],"about":[{"href":"https:\/\/wp.ufpel.edu.br\/pensamentocomputacional\/wp-json\/wp\/v2\/types\/page"}],"author":[{"embeddable":true,"href":"https:\/\/wp.ufpel.edu.br\/pensamentocomputacional\/wp-json\/wp\/v2\/users\/268"}],"replies":[{"embeddable":true,"href":"https:\/\/wp.ufpel.edu.br\/pensamentocomputacional\/wp-json\/wp\/v2\/comments?post=1500"}],"version-history":[{"count":2,"href":"https:\/\/wp.ufpel.edu.br\/pensamentocomputacional\/wp-json\/wp\/v2\/pages\/1500\/revisions"}],"predecessor-version":[{"id":1659,"href":"https:\/\/wp.ufpel.edu.br\/pensamentocomputacional\/wp-json\/wp\/v2\/pages\/1500\/revisions\/1659"}],"wp:attachment":[{"href":"https:\/\/wp.ufpel.edu.br\/pensamentocomputacional\/wp-json\/wp\/v2\/media?parent=1500"}],"curies":[{"name":"wp","href":"https:\/\/api.w.org\/{rel}","templated":true}]}}