{"id":1314,"date":"2025-05-29T14:14:54","date_gmt":"2025-05-29T17:14:54","guid":{"rendered":"https:\/\/wp.ufpel.edu.br\/pensamentocomputacional\/?page_id=1314"},"modified":"2025-05-30T12:16:04","modified_gmt":"2025-05-30T15:16:04","slug":"bncc","status":"publish","type":"page","link":"https:\/\/wp.ufpel.edu.br\/pensamentocomputacional\/bncc\/","title":{"rendered":"BNCC"},"content":{"rendered":"<div class=\"year\">\n<div class=\"year\">\n<div class=\"year\">\n<div class=\"year\">\n<div class=\"year\">\n<div class=\"year\">\n<p>A Base Nacional Comum Curricular (BNCC)\u00a0\u00e9 um documento que estabelece as aprendizagens essenciais que todos os estudantes brasileiros devem desenvolver na Educa\u00e7\u00e3o B\u00e1sica, da Educa\u00e7\u00e3o Infantil ao Ensino M\u00e9dio.\u00a0\u00c9 um documento normativo que serve de guia para a constru\u00e7\u00e3o dos curr\u00edculos escolares, definindo as compet\u00eancias e habilidades que devem ser trabalhadas em cada etapa da educa\u00e7\u00e3o.<\/p>\n<p>Os tr\u00eas eixos estruturantes da Base Nacional Comum Curricular (BNCC) s\u00e3o: Pensamento Computacional, Mundo Digital e Cultura Digital. Estes eixos visam organizar e orientar as pr\u00e1ticas pedag\u00f3gicas, promovendo o desenvolvimento de habilidades e conhecimentos essenciais para a forma\u00e7\u00e3o integral dos estudantes.<\/p>\n<h3>Atividades voltadas ao desenvolvimento de habilidades da BNCC por Eixo:<\/h3>\n<\/div>\n<div class=\"year\">\n<div class=\"activity\">\n<ul>\n<li><a href=\"https:\/\/wp.ufpel.edu.br\/pensamentocomputacional\/pensamento-computacional\/\"><span style=\"font-size: 12pt;\">Pensamento Computacional<\/span><\/a><\/li>\n<li><a href=\"https:\/\/wp.ufpel.edu.br\/pensamentocomputacional\/mundo-digital\/\"><span style=\"font-size: 12pt;\">Mundo Digital<\/span><\/a><\/li>\n<li><a href=\"https:\/\/wp.ufpel.edu.br\/pensamentocomputacional\/cultura-digital\/\"><span style=\"font-size: 12pt;\">Cultura Digital<\/span><\/a><\/li>\n<li><a href=\"https:\/\/wp.ufpel.edu.br\/pensamentocomputacional\/ensino-medio\/\"><span style=\"font-size: 12pt;\">Ensino M\u00e9dio<\/span><\/a><\/li>\n<\/ul>\n<\/div>\n<\/div>\n<\/div>\n<\/div>\n<\/div>\n<\/div>\n<\/div>\n<div class=\"year\">\n<p>&nbsp;<\/p>\n<\/div>\n","protected":false},"excerpt":{"rendered":"<p>A Base Nacional Comum Curricular (BNCC)\u00a0\u00e9 um documento que estabelece as aprendizagens essenciais que todos os estudantes brasileiros devem desenvolver na Educa\u00e7\u00e3o B\u00e1sica, da Educa\u00e7\u00e3o Infantil ao Ensino M\u00e9dio.\u00a0\u00c9 um documento normativo que serve de guia para a constru\u00e7\u00e3o dos curr\u00edculos escolares, definindo as compet\u00eancias e habilidades que devem ser trabalhadas em cada etapa da [&hellip;]<\/p>\n","protected":false},"author":268,"featured_media":0,"parent":0,"menu_order":0,"comment_status":"closed","ping_status":"closed","template":"","meta":{"footnotes":""},"class_list":["post-1314","page","type-page","status-publish","hentry"],"_links":{"self":[{"href":"https:\/\/wp.ufpel.edu.br\/pensamentocomputacional\/wp-json\/wp\/v2\/pages\/1314","targetHints":{"allow":["GET"]}}],"collection":[{"href":"https:\/\/wp.ufpel.edu.br\/pensamentocomputacional\/wp-json\/wp\/v2\/pages"}],"about":[{"href":"https:\/\/wp.ufpel.edu.br\/pensamentocomputacional\/wp-json\/wp\/v2\/types\/page"}],"author":[{"embeddable":true,"href":"https:\/\/wp.ufpel.edu.br\/pensamentocomputacional\/wp-json\/wp\/v2\/users\/268"}],"replies":[{"embeddable":true,"href":"https:\/\/wp.ufpel.edu.br\/pensamentocomputacional\/wp-json\/wp\/v2\/comments?post=1314"}],"version-history":[{"count":11,"href":"https:\/\/wp.ufpel.edu.br\/pensamentocomputacional\/wp-json\/wp\/v2\/pages\/1314\/revisions"}],"predecessor-version":[{"id":1411,"href":"https:\/\/wp.ufpel.edu.br\/pensamentocomputacional\/wp-json\/wp\/v2\/pages\/1314\/revisions\/1411"}],"wp:attachment":[{"href":"https:\/\/wp.ufpel.edu.br\/pensamentocomputacional\/wp-json\/wp\/v2\/media?parent=1314"}],"curies":[{"name":"wp","href":"https:\/\/api.w.org\/{rel}","templated":true}]}}