{"id":604,"date":"2017-10-18T10:42:52","date_gmt":"2017-10-18T12:42:52","guid":{"rendered":"https:\/\/wp.ufpel.edu.br\/pelotasmun\/?page_id=604"},"modified":"2026-03-25T04:25:37","modified_gmt":"2026-03-25T07:25:37","slug":"until-next","status":"publish","type":"page","link":"https:\/\/wp.ufpel.edu.br\/pelotasmun\/","title":{"rendered":"Sobre o Projeto:"},"content":{"rendered":"<p><span style=\"font-weight: 400;\">O Pelotas Model United Nations \u00e9 um projeto que, anualmente, promove uma simula\u00e7\u00e3o das Na\u00e7\u00f5es Unidas! O projeto est\u00e1 presente em tr\u00eas l\u00ednguas distintas, com comit\u00eas em portugu\u00eas, ingl\u00eas e espanhol! \ud83c\udde7\ud83c\uddf7\ud83c\uddfa\ud83c\uddf8\ud83c\uddea\ud83c\uddf8<br \/>\n<\/span><\/p>\n<p><span style=\"font-weight: 400;\">Premiado por duas vezes pelas Na\u00e7\u00f5es Unidas, a<\/span>\u00a0hist\u00f3ria do <strong>PelotasMUN<\/strong> come\u00e7a em 2013, como uma iniciativa dos estudantes de Rela\u00e7\u00f5es Internacionais da Universidade Federal de Pelotas e desde ent\u00e3o, o projeto v\u00eam crescendo para acomodar estudantes e entusiastas da pol\u00edtica internacional de toda regi\u00e3o.\u00a0Ao longo de sua trajet\u00f3ria, o projeto tem contribu\u00eddo para a forma\u00e7\u00e3o acad\u00eamica dos estudantes da Universidade Federal de Pelotas, estimulando o pensamento cr\u00edtico, a argumenta\u00e7\u00e3o e a viv\u00eancia pr\u00e1tica da diplomacia.<\/p>\n<p><span style=\"font-size: 24pt; color: #0166c0;\"><strong><br \/>\nEdi\u00e7\u00e3o Atual: Direitos Humanos, Direitos Clim\u00e1ticos!<\/strong><\/span><\/p>\n<p><span style=\"font-weight: 400;\">Neste ano, queremos dar \u00eanfase \u00e0s tem\u00e1ticas ambientais. A crise clim\u00e1tica que o mundo enfrenta hoje, p\u00f5e luz a necessidade de debates sobre a crise ambiental e principalmente assegurar que a garantia de direitos humanos tamb\u00e9m se d\u00e1 garantindo os direitos clim\u00e1ticos. Em raz\u00e3o disso, estabelecemos o lema:<\/span><\/p>\n<p><span style=\"font-weight: 400;\">Ao longo do ano vamos trazer tem\u00e1ticas que girem em torno de debates ambientais e dos direitos humanos. <\/span>Convidamos a todos a seguirem acompanhando as novidades que ainda vamos anunciar sobre a edi\u00e7\u00e3o de 2025. Para isso continue acompanhando as postagens do blog, assim como convidamos a todos a seguirem o PelotasMUN em todas as redes sociais.<\/p>\n<p><span style=\"font-size: 24pt; color: #0166c0;\"><strong><br \/>\n\u00daltimas publica\u00e7\u00f5es:<\/strong><\/span><\/p>\n","protected":false},"excerpt":{"rendered":"<p>O Pelotas Model United Nations \u00e9 um projeto que, anualmente, promove uma simula\u00e7\u00e3o das Na\u00e7\u00f5es Unidas! O projeto est\u00e1 presente em tr\u00eas l\u00ednguas distintas, com comit\u00eas em portugu\u00eas, ingl\u00eas e espanhol! \ud83c\udde7\ud83c\uddf7\ud83c\uddfa\ud83c\uddf8\ud83c\uddea\ud83c\uddf8 Premiado por duas vezes pelas Na\u00e7\u00f5es Unidas, a\u00a0hist\u00f3ria do PelotasMUN come\u00e7a em 2013, como uma iniciativa dos estudantes de Rela\u00e7\u00f5es Internacionais da Universidade &hellip; <\/p>\n<p><a class=\"more-link btn\" href=\"https:\/\/wp.ufpel.edu.br\/pelotasmun\/\">Continue lendo<\/a><\/p>\n","protected":false},"author":764,"featured_media":5496,"parent":0,"menu_order":0,"comment_status":"closed","ping_status":"closed","template":"template-onecolumn.php","meta":{"footnotes":""},"class_list":["post-604","page","type-page","status-publish","has-post-thumbnail","hentry","nodate","item-wrap"],"jetpack_sharing_enabled":false,"jetpack_shortlink":"https:\/\/wp.me\/P8QcCB-9K","jetpack-related-posts":[],"_links":{"self":[{"href":"https:\/\/wp.ufpel.edu.br\/pelotasmun\/wp-json\/wp\/v2\/pages\/604","targetHints":{"allow":["GET"]}}],"collection":[{"href":"https:\/\/wp.ufpel.edu.br\/pelotasmun\/wp-json\/wp\/v2\/pages"}],"about":[{"href":"https:\/\/wp.ufpel.edu.br\/pelotasmun\/wp-json\/wp\/v2\/types\/page"}],"author":[{"embeddable":true,"href":"https:\/\/wp.ufpel.edu.br\/pelotasmun\/wp-json\/wp\/v2\/users\/764"}],"replies":[{"embeddable":true,"href":"https:\/\/wp.ufpel.edu.br\/pelotasmun\/wp-json\/wp\/v2\/comments?post=604"}],"version-history":[{"count":3,"href":"https:\/\/wp.ufpel.edu.br\/pelotasmun\/wp-json\/wp\/v2\/pages\/604\/revisions"}],"predecessor-version":[{"id":6389,"href":"https:\/\/wp.ufpel.edu.br\/pelotasmun\/wp-json\/wp\/v2\/pages\/604\/revisions\/6389"}],"wp:featuredmedia":[{"embeddable":true,"href":"https:\/\/wp.ufpel.edu.br\/pelotasmun\/wp-json\/wp\/v2\/media\/5496"}],"wp:attachment":[{"href":"https:\/\/wp.ufpel.edu.br\/pelotasmun\/wp-json\/wp\/v2\/media?parent=604"}],"curies":[{"name":"wp","href":"https:\/\/api.w.org\/{rel}","templated":true}]}}

<p><span style="font-weight: 400;">O Pelotas Model United Nations é um projeto que, anualmente, promove uma simulação das Nações Unidas! O projeto está presente em três línguas distintas, com comitês em português, inglês e espanhol! 🇧🇷🇺🇸🇪🇸<br />
</span></p>
<p><span style="font-weight: 400;">Premiado por duas vezes pelas Nações Unidas, a</span> história do <strong>PelotasMUN</strong> começa em 2013, como uma iniciativa dos estudantes de Relações Internacionais da Universidade Federal de Pelotas e desde então, o projeto vêm crescendo para acomodar estudantes e entusiastas da política internacional de toda região. Ao longo de sua trajetória, o projeto tem contribuído para a formação acadêmica dos estudantes da Universidade Federal de Pelotas, estimulando o pensamento crítico, a argumentação e a vivência prática da diplomacia.</p>
<p><span style="font-size: 24pt; color: #0166c0;"><strong><br />
Edição Atual: Direitos Humanos, Direitos Climáticos!</strong></span></p>
<p><span style="font-weight: 400;">Neste ano, queremos dar ênfase às temáticas ambientais. A crise climática que o mundo enfrenta hoje, põe luz a necessidade de debates sobre a crise ambiental e principalmente assegurar que a garantia de direitos humanos também se dá garantindo os direitos climáticos. Em razão disso, estabelecemos o lema:</span></p>
<p><span style="font-weight: 400;">Ao longo do ano vamos trazer temáticas que girem em torno de debates ambientais e dos direitos humanos. </span>Convidamos a todos a seguirem acompanhando as novidades que ainda vamos anunciar sobre a edição de 2025. Para isso continue acompanhando as postagens do blog, assim como convidamos a todos a seguirem o PelotasMUN em todas as redes sociais.</p>
<p><span style="font-size: 24pt; color: #0166c0;"><strong><br />
Últimas publicações:</strong></span></p>

<p>O Pelotas Model United Nations é um projeto que, anualmente, promove uma simulação das Nações Unidas! O projeto está presente em três línguas distintas, com comitês em português, inglês e espanhol! 🇧🇷🇺🇸🇪🇸 Premiado por duas vezes pelas Nações Unidas, a história do PelotasMUN começa em 2013, como uma iniciativa dos estudantes de Relações Internacionais da Universidade &hellip; </p>
<p><a class="more-link btn" href="https://wp.ufpel.edu.br/pelotasmun/">Continue lendo</a></p>
