{"id":2075,"date":"2021-05-30T17:31:53","date_gmt":"2021-05-30T20:31:53","guid":{"rendered":"https:\/\/wp.ufpel.edu.br\/pelotasmun\/?page_id=2075"},"modified":"2024-09-06T15:18:00","modified_gmt":"2024-09-06T18:18:00","slug":"press-kit-2","status":"publish","type":"page","link":"https:\/\/wp.ufpel.edu.br\/pelotasmun\/press-kit-2\/","title":{"rendered":"Press kit"},"content":{"rendered":"<p style=\"text-align: justify;\">Procurando nossa identidade visual? Caso seja parceiro ou entusiasta e queira utilizar nossa identidade para fins de divulga\u00e7\u00e3o, disponibilizamos o nosso Press kit, s\u00edmbolo e logo com descri\u00e7\u00e3o em PNG nos bot\u00f5es abaixo! Lembramos que em caso de post de parceria, indica-se que o logo do Pelotas MUN esteja posicionado em forma e tamanho equivalente ao parceiro, a fim de que ambos sejam exibidos na mesma propor\u00e7\u00e3o.<\/p>\n<p><strong><span style=\"color: #ffffff;\"><a style=\"color: #ffffff;\" href=\"https:\/\/wp.ufpel.edu.br\/pelotasmun\/files\/2021\/05\/PRESS-KIT.pdf\"><span class=\"buttondown\">Press KIT<\/span><\/a><\/span> <span style=\"color: #ffffff;\"><a style=\"color: #ffffff;\" href=\"https:\/\/wp.ufpel.edu.br\/pelotasmun\/files\/2021\/05\/logo_pequeno.png\" target=\"_blank\" rel=\"noopener\"><span class=\"buttondown1\">S\u00edmbolo em PNG<\/span><\/a><\/span> <span style=\"color: #ffffff;\"><a style=\"color: #ffffff;\" href=\"https:\/\/wp.ufpel.edu.br\/pelotasmun\/files\/2022\/04\/horizontal_azul_2022.png\" target=\"_blank\" rel=\"noopener\"><span class=\"buttondown2\">Logo com descri\u00e7\u00e3o em PNG<\/span><\/a><\/span><\/strong><\/p>\n","protected":false},"excerpt":{"rendered":"<p>Procurando nossa identidade visual? Caso seja parceiro ou entusiasta e queira utilizar nossa identidade para fins de divulga\u00e7\u00e3o, disponibilizamos o nosso Press kit, s\u00edmbolo e logo com descri\u00e7\u00e3o em PNG nos bot\u00f5es abaixo! Lembramos que em caso de post de parceria, indica-se que o logo do Pelotas MUN esteja posicionado em forma e tamanho equivalente &hellip; <\/p>\n<p><a class=\"more-link btn\" href=\"https:\/\/wp.ufpel.edu.br\/pelotasmun\/press-kit-2\/\">Continue lendo<\/a><\/p>\n","protected":false},"author":764,"featured_media":0,"parent":0,"menu_order":0,"comment_status":"closed","ping_status":"closed","template":"","meta":{"footnotes":""},"class_list":["post-2075","page","type-page","status-publish","hentry","nodate","item-wrap"],"jetpack_sharing_enabled":true,"jetpack_shortlink":"https:\/\/wp.me\/P8QcCB-xt","jetpack-related-posts":[],"_links":{"self":[{"href":"https:\/\/wp.ufpel.edu.br\/pelotasmun\/wp-json\/wp\/v2\/pages\/2075","targetHints":{"allow":["GET"]}}],"collection":[{"href":"https:\/\/wp.ufpel.edu.br\/pelotasmun\/wp-json\/wp\/v2\/pages"}],"about":[{"href":"https:\/\/wp.ufpel.edu.br\/pelotasmun\/wp-json\/wp\/v2\/types\/page"}],"author":[{"embeddable":true,"href":"https:\/\/wp.ufpel.edu.br\/pelotasmun\/wp-json\/wp\/v2\/users\/764"}],"replies":[{"embeddable":true,"href":"https:\/\/wp.ufpel.edu.br\/pelotasmun\/wp-json\/wp\/v2\/comments?post=2075"}],"version-history":[{"count":7,"href":"https:\/\/wp.ufpel.edu.br\/pelotasmun\/wp-json\/wp\/v2\/pages\/2075\/revisions"}],"predecessor-version":[{"id":3529,"href":"https:\/\/wp.ufpel.edu.br\/pelotasmun\/wp-json\/wp\/v2\/pages\/2075\/revisions\/3529"}],"wp:attachment":[{"href":"https:\/\/wp.ufpel.edu.br\/pelotasmun\/wp-json\/wp\/v2\/media?parent=2075"}],"curies":[{"name":"wp","href":"https:\/\/api.w.org\/{rel}","templated":true}]}}