{"id":1393,"date":"2020-05-28T17:15:41","date_gmt":"2020-05-28T20:15:41","guid":{"rendered":"https:\/\/wp.ufpel.edu.br\/pelotasmun\/?page_id=1393"},"modified":"2026-03-25T04:19:19","modified_gmt":"2026-03-25T07:19:19","slug":"munzinho","status":"publish","type":"page","link":"https:\/\/wp.ufpel.edu.br\/pelotasmun\/munzinho\/","title":{"rendered":"Munzinho"},"content":{"rendered":"<p><strong><span style=\"font-size: 18pt\">Voc\u00ea j\u00e1 conhece o <em>Munzinho<\/em>?<\/span><\/strong><\/p>\n<p><img loading=\"lazy\" decoding=\"async\" class=\"wp-image-1480 alignleft\" src=\"https:\/\/wp.ufpel.edu.br\/pelotasmun\/files\/2020\/07\/munzinho1transp-1024x952.png\" alt=\"\" width=\"360\" height=\"335\" \/><\/p>\n<p>O Munzinho \u00e9 o mascote oficial do Pelotas Model United Nations. Ele \u00e9 conhecido por suas apari\u00e7\u00f5es curiosas nas m\u00eddias sociais do evento, sempre demonstrando seu carisma e chamando aten\u00e7\u00e3o do nosso p\u00fablico.<\/p>\n<p>Embora ainda crian\u00e7a, o Munzinho j\u00e1 tem demonstrado seu car\u00e1ter forte em rela\u00e7\u00e3o aos problemas globais, al\u00e9m de claro gostar muito de assistir as simula\u00e7\u00f5es em Pelotas.<\/p>\n<p>Confira mais sobre ele nas nossas m\u00eddias sociais! Siga-nos no instagram.com\/pelotasmun e deixe sua mensagem pro Munzinho na DM! \ud83d\ude42<\/p>\n","protected":false},"excerpt":{"rendered":"<p>Voc\u00ea j\u00e1 conhece o Munzinho? O Munzinho \u00e9 o mascote oficial do Pelotas Model United Nations. Ele \u00e9 conhecido por suas apari\u00e7\u00f5es curiosas nas m\u00eddias sociais do evento, sempre demonstrando seu carisma e chamando aten\u00e7\u00e3o do nosso p\u00fablico. Embora ainda crian\u00e7a, o Munzinho j\u00e1 tem demonstrado seu car\u00e1ter forte em rela\u00e7\u00e3o aos problemas globais, al\u00e9m &hellip; <\/p>\n<p><a class=\"more-link btn\" href=\"https:\/\/wp.ufpel.edu.br\/pelotasmun\/munzinho\/\">Continue lendo<\/a><\/p>\n","protected":false},"author":764,"featured_media":0,"parent":0,"menu_order":0,"comment_status":"closed","ping_status":"closed","template":"","meta":{"footnotes":""},"class_list":["post-1393","page","type-page","status-publish","hentry","nodate","item-wrap"],"jetpack_sharing_enabled":true,"jetpack_shortlink":"https:\/\/wp.me\/P8QcCB-mt","jetpack-related-posts":[],"_links":{"self":[{"href":"https:\/\/wp.ufpel.edu.br\/pelotasmun\/wp-json\/wp\/v2\/pages\/1393","targetHints":{"allow":["GET"]}}],"collection":[{"href":"https:\/\/wp.ufpel.edu.br\/pelotasmun\/wp-json\/wp\/v2\/pages"}],"about":[{"href":"https:\/\/wp.ufpel.edu.br\/pelotasmun\/wp-json\/wp\/v2\/types\/page"}],"author":[{"embeddable":true,"href":"https:\/\/wp.ufpel.edu.br\/pelotasmun\/wp-json\/wp\/v2\/users\/764"}],"replies":[{"embeddable":true,"href":"https:\/\/wp.ufpel.edu.br\/pelotasmun\/wp-json\/wp\/v2\/comments?post=1393"}],"version-history":[{"count":3,"href":"https:\/\/wp.ufpel.edu.br\/pelotasmun\/wp-json\/wp\/v2\/pages\/1393\/revisions"}],"predecessor-version":[{"id":6388,"href":"https:\/\/wp.ufpel.edu.br\/pelotasmun\/wp-json\/wp\/v2\/pages\/1393\/revisions\/6388"}],"wp:attachment":[{"href":"https:\/\/wp.ufpel.edu.br\/pelotasmun\/wp-json\/wp\/v2\/media?parent=1393"}],"curies":[{"name":"wp","href":"https:\/\/api.w.org\/{rel}","templated":true}]}}