{"id":248,"date":"2017-07-14T19:09:40","date_gmt":"2017-07-14T22:09:40","guid":{"rendered":"https:\/\/wp.ufpel.edu.br\/pedagogia\/?page_id=248"},"modified":"2017-07-14T19:09:40","modified_gmt":"2017-07-14T22:09:40","slug":"sou-egresso","status":"publish","type":"page","link":"https:\/\/wp.ufpel.edu.br\/pedagogia\/sou-egresso\/","title":{"rendered":"SOU EGRESSO"},"content":{"rendered":"<p><a href=\"https:\/\/wp.ufpel.edu.br\/pedagogia\/urgencia-na-expedicao-de-diploma\/\">Urg\u00eancia na Expedi\u00e7\u00e3o de Diploma<\/a><\/p>\n<p><a href=\"https:\/\/wp.ufpel.edu.br\/pedagogia\/2o-via-do-diploma\/\">2\u00ba Via do Diploma<\/a><\/p>\n<p><a href=\"https:\/\/wp.ufpel.edu.br\/pedagogia\/solicitacao-de-historico\/\">Solicita\u00e7\u00e3o de Hist\u00f3rico Escolar<\/a><\/p>\n","protected":false},"excerpt":{"rendered":"<p>Urg\u00eancia na Expedi\u00e7\u00e3o de Diploma 2\u00ba Via do Diploma Solicita\u00e7\u00e3o de Hist\u00f3rico Escolar<\/p>\n","protected":false},"author":314,"featured_media":0,"parent":0,"menu_order":0,"comment_status":"closed","ping_status":"closed","template":"","meta":{"footnotes":""},"class_list":["post-248","page","type-page","status-publish","hentry"],"jetpack_sharing_enabled":true,"_links":{"self":[{"href":"https:\/\/wp.ufpel.edu.br\/pedagogia\/wp-json\/wp\/v2\/pages\/248","targetHints":{"allow":["GET"]}}],"collection":[{"href":"https:\/\/wp.ufpel.edu.br\/pedagogia\/wp-json\/wp\/v2\/pages"}],"about":[{"href":"https:\/\/wp.ufpel.edu.br\/pedagogia\/wp-json\/wp\/v2\/types\/page"}],"author":[{"embeddable":true,"href":"https:\/\/wp.ufpel.edu.br\/pedagogia\/wp-json\/wp\/v2\/users\/314"}],"replies":[{"embeddable":true,"href":"https:\/\/wp.ufpel.edu.br\/pedagogia\/wp-json\/wp\/v2\/comments?post=248"}],"version-history":[{"count":1,"href":"https:\/\/wp.ufpel.edu.br\/pedagogia\/wp-json\/wp\/v2\/pages\/248\/revisions"}],"predecessor-version":[{"id":250,"href":"https:\/\/wp.ufpel.edu.br\/pedagogia\/wp-json\/wp\/v2\/pages\/248\/revisions\/250"}],"wp:attachment":[{"href":"https:\/\/wp.ufpel.edu.br\/pedagogia\/wp-json\/wp\/v2\/media?parent=248"}],"curies":[{"name":"wp","href":"https:\/\/api.w.org\/{rel}","templated":true}]}}