{"id":227,"date":"2017-07-14T18:42:06","date_gmt":"2017-07-14T21:42:06","guid":{"rendered":"https:\/\/wp.ufpel.edu.br\/pedagogia\/?page_id=227"},"modified":"2017-07-14T18:42:06","modified_gmt":"2017-07-14T21:42:06","slug":"reingresso","status":"publish","type":"page","link":"https:\/\/wp.ufpel.edu.br\/pedagogia\/reingresso\/","title":{"rendered":"REINGRESSO"},"content":{"rendered":"<p>\u00c9 a op\u00e7\u00e3o para ex-alunos da UFPel retornarem \u00e0 Institui\u00e7\u00e3o, mediante a exist\u00eancia de vagas, divulgadas em edital previsto no Calend\u00e1rio Acad\u00eamico. Somente ser\u00e3o aceitas inscri\u00e7\u00f5es de alunos que cancelaram ou abandonaram os cursos, e para o mesmo o curso que o candidato cancelou ou abandonou.\u00a0<strong>Conforme a\u00a0<\/strong><a href=\"http:\/\/ccs2.ufpel.edu.br\/wp\/wp-content\/uploads\/2016\/03\/Resolucao-COCEPE-052016.pdf\">resolu\u00e7\u00e3o 05\/2016<\/a><strong>, para pedir reingresso, o aluno precisa ter conclu\u00eddo, dois semestres ou um ano letivo no curso de origem\u00a0e ter aproveitamento de pelo menos tr\u00eas disciplinas do primeiro semestre do curso.<\/strong><\/p>\n<p>Os candidatos dever\u00e3o ler atentamente as informa\u00e7\u00f5es do Edital, que ser\u00e1 publicado na p\u00e1gina da\u00a0CRA, contendo data, hor\u00e1rios, local e documenta\u00e7\u00e3o exigida para a inscri\u00e7\u00e3o.<\/p>\n<p>Para o ingresso nesta modalidade ser\u00e1 cobrada taxa no valor de R$ 10,00.<\/p>\n<ul>\n<li>Ex-alunos de cursos extintos ou em extin\u00e7\u00e3o\u00a0<strong><em>n\u00e3o poder\u00e3o<\/em><\/strong>\u00a0pedir o reingresso.\u00a0N\u00e3o ser\u00e1 permitido tamb\u00e9m o reingresso nos casos em que o discente j\u00e1 se encontrar em situa\u00e7\u00e3o pass\u00edvel de jubilamento.<\/li>\n<\/ul>\n<p>Obs. 1: O aproveitamento de disciplinas est\u00e1 condicionado \u00e0 compatibilidade de 75% da carga hor\u00e1ria e do conte\u00fado da disciplina. H\u00e1 a possibilidade de aproveitamento de disciplinas dos candidatos mediante complementa\u00e7\u00e3o de estudos quando exigida pelos colegiados de curso e aprovada pela Unidade.<\/p>\n<p>Obs. 2: Os colegiados de curso podem, em cada processo seletivo, utilizar crit\u00e9rios de sele\u00e7\u00e3o diferentes aos da Resolu\u00e7\u00e3o 05\/2016 do COCEPE, desde que apresentem justificativa pr\u00e9via com raz\u00f5es objetivas ao COCEPE. Devem os candidatos, portanto, ficar atentos ao edital publicado antes de cada processo.<\/p>\n<p><em>\u00a0<\/em><\/p>\n<p><em>Fonte:\u00a0<\/em><a href=\"https:\/\/wp.ufpel.edu.br\/scs\/files\/2016\/03\/Resolu%C3%A7%C3%A3o-COCEPE-052016.pdf\"><em>Resolu\u00e7\u00e3o 05\/2016<\/em><\/a><\/p>\n","protected":false},"excerpt":{"rendered":"<p>\u00c9 a op\u00e7\u00e3o para ex-alunos da UFPel retornarem \u00e0 Institui\u00e7\u00e3o, mediante a exist\u00eancia de vagas, divulgadas em edital previsto no Calend\u00e1rio Acad\u00eamico. Somente ser\u00e3o aceitas inscri\u00e7\u00f5es de alunos que cancelaram ou abandonaram os cursos, e para o mesmo o curso que o candidato cancelou ou abandonou.\u00a0Conforme a\u00a0resolu\u00e7\u00e3o 05\/2016, para pedir reingresso, o aluno precisa ter [&hellip;]<\/p>\n","protected":false},"author":314,"featured_media":0,"parent":0,"menu_order":0,"comment_status":"closed","ping_status":"closed","template":"","meta":{"footnotes":""},"class_list":["post-227","page","type-page","status-publish","hentry"],"jetpack_sharing_enabled":true,"_links":{"self":[{"href":"https:\/\/wp.ufpel.edu.br\/pedagogia\/wp-json\/wp\/v2\/pages\/227","targetHints":{"allow":["GET"]}}],"collection":[{"href":"https:\/\/wp.ufpel.edu.br\/pedagogia\/wp-json\/wp\/v2\/pages"}],"about":[{"href":"https:\/\/wp.ufpel.edu.br\/pedagogia\/wp-json\/wp\/v2\/types\/page"}],"author":[{"embeddable":true,"href":"https:\/\/wp.ufpel.edu.br\/pedagogia\/wp-json\/wp\/v2\/users\/314"}],"replies":[{"embeddable":true,"href":"https:\/\/wp.ufpel.edu.br\/pedagogia\/wp-json\/wp\/v2\/comments?post=227"}],"version-history":[{"count":1,"href":"https:\/\/wp.ufpel.edu.br\/pedagogia\/wp-json\/wp\/v2\/pages\/227\/revisions"}],"predecessor-version":[{"id":229,"href":"https:\/\/wp.ufpel.edu.br\/pedagogia\/wp-json\/wp\/v2\/pages\/227\/revisions\/229"}],"wp:attachment":[{"href":"https:\/\/wp.ufpel.edu.br\/pedagogia\/wp-json\/wp\/v2\/media?parent=227"}],"curies":[{"name":"wp","href":"https:\/\/api.w.org\/{rel}","templated":true}]}}