{"id":979,"date":"2023-02-17T21:51:14","date_gmt":"2023-02-18T00:51:14","guid":{"rendered":"https:\/\/wp.ufpel.edu.br\/pecos\/?page_id=979"},"modified":"2023-02-22T20:24:18","modified_gmt":"2023-02-22T23:24:18","slug":"volume-9-numero-1-2017","status":"publish","type":"page","link":"https:\/\/wp.ufpel.edu.br\/pecos\/volume-9-numero-1-2017\/","title":{"rendered":"Volume 9, N\u00famero 1, 2017"},"content":{"rendered":"<p>Volume 9, N\u00famero 1, 2017<\/p>\n<p>Artigos T\u00e9cnicos e Cient\u00edficos<\/p>\n<p>CABREIRA, N. S.; BORGES, R. C.; SPAN\u00d3, J. C. E.; FERREIRA, N. S.; BARBIN, E. L. <a href=\"https:\/\/wp.ufpel.edu.br\/pecos\/files\/2021\/01\/instrum_recipr_reciproc_2021_03_10_pecos.pdf\">Instrumenta\u00e7\u00e3o Reciprocante Assim\u00e9trica: Reciproc<\/a>. Plataforma de Ensino Continuado de Odontologia e Sa\u00fade (PECOS), Pelotas, 2017. Dispon\u00edvel em: &lt;https:\/\/wp.ufpel.edu.br\/pecos\/files\/2021\/01\/11a_instrum_recipr_reciproc_2021_01_18.pdf&gt;. Acesso em: 08 set. 2021.<\/p>\n<p>UARTH, L. T.; BARBIN, E. L. <a href=\"https:\/\/wp.ufpel.edu.br\/pecos\/files\/2017\/09\/aspec_endod_td_iadt_2017_09_22_pecos.pdf\">Aspectos Endod\u00f4nticos dos Traumatismos Alv\u00e9olo-Dent\u00e1rios em Dentes Permanentes<\/a>. Plataforma de Ensino Continuado de Odontologia e Sa\u00fade (PECOS), Pelotas, 2017. Dispon\u00edvel em: &lt;https:\/\/ava.ufpel.edu.br\/pre\/course\/view.php?id=1234&gt;. Acesso em: 22 set. 2017.<\/p>\n<p>Not\u00edcias<\/p>\n<p class=\"corTexto\"><a href=\"https:\/\/wp.ufpel.edu.br\/pecos\/2017\/03\/22\/guia-de-trauma-dental-da-associacao-internacional-de-traumatologia-dentaria-em-lingua-portuguesa\/\">Guia de Trauma Dental da Associa\u00e7\u00e3o Internacional de Traumatologia Dent\u00e1ria em L\u00edngua Portuguesa<\/a><\/p>\n","protected":false},"excerpt":{"rendered":"<p>Volume 9, N\u00famero 1, 2017 Artigos T\u00e9cnicos e Cient\u00edficos CABREIRA, N. S.; BORGES, R. C.; SPAN\u00d3, J. C. E.; FERREIRA, N. S.; BARBIN, E. L. Instrumenta\u00e7\u00e3o Reciprocante Assim\u00e9trica: Reciproc. Plataforma de Ensino Continuado de Odontologia e Sa\u00fade (PECOS), Pelotas, 2017. Dispon\u00edvel em: &lt;https:\/\/wp.ufpel.edu.br\/pecos\/files\/2021\/01\/11a_instrum_recipr_reciproc_2021_01_18.pdf&gt;. Acesso em: 08 set. 2021. UARTH, L. T.; BARBIN, E. L. Aspectos [&hellip;]<\/p>\n","protected":false},"author":30,"featured_media":0,"parent":0,"menu_order":0,"comment_status":"closed","ping_status":"closed","template":"","meta":{"footnotes":""},"class_list":["post-979","page","type-page","status-publish","hentry"],"jetpack_sharing_enabled":true,"_links":{"self":[{"href":"https:\/\/wp.ufpel.edu.br\/pecos\/wp-json\/wp\/v2\/pages\/979","targetHints":{"allow":["GET"]}}],"collection":[{"href":"https:\/\/wp.ufpel.edu.br\/pecos\/wp-json\/wp\/v2\/pages"}],"about":[{"href":"https:\/\/wp.ufpel.edu.br\/pecos\/wp-json\/wp\/v2\/types\/page"}],"author":[{"embeddable":true,"href":"https:\/\/wp.ufpel.edu.br\/pecos\/wp-json\/wp\/v2\/users\/30"}],"replies":[{"embeddable":true,"href":"https:\/\/wp.ufpel.edu.br\/pecos\/wp-json\/wp\/v2\/comments?post=979"}],"version-history":[{"count":5,"href":"https:\/\/wp.ufpel.edu.br\/pecos\/wp-json\/wp\/v2\/pages\/979\/revisions"}],"predecessor-version":[{"id":1050,"href":"https:\/\/wp.ufpel.edu.br\/pecos\/wp-json\/wp\/v2\/pages\/979\/revisions\/1050"}],"wp:attachment":[{"href":"https:\/\/wp.ufpel.edu.br\/pecos\/wp-json\/wp\/v2\/media?parent=979"}],"curies":[{"name":"wp","href":"https:\/\/api.w.org\/{rel}","templated":true}]}}