{"id":223,"date":"2015-03-09T16:03:36","date_gmt":"2015-03-09T19:03:36","guid":{"rendered":"https:\/\/wp.ufpel.edu.br\/pecos\/?page_id=223"},"modified":"2025-09-19T22:29:27","modified_gmt":"2025-09-20T01:29:27","slug":"artigos-protese-parcial-fixa","status":"publish","type":"page","link":"https:\/\/wp.ufpel.edu.br\/pecos\/artigos-protese-parcial-fixa\/","title":{"rendered":"Artigos Pr\u00f3tese Parcial Fixa"},"content":{"rendered":"<p><a href=\"https:\/\/wp.ufpel.edu.br\/pecos\/files\/2015\/03\/Principios-dos-Preparos-em-Protese-Parcial-Fixa-PPF.pdf\">Princ\u00edpios dos Preparos em Pr\u00f3tese Parcial Fixa (PPF)<\/a><\/p>\n<p><a href=\"https:\/\/wp.ufpel.edu.br\/pecos\/files\/2015\/03\/protesepinointraendoniti.pdf\">Aspectos da Reabilita\u00e7\u00e3o Prot\u00e9tica p\u00f3s Microcirurgia Endod\u00f4ntica Rotat\u00f3ria com NiTi<\/a><\/p>\n<p>&nbsp;<\/p>\n<p>&nbsp;<\/p>\n","protected":false},"excerpt":{"rendered":"<p>Princ\u00edpios dos Preparos em Pr\u00f3tese Parcial Fixa (PPF) Aspectos da Reabilita\u00e7\u00e3o Prot\u00e9tica p\u00f3s Microcirurgia Endod\u00f4ntica Rotat\u00f3ria com NiTi &nbsp; &nbsp;<\/p>\n","protected":false},"author":296,"featured_media":0,"parent":0,"menu_order":0,"comment_status":"closed","ping_status":"closed","template":"","meta":{"footnotes":""},"class_list":["post-223","page","type-page","status-publish","hentry"],"jetpack_sharing_enabled":true,"_links":{"self":[{"href":"https:\/\/wp.ufpel.edu.br\/pecos\/wp-json\/wp\/v2\/pages\/223","targetHints":{"allow":["GET"]}}],"collection":[{"href":"https:\/\/wp.ufpel.edu.br\/pecos\/wp-json\/wp\/v2\/pages"}],"about":[{"href":"https:\/\/wp.ufpel.edu.br\/pecos\/wp-json\/wp\/v2\/types\/page"}],"author":[{"embeddable":true,"href":"https:\/\/wp.ufpel.edu.br\/pecos\/wp-json\/wp\/v2\/users\/296"}],"replies":[{"embeddable":true,"href":"https:\/\/wp.ufpel.edu.br\/pecos\/wp-json\/wp\/v2\/comments?post=223"}],"version-history":[{"count":3,"href":"https:\/\/wp.ufpel.edu.br\/pecos\/wp-json\/wp\/v2\/pages\/223\/revisions"}],"predecessor-version":[{"id":1208,"href":"https:\/\/wp.ufpel.edu.br\/pecos\/wp-json\/wp\/v2\/pages\/223\/revisions\/1208"}],"wp:attachment":[{"href":"https:\/\/wp.ufpel.edu.br\/pecos\/wp-json\/wp\/v2\/media?parent=223"}],"curies":[{"name":"wp","href":"https:\/\/api.w.org\/{rel}","templated":true}]}}