{"id":216,"date":"2015-03-09T15:52:24","date_gmt":"2015-03-09T18:52:24","guid":{"rendered":"https:\/\/wp.ufpel.edu.br\/pecos\/?page_id=216"},"modified":"2015-03-09T15:54:57","modified_gmt":"2015-03-09T18:54:57","slug":"teses-e-dissertacoes","status":"publish","type":"page","link":"https:\/\/wp.ufpel.edu.br\/pecos\/teses-e-dissertacoes\/","title":{"rendered":"Teses e Disserta\u00e7\u00f5es"},"content":{"rendered":"<h2>Teses de Doutorado em Endodontia<\/h2>\n<p><a title=\"Tese de \" href=\"http:\/\/www.teses.usp.br\/teses\/disponiveis\/58\/58133\/tde-30062008-115416\/\" target=\"_self\">BARBIN, E. L. An\u00e1lise qu\u00edmica da clorexidina misturada ou n\u00e3o ao hidr\u00f3xido de c\u00e1lcio.<br \/>\n2008. 118 p. Tese (Doutorado) &#8211; Faculdade de Odontologia de Ribeir\u00e3o Preto, Universidade de S\u00e3o Paulo, Ribeir\u00e3o Preto, 2008<\/a>. Dispon\u00edvel em <a href=\"http:\/\/www.teses.usp.br\/teses\/disponiveis\/58\/58133\/tde-30062008-115416\/\">BDTD-USP<\/a>, <a href=\"https:\/\/wp.ufpel.edu.br\/pecos\/files\/2015\/03\/do_barbin.pdf\">PECOS<\/a> e em <a href=\"http:\/\/www.forp.usp.br\/restauradora\/Teses\/Barbin\/doutorado_barbin.html\">DOR-FORP-USP<\/a>.<\/p>\n<p><a href=\"http:\/\/www.teses.usp.br\/teses\/disponiveis\/58\/58133\/tde-08072008-154416\/pt-br.php\">SPAN\u00d3, J. C. E. Limpeza das paredes dos canais radiculares promovida por agentes desmineralizantes e quelantes: estudo in vitro por microscopia eletr\u00f4nica de varredura e espectrofotometria dos compostos. 2008. 110 p. Tese (Doutorado) &#8211; Faculdade de Odontologia de Ribeir\u00e3o Preto, Universidade de S\u00e3o Paulo, Ribeir\u00e3o Preto, 2008.<\/a> Dispon\u00edvel em <a href=\"http:\/\/www.teses.usp.br\/teses\/disponiveis\/58\/58133\/tde-08072008-154416\/pt-br.php\">BDTD-USP<\/a>.<\/p>\n<h2>Disserta\u00e7\u00f5es de Mestrado em Endodontia<\/h2>\n<p><a href=\"http:\/\/www.teses.usp.br\/teses\/disponiveis\/58\/58133\/tde-26022010-165836\/pt-br.php\">BARBIN, E. L. Estudo \u201cin vitro\u201d do efeito da adi\u00e7\u00e3o de lauril dietileno glicol \u00e9ter sulfato de s\u00f3dio nas solu\u00e7\u00f5es hipoclorito de s\u00f3dio sobre suas propriedades f\u00edsico-qu\u00edmicas anteriores e posteriores \u00e0 dissolu\u00e7\u00e3o do tecido pulpar bovino. 1999. 108p. Disserta\u00e7\u00e3o (Mestrado em Odontologia Restauradora, Sub\u00e1rea Endodontia) &#8211; Faculdade de Odontologia de Ribeir\u00e3o Preto, Universidade de S\u00e3o Paulo, Ribeir\u00e3o Preto, 1999<\/a>. Dispon\u00edvel em <a href=\"http:\/\/www.teses.usp.br\/teses\/disponiveis\/58\/58133\/tde-26022010-165836\/pt-br.php\">BDTD-USP<\/a>, <a href=\"https:\/\/wp.ufpel.edu.br\/pecos\/files\/2015\/03\/me_barbin.pdf\">PECOS<\/a> e em <a href=\"http:\/\/www.forp.usp.br\/restauradora\/Teses\/Barbin\/mestrado_barbin.html\">DOR-FORP-USP<\/a>.<\/p>\n<p><a href=\"http:\/\/www.forp.usp.br\/restauradora\/Teses\/Spano\/spanomest.html\">SPAN\u00d3, J. C. E. Estudo \u201cin vitro\u201d das propriedades f\u00edsico-qu\u00edmicas das solu\u00e7\u00f5es de hipoclorito de s\u00f3dio, em diferentes concentra\u00e7\u00f5es, antes e ap\u00f3s a dissolu\u00e7\u00e3o de tecido pulpar bovino. 1999. 96p. Disserta\u00e7\u00e3o(Mestrado em Odontologia Restauradora, Sub\u00e1rea Endodontia) &#8211; Faculdade de Odontologia de Ribeir\u00e3o Preto, Universidade de S\u00e3o Paulo, Ribeir\u00e3o Preto, 1999<\/a>. Dispon\u00edvel em <a href=\"http:\/\/www.forp.usp.br\/restauradora\/Teses\/Spano\/spanomest.html\">DOR-FORP-USP<\/a>.<\/p>\n","protected":false},"excerpt":{"rendered":"<p>Teses de Doutorado em Endodontia BARBIN, E. L. An\u00e1lise qu\u00edmica da clorexidina misturada ou n\u00e3o ao hidr\u00f3xido de c\u00e1lcio. 2008. 118 p. Tese (Doutorado) &#8211; Faculdade de Odontologia de Ribeir\u00e3o Preto, Universidade de S\u00e3o Paulo, Ribeir\u00e3o Preto, 2008. Dispon\u00edvel em BDTD-USP, PECOS e em DOR-FORP-USP. SPAN\u00d3, J. C. E. Limpeza das paredes dos canais radiculares [&hellip;]<\/p>\n","protected":false},"author":296,"featured_media":0,"parent":0,"menu_order":0,"comment_status":"closed","ping_status":"closed","template":"","meta":{"footnotes":""},"class_list":["post-216","page","type-page","status-publish","hentry"],"jetpack_sharing_enabled":true,"_links":{"self":[{"href":"https:\/\/wp.ufpel.edu.br\/pecos\/wp-json\/wp\/v2\/pages\/216","targetHints":{"allow":["GET"]}}],"collection":[{"href":"https:\/\/wp.ufpel.edu.br\/pecos\/wp-json\/wp\/v2\/pages"}],"about":[{"href":"https:\/\/wp.ufpel.edu.br\/pecos\/wp-json\/wp\/v2\/types\/page"}],"author":[{"embeddable":true,"href":"https:\/\/wp.ufpel.edu.br\/pecos\/wp-json\/wp\/v2\/users\/296"}],"replies":[{"embeddable":true,"href":"https:\/\/wp.ufpel.edu.br\/pecos\/wp-json\/wp\/v2\/comments?post=216"}],"version-history":[{"count":2,"href":"https:\/\/wp.ufpel.edu.br\/pecos\/wp-json\/wp\/v2\/pages\/216\/revisions"}],"predecessor-version":[{"id":220,"href":"https:\/\/wp.ufpel.edu.br\/pecos\/wp-json\/wp\/v2\/pages\/216\/revisions\/220"}],"wp:attachment":[{"href":"https:\/\/wp.ufpel.edu.br\/pecos\/wp-json\/wp\/v2\/media?parent=216"}],"curies":[{"name":"wp","href":"https:\/\/api.w.org\/{rel}","templated":true}]}}