{"id":949,"date":"2018-08-16T10:20:47","date_gmt":"2018-08-16T13:20:47","guid":{"rendered":"https:\/\/wp.ufpel.edu.br\/pave\/?page_id=949"},"modified":"2020-05-22T10:48:27","modified_gmt":"2020-05-22T13:48:27","slug":"perguntas-frequentes-em-libras","status":"publish","type":"page","link":"https:\/\/wp.ufpel.edu.br\/pave\/perguntas-frequentes-em-libras\/","title":{"rendered":"Perguntas Frequentes em LIBRAS"},"content":{"rendered":"<p>GERAL<br \/>\n1. O que \u00e9 o PAVE?<br \/>\n2. Quem pode participar do PAVE?<br \/>\n3. Moro fora de Pelotas, posso fazer o PAVE?<br \/>\n4. Quantas e quais as modalidades de vagas destinadas ao PAVE?<\/p>\n<span class=\"embed-youtube\" style=\"text-align:center; display: block;\"><iframe loading=\"lazy\" class=\"youtube-player\" width=\"604\" height=\"340\" src=\"https:\/\/www.youtube.com\/embed\/Ffh3tq030Vg?version=3&#038;rel=0&#038;showsearch=0&#038;showinfo=1&#038;iv_load_policy=1&#038;fs=1&#038;hl=pt-BR&#038;autohide=2&#038;wmode=transparent\" allowfullscreen=\"true\" style=\"border:0;\" sandbox=\"allow-scripts allow-same-origin allow-popups allow-presentation allow-popups-to-escape-sandbox\"><\/iframe><\/span>\n<p>&nbsp;<\/p>\n<p>INSCRI\u00c7\u00d5ES<br \/>\n5. Quando e como fazer a inscri\u00e7\u00e3o para o PAVE?<br \/>\n6. Quem tem direito \u00e0 isen\u00e7\u00e3o?<br \/>\n7. Como pagar minha inscri\u00e7\u00e3o?<br \/>\n8. Fiz a inscri\u00e7\u00e3o, mas n\u00e3o tenho impressora em casa, o que devo fazer?<br \/>\n9. Quando devo fazer a op\u00e7\u00e3o de curso e op\u00e7\u00e3o por cota?<br \/>\n10. Quais os cursos oferecidos pela UFPel? Posso concorrer a mais de um?<br \/>\n11. O que \u00e9 pedido de migra\u00e7\u00e3o e como solicitar?<br \/>\n12. O que \u00e9 pedido de participa\u00e7\u00e3o?<br \/>\n13. Posso me inscrever em mais de uma etapa ao mesmo tempo?<br \/>\n14. Como saber se minha inscri\u00e7\u00e3o foi efetivada?<\/p>\n<span class=\"embed-youtube\" style=\"text-align:center; display: block;\"><iframe loading=\"lazy\" class=\"youtube-player\" width=\"604\" height=\"340\" src=\"https:\/\/www.youtube.com\/embed\/uVTgxsOiwkw?version=3&#038;rel=0&#038;showsearch=0&#038;showinfo=1&#038;iv_load_policy=1&#038;fs=1&#038;hl=pt-BR&#038;autohide=2&#038;wmode=transparent\" allowfullscreen=\"true\" style=\"border:0;\" sandbox=\"allow-scripts allow-same-origin allow-popups allow-presentation allow-popups-to-escape-sandbox\"><\/iframe><\/span>\n<p>&nbsp;<\/p>\n<p>PROVA<br \/>\n15. Quais documentos posso apresentar para realizar a prova?<br \/>\n16. Perdi\/ roubaram meu documento e n\u00e3o tenho outro permitido, o que fazer?<br \/>\n17. O que levar no dia da prova? Posso levar lanche?<br \/>\n18. Posso levar meu celular e outros aparelhos eletr\u00f4nicos?<br \/>\n19. Quais as formas de elimina\u00e7\u00e3o do PAVE?<\/p>\n<span class=\"embed-youtube\" style=\"text-align:center; display: block;\"><iframe loading=\"lazy\" class=\"youtube-player\" width=\"604\" height=\"340\" src=\"https:\/\/www.youtube.com\/embed\/fInci3GMF8A?version=3&#038;rel=0&#038;showsearch=0&#038;showinfo=1&#038;iv_load_policy=1&#038;fs=1&#038;hl=pt-BR&#038;autohide=2&#038;wmode=transparent\" allowfullscreen=\"true\" style=\"border:0;\" sandbox=\"allow-scripts allow-same-origin allow-popups allow-presentation allow-popups-to-escape-sandbox\"><\/iframe><\/span>\n<p>&nbsp;<\/p>\n<p>AP\u00d3S A PROVA<br \/>\n20. Como entro com recurso de quest\u00e3o?<br \/>\n21. Como verifico minha nota?<br \/>\n22. Minha nota n\u00e3o bate com a que marquei no meu gabarito, o que fazer?<br \/>\n23. Fui aprovado, e agora?<\/p>\n<span class=\"embed-youtube\" style=\"text-align:center; display: block;\"><iframe loading=\"lazy\" class=\"youtube-player\" width=\"604\" height=\"340\" src=\"https:\/\/www.youtube.com\/embed\/2fPfHD25atk?version=3&#038;rel=0&#038;showsearch=0&#038;showinfo=1&#038;iv_load_policy=1&#038;fs=1&#038;hl=pt-BR&#038;autohide=2&#038;wmode=transparent\" allowfullscreen=\"true\" style=\"border:0;\" sandbox=\"allow-scripts allow-same-origin allow-popups allow-presentation allow-popups-to-escape-sandbox\"><\/iframe><\/span>\n<p>&nbsp;<\/p>\n<p>PAVE 2020<br \/>\n24. Qual o per\u00edodo de inscri\u00e7\u00e3o do PAVE 2020?<br \/>\n25. Qual o valor da taxa de Inscri\u00e7\u00e3o?<br \/>\n26. Qual o per\u00edodo de Solicita\u00e7\u00e3o de Isen\u00e7\u00e3o?<br \/>\n27. Qual o per\u00edodo para solicitar migra\u00e7\u00e3o\/participa\u00e7\u00e3o?<br \/>\n28. Quais as datas e hor\u00e1rios das provas?<br \/>\n29. Onde farei a prova?<\/p>\n<p>Em breve v\u00eddeo atualizado com as informa\u00e7\u00f5es espec\u00edficas da edi\u00e7\u00e3o 2020.<\/p>\n<p>&nbsp;<\/p>\n<p>ATENDIMENTO ESPEC\u00cdFICO<br \/>\n30. Quais os recursos oferecidos pela COODEC para participantes que necessitam de algum atendimento espec\u00edfico?<br \/>\n31. Como solicito atendimento espec\u00edfico?<br \/>\n32. Possuo defici\u00eancia, tenho direito \u00e0 cota?<\/p>\n<span class=\"embed-youtube\" style=\"text-align:center; display: block;\"><iframe loading=\"lazy\" class=\"youtube-player\" width=\"604\" height=\"340\" src=\"https:\/\/www.youtube.com\/embed\/D0OrznNbfX0?version=3&#038;rel=0&#038;showsearch=0&#038;showinfo=1&#038;iv_load_policy=1&#038;fs=1&#038;hl=pt-BR&#038;autohide=2&#038;wmode=transparent\" allowfullscreen=\"true\" style=\"border:0;\" sandbox=\"allow-scripts allow-same-origin allow-popups allow-presentation allow-popups-to-escape-sandbox\"><\/iframe><\/span>\n","protected":false},"excerpt":{"rendered":"<p>GERAL 1. O que \u00e9 o PAVE? 2. Quem pode participar do PAVE? 3. Moro fora de Pelotas, posso fazer o PAVE? 4. Quantas e quais as modalidades de vagas destinadas ao PAVE? &nbsp; INSCRI\u00c7\u00d5ES 5. Quando e como fazer a inscri\u00e7\u00e3o para o PAVE? 6. Quem tem direito \u00e0 isen\u00e7\u00e3o? 7. Como pagar minha &hellip; <a href=\"https:\/\/wp.ufpel.edu.br\/pave\/perguntas-frequentes-em-libras\/\" class=\"more-link\">Continue lendo <span class=\"screen-reader-text\">Perguntas Frequentes em LIBRAS<\/span> <span class=\"meta-nav\">&rarr;<\/span><\/a><\/p>\n","protected":false},"author":532,"featured_media":0,"parent":0,"menu_order":0,"comment_status":"closed","ping_status":"closed","template":"","meta":{"jetpack_post_was_ever_published":false,"footnotes":""},"class_list":["post-949","page","type-page","status-publish","hentry"],"jetpack_sharing_enabled":true,"jetpack_shortlink":"https:\/\/wp.me\/P6Ziye-fj","_links":{"self":[{"href":"https:\/\/wp.ufpel.edu.br\/pave\/wp-json\/wp\/v2\/pages\/949","targetHints":{"allow":["GET"]}}],"collection":[{"href":"https:\/\/wp.ufpel.edu.br\/pave\/wp-json\/wp\/v2\/pages"}],"about":[{"href":"https:\/\/wp.ufpel.edu.br\/pave\/wp-json\/wp\/v2\/types\/page"}],"author":[{"embeddable":true,"href":"https:\/\/wp.ufpel.edu.br\/pave\/wp-json\/wp\/v2\/users\/532"}],"replies":[{"embeddable":true,"href":"https:\/\/wp.ufpel.edu.br\/pave\/wp-json\/wp\/v2\/comments?post=949"}],"version-history":[{"count":8,"href":"https:\/\/wp.ufpel.edu.br\/pave\/wp-json\/wp\/v2\/pages\/949\/revisions"}],"predecessor-version":[{"id":1444,"href":"https:\/\/wp.ufpel.edu.br\/pave\/wp-json\/wp\/v2\/pages\/949\/revisions\/1444"}],"wp:attachment":[{"href":"https:\/\/wp.ufpel.edu.br\/pave\/wp-json\/wp\/v2\/media?parent=949"}],"curies":[{"name":"wp","href":"https:\/\/api.w.org\/{rel}","templated":true}]}}

<p>GERAL<br />
1. O que é o PAVE?<br />
2. Quem pode participar do PAVE?<br />
3. Moro fora de Pelotas, posso fazer o PAVE?<br />
4. Quantas e quais as modalidades de vagas destinadas ao PAVE?</p>
<span class="embed-youtube" style="text-align:center; display: block;"><iframe loading="lazy" class="youtube-player" width="604" height="340" src="https://www.youtube.com/embed/Ffh3tq030Vg?version=3&#038;rel=0&#038;showsearch=0&#038;showinfo=1&#038;iv_load_policy=1&#038;fs=1&#038;hl=pt-BR&#038;autohide=2&#038;wmode=transparent" allowfullscreen="true" style="border:0;" sandbox="allow-scripts allow-same-origin allow-popups allow-presentation allow-popups-to-escape-sandbox"></iframe></span>
<p>&nbsp;</p>
<p>INSCRIÇÕES<br />
5. Quando e como fazer a inscrição para o PAVE?<br />
6. Quem tem direito à isenção?<br />
7. Como pagar minha inscrição?<br />
8. Fiz a inscrição, mas não tenho impressora em casa, o que devo fazer?<br />
9. Quando devo fazer a opção de curso e opção por cota?<br />
10. Quais os cursos oferecidos pela UFPel? Posso concorrer a mais de um?<br />
11. O que é pedido de migração e como solicitar?<br />
12. O que é pedido de participação?<br />
13. Posso me inscrever em mais de uma etapa ao mesmo tempo?<br />
14. Como saber se minha inscrição foi efetivada?</p>
<span class="embed-youtube" style="text-align:center; display: block;"><iframe loading="lazy" class="youtube-player" width="604" height="340" src="https://www.youtube.com/embed/uVTgxsOiwkw?version=3&#038;rel=0&#038;showsearch=0&#038;showinfo=1&#038;iv_load_policy=1&#038;fs=1&#038;hl=pt-BR&#038;autohide=2&#038;wmode=transparent" allowfullscreen="true" style="border:0;" sandbox="allow-scripts allow-same-origin allow-popups allow-presentation allow-popups-to-escape-sandbox"></iframe></span>
<p>&nbsp;</p>
<p>PROVA<br />
15. Quais documentos posso apresentar para realizar a prova?<br />
16. Perdi/ roubaram meu documento e não tenho outro permitido, o que fazer?<br />
17. O que levar no dia da prova? Posso levar lanche?<br />
18. Posso levar meu celular e outros aparelhos eletrônicos?<br />
19. Quais as formas de eliminação do PAVE?</p>
<span class="embed-youtube" style="text-align:center; display: block;"><iframe loading="lazy" class="youtube-player" width="604" height="340" src="https://www.youtube.com/embed/fInci3GMF8A?version=3&#038;rel=0&#038;showsearch=0&#038;showinfo=1&#038;iv_load_policy=1&#038;fs=1&#038;hl=pt-BR&#038;autohide=2&#038;wmode=transparent" allowfullscreen="true" style="border:0;" sandbox="allow-scripts allow-same-origin allow-popups allow-presentation allow-popups-to-escape-sandbox"></iframe></span>
<p>&nbsp;</p>
<p>APÓS A PROVA<br />
20. Como entro com recurso de questão?<br />
21. Como verifico minha nota?<br />
22. Minha nota não bate com a que marquei no meu gabarito, o que fazer?<br />
23. Fui aprovado, e agora?</p>
<span class="embed-youtube" style="text-align:center; display: block;"><iframe loading="lazy" class="youtube-player" width="604" height="340" src="https://www.youtube.com/embed/2fPfHD25atk?version=3&#038;rel=0&#038;showsearch=0&#038;showinfo=1&#038;iv_load_policy=1&#038;fs=1&#038;hl=pt-BR&#038;autohide=2&#038;wmode=transparent" allowfullscreen="true" style="border:0;" sandbox="allow-scripts allow-same-origin allow-popups allow-presentation allow-popups-to-escape-sandbox"></iframe></span>
<p>&nbsp;</p>
<p>PAVE 2020<br />
24. Qual o período de inscrição do PAVE 2020?<br />
25. Qual o valor da taxa de Inscrição?<br />
26. Qual o período de Solicitação de Isenção?<br />
27. Qual o período para solicitar migração/participação?<br />
28. Quais as datas e horários das provas?<br />
29. Onde farei a prova?</p>
<p>Em breve vídeo atualizado com as informações específicas da edição 2020.</p>
<p>&nbsp;</p>
<p>ATENDIMENTO ESPECÍFICO<br />
30. Quais os recursos oferecidos pela COODEC para participantes que necessitam de algum atendimento específico?<br />
31. Como solicito atendimento específico?<br />
32. Possuo deficiência, tenho direito à cota?</p>
<span class="embed-youtube" style="text-align:center; display: block;"><iframe loading="lazy" class="youtube-player" width="604" height="340" src="https://www.youtube.com/embed/D0OrznNbfX0?version=3&#038;rel=0&#038;showsearch=0&#038;showinfo=1&#038;iv_load_policy=1&#038;fs=1&#038;hl=pt-BR&#038;autohide=2&#038;wmode=transparent" allowfullscreen="true" style="border:0;" sandbox="allow-scripts allow-same-origin allow-popups allow-presentation allow-popups-to-escape-sandbox"></iframe></span>

<p>GERAL 1. O que é o PAVE? 2. Quem pode participar do PAVE? 3. Moro fora de Pelotas, posso fazer o PAVE? 4. Quantas e quais as modalidades de vagas destinadas ao PAVE? &nbsp; INSCRIÇÕES 5. Quando e como fazer a inscrição para o PAVE? 6. Quem tem direito à isenção? 7. Como pagar minha &hellip; <a href="https://wp.ufpel.edu.br/pave/perguntas-frequentes-em-libras/" class="more-link">Continue lendo <span class="screen-reader-text">Perguntas Frequentes em LIBRAS</span> <span class="meta-nav">&rarr;</span></a></p>
