{"id":849,"date":"2018-07-18T14:47:18","date_gmt":"2018-07-18T17:47:18","guid":{"rendered":"https:\/\/wp.ufpel.edu.br\/pave\/?page_id=849"},"modified":"2022-01-10T23:18:43","modified_gmt":"2022-01-11T02:18:43","slug":"o-pave","status":"publish","type":"page","link":"https:\/\/wp.ufpel.edu.br\/pave\/o-pave\/","title":{"rendered":"Sobre"},"content":{"rendered":"<p class=\"collapseomatic  colomat-close\" id=\"id69d22507055d6\" rel=\"-highlander\" tabindex=\"0\" title=\"O que \u00e9 o PAVE?\"    >O que \u00e9 o PAVE?<\/p><div id=\"target-id69d22507055d6\" class=\"collapseomatic_content \">\n<p>\u00c9 uma modalidade alternativa de sele\u00e7\u00e3o para os cursos de gradua\u00e7\u00e3o da UFPel, constituindo-se em um processo seriado composto por tr\u00eas etapas, gradual e sistem\u00e1tico, que acontece ao longo do Ensino M\u00e9dio (E. M.).<\/p>\n<\/div>\n<p class=\"collapseomatic  colomat-close\" id=\"id69d2250705686\" rel=\"-highlander\" tabindex=\"0\" title=\"Objetivos\"    >Objetivos<\/p><div id=\"target-id69d2250705686\" class=\"collapseomatic_content \">\n<ol>\n<li>Selecionar os futuros estudantes universit\u00e1rios de modo gradual e sistem\u00e1tico, n\u00e3o como o produto de um \u00fanico exame seletivo epis\u00f3dico, mas como a culmin\u00e2ncia de um processo que se desenvolve ao longo do E. M.<\/li>\n<li>Proporcionar aos candidatos condi\u00e7\u00f5es para, num per\u00edodo de tr\u00eas anos, corrigir falhas individuais no processo de aprendizagem.<\/li>\n<li>Definir os par\u00e2metros de um processo seletivo que busque a avalia\u00e7\u00e3o da aprendizagem significativa, em que seja privilegiado o ato de refletir sobre o de memorizar, a qualidade sobre a quantidade de informa\u00e7\u00f5es, o ensino sobre o adestramento e o processo sobre o produto.<\/li>\n<li>Adotar a contextualiza\u00e7\u00e3o interdisciplinar como eixo estruturador da avalia\u00e7\u00e3o, dando-se \u00eanfase ao desenvolvimento das compet\u00eancias e habilidades.<\/li>\n<\/ol>\n<\/div>\n<p>&nbsp;<\/p>\n","protected":false},"excerpt":{"rendered":"<p>&nbsp;<\/p>\n","protected":false},"author":667,"featured_media":0,"parent":0,"menu_order":0,"comment_status":"closed","ping_status":"closed","template":"","meta":{"jetpack_post_was_ever_published":false,"footnotes":""},"class_list":["post-849","page","type-page","status-publish","hentry"],"jetpack_sharing_enabled":true,"jetpack_shortlink":"https:\/\/wp.me\/P6Ziye-dH","_links":{"self":[{"href":"https:\/\/wp.ufpel.edu.br\/pave\/wp-json\/wp\/v2\/pages\/849","targetHints":{"allow":["GET"]}}],"collection":[{"href":"https:\/\/wp.ufpel.edu.br\/pave\/wp-json\/wp\/v2\/pages"}],"about":[{"href":"https:\/\/wp.ufpel.edu.br\/pave\/wp-json\/wp\/v2\/types\/page"}],"author":[{"embeddable":true,"href":"https:\/\/wp.ufpel.edu.br\/pave\/wp-json\/wp\/v2\/users\/667"}],"replies":[{"embeddable":true,"href":"https:\/\/wp.ufpel.edu.br\/pave\/wp-json\/wp\/v2\/comments?post=849"}],"version-history":[{"count":9,"href":"https:\/\/wp.ufpel.edu.br\/pave\/wp-json\/wp\/v2\/pages\/849\/revisions"}],"predecessor-version":[{"id":1941,"href":"https:\/\/wp.ufpel.edu.br\/pave\/wp-json\/wp\/v2\/pages\/849\/revisions\/1941"}],"wp:attachment":[{"href":"https:\/\/wp.ufpel.edu.br\/pave\/wp-json\/wp\/v2\/media?parent=849"}],"curies":[{"name":"wp","href":"https:\/\/api.w.org\/{rel}","templated":true}]}}