{"id":2434,"date":"2022-11-08T10:44:50","date_gmt":"2022-11-08T13:44:50","guid":{"rendered":"https:\/\/wp.ufpel.edu.br\/pave\/?page_id=2434"},"modified":"2022-11-08T10:44:50","modified_gmt":"2022-11-08T13:44:50","slug":"pave-2013","status":"publish","type":"page","link":"https:\/\/wp.ufpel.edu.br\/pave\/pave-2013\/","title":{"rendered":"PAVE 2013"},"content":{"rendered":"<p><a href=\"http:\/\/ces.ufpel.edu.br\/vestibular\/pave\/download\/Candidatos_por_sistema_de_ingresso.pdf\"><strong>Candidatos por Sistema de Ingresso<\/strong><\/a><br \/>\nPublicado em 20\/02\/2014<\/p>\n<p><a href=\"http:\/\/ces.ufpel.edu.br\/vestibular\/pave\/download\/listao2013.pdf\"><strong>Aprovados Pave 8 &#8211; 2013<\/strong><\/a><br \/>\ninclu\u00eddo em 30\/01\/2014 10:32<\/p>\n<p><a href=\"http:\/\/ces.ufpel.edu.br\/vestibular\/pave\/download\/densidade2013.pdf\"><strong>Rela\u00e7\u00e3o Candidato X Vaga<\/strong><\/a><\/p>\n<p><a href=\"http:\/\/ces.ufpel.edu.br\/vestibular\/pave\/download\/densidade2013.pdf\"><strong>Resultados &#8211; Franc\u00eas<\/strong><\/a><\/p>\n<p><a href=\"http:\/\/ces.ufpel.edu.br\/vestibular\/pave\/download\/Informativo.pdf\"><strong>Informativo<\/strong><\/a><br \/>\ninclu\u00eddo em 14\/12\/2013 15:08<\/p>\n<p><a href=\"http:\/\/ces.ufpel.edu.br\/vestibular\/pave\/download\/localdeprova2013.pdf\"><strong>Locais de Prova<\/strong><\/a><\/p>\n<p><a href=\"http:\/\/ces.ufpel.edu.br\/vestibular\/pave\/download\/pave2013_complemento.pdf\"><strong>Complemento<\/strong><\/a><br \/>\ninclu\u00eddo em 06\/12\/2013 17:11<\/p>\n<p><a href=\"http:\/\/ces.ufpel.edu.br\/vestibular\/pave\/download\/reabertura_inscricao_pave2013.pdf\"><strong>Comunicado &#8211; REABERTURA das inscri\u00e7\u00f5es<\/strong><\/a><br \/>\ninclu\u00eddo em 29\/11\/2013 14:39<\/p>\n<p><a href=\"http:\/\/ces.ufpel.edu.br\/vestibular\/pave\/download\/Edital_122_Retificacao_2.pdf\"><strong>Edital &#8211; PAVE 2013 &#8211; Retifica\u00e7\u00e3o<\/strong><\/a><br \/>\ninclu\u00eddo em 26\/11\/2013 14:41<\/p>\n<p><a href=\"http:\/\/ces.ufpel.edu.br\/vestibular\/pave\/download\/isencao_pave2013.pdf\"><strong>Resultado dos Pedidos de Isen\u00e7\u00e3o<\/strong><\/a><br \/>\ninclu\u00eddo em 21\/11\/2013 15:20<\/p>\n<p><a href=\"http:\/\/ces.ufpel.edu.br\/vestibular\/pave\/download\/Edital_122_Retificacao.pdf\"><strong>Edital &#8211; PAVE 2013 &#8211; Retifica\u00e7\u00e3o<\/strong><\/a><br \/>\ninclu\u00eddo em 07\/11\/2013 10:07<\/p>\n<p><a href=\"http:\/\/ces.ufpel.edu.br\/vestibular\/pave\/download\/pedido_participa.pdf\"><strong>Pedido de Participa\u00e7\u00e3o<\/strong><\/a><br \/>\ninclu\u00eddo em 05\/11\/2013 16:38<\/p>\n<p><a href=\"http:\/\/ces.ufpel.edu.br\/vestibular\/pave\/download\/edital_pave_2013.pdf\"><strong>Edital &#8211; PAVE 2013<\/strong><\/a><br \/>\ninclu\u00eddo em 01\/11\/2013 11:26<\/p>\n","protected":false},"excerpt":{"rendered":"<p>Candidatos por Sistema de Ingresso Publicado em 20\/02\/2014 Aprovados Pave 8 &#8211; 2013 inclu\u00eddo em 30\/01\/2014 10:32 Rela\u00e7\u00e3o Candidato X Vaga Resultados &#8211; Franc\u00eas Informativo inclu\u00eddo em 14\/12\/2013 15:08 Locais de Prova Complemento inclu\u00eddo em 06\/12\/2013 17:11 Comunicado &#8211; REABERTURA das inscri\u00e7\u00f5es inclu\u00eddo em 29\/11\/2013 14:39 Edital &#8211; PAVE 2013 &#8211; Retifica\u00e7\u00e3o inclu\u00eddo em 26\/11\/2013 &hellip; <a href=\"https:\/\/wp.ufpel.edu.br\/pave\/pave-2013\/\" class=\"more-link\">Continue lendo <span class=\"screen-reader-text\">PAVE 2013<\/span> <span class=\"meta-nav\">&rarr;<\/span><\/a><\/p>\n","protected":false},"author":341,"featured_media":0,"parent":0,"menu_order":0,"comment_status":"closed","ping_status":"closed","template":"","meta":{"jetpack_post_was_ever_published":false,"footnotes":""},"class_list":["post-2434","page","type-page","status-publish","hentry"],"jetpack_sharing_enabled":true,"jetpack_shortlink":"https:\/\/wp.me\/P6Ziye-Dg","_links":{"self":[{"href":"https:\/\/wp.ufpel.edu.br\/pave\/wp-json\/wp\/v2\/pages\/2434","targetHints":{"allow":["GET"]}}],"collection":[{"href":"https:\/\/wp.ufpel.edu.br\/pave\/wp-json\/wp\/v2\/pages"}],"about":[{"href":"https:\/\/wp.ufpel.edu.br\/pave\/wp-json\/wp\/v2\/types\/page"}],"author":[{"embeddable":true,"href":"https:\/\/wp.ufpel.edu.br\/pave\/wp-json\/wp\/v2\/users\/341"}],"replies":[{"embeddable":true,"href":"https:\/\/wp.ufpel.edu.br\/pave\/wp-json\/wp\/v2\/comments?post=2434"}],"version-history":[{"count":1,"href":"https:\/\/wp.ufpel.edu.br\/pave\/wp-json\/wp\/v2\/pages\/2434\/revisions"}],"predecessor-version":[{"id":2436,"href":"https:\/\/wp.ufpel.edu.br\/pave\/wp-json\/wp\/v2\/pages\/2434\/revisions\/2436"}],"wp:attachment":[{"href":"https:\/\/wp.ufpel.edu.br\/pave\/wp-json\/wp\/v2\/media?parent=2434"}],"curies":[{"name":"wp","href":"https:\/\/api.w.org\/{rel}","templated":true}]}}

<p><a href="http://ces.ufpel.edu.br/vestibular/pave/download/Candidatos_por_sistema_de_ingresso.pdf"><strong>Candidatos por Sistema de Ingresso</strong></a><br />
Publicado em 20/02/2014</p>
<p><a href="http://ces.ufpel.edu.br/vestibular/pave/download/listao2013.pdf"><strong>Aprovados Pave 8 &#8211; 2013</strong></a><br />
incluído em 30/01/2014 10:32</p>
<p><a href="http://ces.ufpel.edu.br/vestibular/pave/download/densidade2013.pdf"><strong>Relação Candidato X Vaga</strong></a></p>
<p><a href="http://ces.ufpel.edu.br/vestibular/pave/download/densidade2013.pdf"><strong>Resultados &#8211; Francês</strong></a></p>
<p><a href="http://ces.ufpel.edu.br/vestibular/pave/download/Informativo.pdf"><strong>Informativo</strong></a><br />
incluído em 14/12/2013 15:08</p>
<p><a href="http://ces.ufpel.edu.br/vestibular/pave/download/localdeprova2013.pdf"><strong>Locais de Prova</strong></a></p>
<p><a href="http://ces.ufpel.edu.br/vestibular/pave/download/pave2013_complemento.pdf"><strong>Complemento</strong></a><br />
incluído em 06/12/2013 17:11</p>
<p><a href="http://ces.ufpel.edu.br/vestibular/pave/download/reabertura_inscricao_pave2013.pdf"><strong>Comunicado &#8211; REABERTURA das inscrições</strong></a><br />
incluído em 29/11/2013 14:39</p>
<p><a href="http://ces.ufpel.edu.br/vestibular/pave/download/Edital_122_Retificacao_2.pdf"><strong>Edital &#8211; PAVE 2013 &#8211; Retificação</strong></a><br />
incluído em 26/11/2013 14:41</p>
<p><a href="http://ces.ufpel.edu.br/vestibular/pave/download/isencao_pave2013.pdf"><strong>Resultado dos Pedidos de Isenção</strong></a><br />
incluído em 21/11/2013 15:20</p>
<p><a href="http://ces.ufpel.edu.br/vestibular/pave/download/Edital_122_Retificacao.pdf"><strong>Edital &#8211; PAVE 2013 &#8211; Retificação</strong></a><br />
incluído em 07/11/2013 10:07</p>
<p><a href="http://ces.ufpel.edu.br/vestibular/pave/download/pedido_participa.pdf"><strong>Pedido de Participação</strong></a><br />
incluído em 05/11/2013 16:38</p>
<p><a href="http://ces.ufpel.edu.br/vestibular/pave/download/edital_pave_2013.pdf"><strong>Edital &#8211; PAVE 2013</strong></a><br />
incluído em 01/11/2013 11:26</p>

<p>Candidatos por Sistema de Ingresso Publicado em 20/02/2014 Aprovados Pave 8 &#8211; 2013 incluído em 30/01/2014 10:32 Relação Candidato X Vaga Resultados &#8211; Francês Informativo incluído em 14/12/2013 15:08 Locais de Prova Complemento incluído em 06/12/2013 17:11 Comunicado &#8211; REABERTURA das inscrições incluído em 29/11/2013 14:39 Edital &#8211; PAVE 2013 &#8211; Retificação incluído em 26/11/2013 &hellip; <a href="https://wp.ufpel.edu.br/pave/pave-2013/" class="more-link">Continue lendo <span class="screen-reader-text">PAVE 2013</span> <span class="meta-nav">&rarr;</span></a></p>
