{"id":1516,"date":"2021-02-22T21:24:40","date_gmt":"2021-02-23T00:24:40","guid":{"rendered":"https:\/\/wp.ufpel.edu.br\/pave\/?page_id=1516"},"modified":"2025-06-27T17:21:16","modified_gmt":"2025-06-27T20:21:16","slug":"cronograma","status":"publish","type":"page","link":"https:\/\/wp.ufpel.edu.br\/pave\/cronograma\/","title":{"rendered":"CRONOGRAMA PAVE 2025"},"content":{"rendered":"<p>ATEN\u00c7\u00c3O:<\/p>\n<p>PAVE 2025 &#8211; reserve as datas!<br \/>\n06\/12\/2025 \u2013 Etapa 1<br \/>\n07\/12\/2025 \u2013 Etapas 2 e 3<br \/>\nInscri\u00e7\u00f5es abertas de 1\u00ba de julho a 6 de outubro!<\/p>\n<p>EVENTOS<\/p>\n<table style=\"width: 100%; border-collapse: collapse; border-color: #242020; background-color: #ffffff;\" border=\"2\" cellspacing=\"1\">\n<tbody>\n<tr style=\"height: 37px;\">\n<td style=\"width: 63.5158%; text-align: center; height: 37px;\"><strong><span style=\"font-size: 14pt;\">Eventos<\/span><\/strong><\/td>\n<td style=\"width: 36.1526%; text-align: center; height: 37px;\"><strong><span style=\"font-size: 14pt;\">Datas<\/span><\/strong><\/td>\n<\/tr>\n<tr style=\"height: 28px;\">\n<td style=\"width: 63.5158%; height: 28px; text-align: left;\"><strong>\u00a0Per\u00edodo de pedidos de Migra\u00e7\u00e3o e Participa\u00e7\u00e3o<\/strong><\/td>\n<td style=\"width: 36.1526%; height: 28px; text-align: center;\"><b>1\u00ba\/07 a 15\/09<\/b><\/td>\n<\/tr>\n<tr style=\"height: 28px;\">\n<td style=\"width: 63.5158%; height: 28px; text-align: left;\"><strong>\u00a0Per\u00edodo de Inscri\u00e7\u00f5es com desconto no valor da taxa<\/strong><\/td>\n<td style=\"width: 36.1526%; height: 28px; text-align: center;\"><strong>1\u00ba\/07 a 31\/08<\/strong><\/td>\n<\/tr>\n<tr>\n<td style=\"width: 63.5158%; text-align: left;\"><strong>Per\u00edodo de Inscri\u00e7\u00f5es com valor integral da taxa<\/strong><\/td>\n<td style=\"width: 36.1526%; text-align: center;\"><strong>1\u00ba\/09 a 06\/10<\/strong><\/td>\n<\/tr>\n<tr>\n<td style=\"width: 63.5158%; text-align: left;\"><strong>Data limite para pagamento da taxa de inscri\u00e7\u00e3o<\/strong><\/td>\n<td style=\"width: 36.1526%; text-align: center;\"><strong>07\/10 (banco do Brasil)<\/strong><\/td>\n<\/tr>\n<tr style=\"height: 28px;\">\n<td style=\"width: 63.5158%; height: 28px; text-align: left;\"><strong>\u00a0Per\u00edodo de pedidos de Isen\u00e7\u00e3o<\/strong><\/td>\n<td style=\"width: 36.1526%; height: 28px; text-align: center;\"><b>1\u00ba\/07 a 31\/08<\/b><\/td>\n<\/tr>\n<tr>\n<td style=\"width: 63.5158%; text-align: left;\"><strong>Per\u00edodo de Pedido de Atendimento Especial\u00a0<\/strong><\/td>\n<td style=\"width: 36.1526%; text-align: center;\"><b>Durante as inscri\u00e7\u00f5es<\/b><\/td>\n<\/tr>\n<tr>\n<td style=\"width: 63.5158%; text-align: left;\"><strong>Data da prova &#8211; Etapa 1<\/strong><\/td>\n<td style=\"width: 36.1526%; text-align: center;\"><strong>06\/12\/2025<\/strong><\/td>\n<\/tr>\n<tr>\n<td style=\"width: 63.5158%; text-align: left;\"><strong>Data da prova &#8211; Etapa 2 e Etapa 3<\/strong><\/td>\n<td style=\"width: 36.1526%; text-align: center;\"><strong>07\/12\/2025<\/strong><\/td>\n<\/tr>\n<\/tbody>\n<\/table>\n<p>&nbsp;<\/p>\n","protected":false},"excerpt":{"rendered":"<p>ATEN\u00c7\u00c3O: PAVE 2025 &#8211; reserve as datas! 06\/12\/2025 \u2013 Etapa 1 07\/12\/2025 \u2013 Etapas 2 e 3 Inscri\u00e7\u00f5es abertas de 1\u00ba de julho a 6 de outubro! EVENTOS Eventos Datas \u00a0Per\u00edodo de pedidos de Migra\u00e7\u00e3o e Participa\u00e7\u00e3o 1\u00ba\/07 a 15\/09 \u00a0Per\u00edodo de Inscri\u00e7\u00f5es com desconto no valor da taxa 1\u00ba\/07 a 31\/08 Per\u00edodo de Inscri\u00e7\u00f5es &hellip; <a href=\"https:\/\/wp.ufpel.edu.br\/pave\/cronograma\/\" class=\"more-link\">Continue lendo <span class=\"screen-reader-text\">CRONOGRAMA PAVE 2025<\/span> <span class=\"meta-nav\">&rarr;<\/span><\/a><\/p>\n","protected":false},"author":341,"featured_media":0,"parent":0,"menu_order":0,"comment_status":"closed","ping_status":"closed","template":"","meta":{"jetpack_post_was_ever_published":false,"footnotes":""},"class_list":["post-1516","page","type-page","status-publish","hentry"],"jetpack_sharing_enabled":true,"jetpack_shortlink":"https:\/\/wp.me\/P6Ziye-os","_links":{"self":[{"href":"https:\/\/wp.ufpel.edu.br\/pave\/wp-json\/wp\/v2\/pages\/1516","targetHints":{"allow":["GET"]}}],"collection":[{"href":"https:\/\/wp.ufpel.edu.br\/pave\/wp-json\/wp\/v2\/pages"}],"about":[{"href":"https:\/\/wp.ufpel.edu.br\/pave\/wp-json\/wp\/v2\/types\/page"}],"author":[{"embeddable":true,"href":"https:\/\/wp.ufpel.edu.br\/pave\/wp-json\/wp\/v2\/users\/341"}],"replies":[{"embeddable":true,"href":"https:\/\/wp.ufpel.edu.br\/pave\/wp-json\/wp\/v2\/comments?post=1516"}],"version-history":[{"count":25,"href":"https:\/\/wp.ufpel.edu.br\/pave\/wp-json\/wp\/v2\/pages\/1516\/revisions"}],"predecessor-version":[{"id":3249,"href":"https:\/\/wp.ufpel.edu.br\/pave\/wp-json\/wp\/v2\/pages\/1516\/revisions\/3249"}],"wp:attachment":[{"href":"https:\/\/wp.ufpel.edu.br\/pave\/wp-json\/wp\/v2\/media?parent=1516"}],"curies":[{"name":"wp","href":"https:\/\/api.w.org\/{rel}","templated":true}]}}

<p>ATENÇÃO:</p>
<p>PAVE 2025 &#8211; reserve as datas!<br />
06/12/2025 – Etapa 1<br />
07/12/2025 – Etapas 2 e 3<br />
Inscrições abertas de 1º de julho a 6 de outubro!</p>
<p>EVENTOS</p>
<table style="width: 100%; border-collapse: collapse; border-color: #242020; background-color: #ffffff;" border="2" cellspacing="1">
<tbody>
<tr style="height: 37px;">
<td style="width: 63.5158%; text-align: center; height: 37px;"><strong><span style="font-size: 14pt;">Eventos</span></strong></td>
<td style="width: 36.1526%; text-align: center; height: 37px;"><strong><span style="font-size: 14pt;">Datas</span></strong></td>
</tr>
<tr style="height: 28px;">
<td style="width: 63.5158%; height: 28px; text-align: left;"><strong> Período de pedidos de Migração e Participação</strong></td>
<td style="width: 36.1526%; height: 28px; text-align: center;"><b>1º/07 a 15/09</b></td>
</tr>
<tr style="height: 28px;">
<td style="width: 63.5158%; height: 28px; text-align: left;"><strong> Período de Inscrições com desconto no valor da taxa</strong></td>
<td style="width: 36.1526%; height: 28px; text-align: center;"><strong>1º/07 a 31/08</strong></td>
</tr>
<tr>
<td style="width: 63.5158%; text-align: left;"><strong>Período de Inscrições com valor integral da taxa</strong></td>
<td style="width: 36.1526%; text-align: center;"><strong>1º/09 a 06/10</strong></td>
</tr>
<tr>
<td style="width: 63.5158%; text-align: left;"><strong>Data limite para pagamento da taxa de inscrição</strong></td>
<td style="width: 36.1526%; text-align: center;"><strong>07/10 (banco do Brasil)</strong></td>
</tr>
<tr style="height: 28px;">
<td style="width: 63.5158%; height: 28px; text-align: left;"><strong> Período de pedidos de Isenção</strong></td>
<td style="width: 36.1526%; height: 28px; text-align: center;"><b>1º/07 a 31/08</b></td>
</tr>
<tr>
<td style="width: 63.5158%; text-align: left;"><strong>Período de Pedido de Atendimento Especial </strong></td>
<td style="width: 36.1526%; text-align: center;"><b>Durante as inscrições</b></td>
</tr>
<tr>
<td style="width: 63.5158%; text-align: left;"><strong>Data da prova &#8211; Etapa 1</strong></td>
<td style="width: 36.1526%; text-align: center;"><strong>06/12/2025</strong></td>
</tr>
<tr>
<td style="width: 63.5158%; text-align: left;"><strong>Data da prova &#8211; Etapa 2 e Etapa 3</strong></td>
<td style="width: 36.1526%; text-align: center;"><strong>07/12/2025</strong></td>
</tr>
</tbody>
</table>
<p>&nbsp;</p>

<p>ATENÇÃO: PAVE 2025 &#8211; reserve as datas! 06/12/2025 – Etapa 1 07/12/2025 – Etapas 2 e 3 Inscrições abertas de 1º de julho a 6 de outubro! EVENTOS Eventos Datas  Período de pedidos de Migração e Participação 1º/07 a 15/09  Período de Inscrições com desconto no valor da taxa 1º/07 a 31/08 Período de Inscrições &hellip; <a href="https://wp.ufpel.edu.br/pave/cronograma/" class="more-link">Continue lendo <span class="screen-reader-text">CRONOGRAMA PAVE 2025</span> <span class="meta-nav">&rarr;</span></a></p>
