{"id":51,"date":"2020-08-28T15:41:57","date_gmt":"2020-08-28T18:41:57","guid":{"rendered":"https:\/\/wp.ufpel.edu.br\/patrimonioindustrial\/?page_id=51"},"modified":"2020-10-17T19:57:43","modified_gmt":"2020-10-17T22:57:43","slug":"relacionados","status":"publish","type":"page","link":"https:\/\/wp.ufpel.edu.br\/patrimonioindustrial\/relacionados\/","title":{"rendered":"Relacionados"},"content":{"rendered":"<p>Este espa\u00e7o \u00e9 destinado \u00e0 divulga\u00e7\u00e3o de sites nos quais o pr\u00f3prio projeto colabora e de outros vinculados direta ou indiretamente com o patrim\u00f4nio industrial (nacional, regional e mundial).<\/p>\n<p>Se divulga aqui, tamb\u00e9m, diversos v\u00eddeos de interesse sobre patrim\u00f4nio industrial.<\/p>\n","protected":false},"excerpt":{"rendered":"<p>Este espa\u00e7o \u00e9 destinado \u00e0 divulga\u00e7\u00e3o de sites nos quais o pr\u00f3prio projeto colabora e de outros vinculados direta ou indiretamente com o patrim\u00f4nio industrial (nacional, regional e mundial). Se divulga aqui, tamb\u00e9m, diversos v\u00eddeos de interesse sobre patrim\u00f4nio industrial.<\/p>\n","protected":false},"author":1067,"featured_media":0,"parent":0,"menu_order":4,"comment_status":"closed","ping_status":"closed","template":"","meta":{"footnotes":""},"class_list":["post-51","page","type-page","status-publish","hentry"],"_links":{"self":[{"href":"https:\/\/wp.ufpel.edu.br\/patrimonioindustrial\/wp-json\/wp\/v2\/pages\/51","targetHints":{"allow":["GET"]}}],"collection":[{"href":"https:\/\/wp.ufpel.edu.br\/patrimonioindustrial\/wp-json\/wp\/v2\/pages"}],"about":[{"href":"https:\/\/wp.ufpel.edu.br\/patrimonioindustrial\/wp-json\/wp\/v2\/types\/page"}],"author":[{"embeddable":true,"href":"https:\/\/wp.ufpel.edu.br\/patrimonioindustrial\/wp-json\/wp\/v2\/users\/1067"}],"replies":[{"embeddable":true,"href":"https:\/\/wp.ufpel.edu.br\/patrimonioindustrial\/wp-json\/wp\/v2\/comments?post=51"}],"version-history":[{"count":4,"href":"https:\/\/wp.ufpel.edu.br\/patrimonioindustrial\/wp-json\/wp\/v2\/pages\/51\/revisions"}],"predecessor-version":[{"id":398,"href":"https:\/\/wp.ufpel.edu.br\/patrimonioindustrial\/wp-json\/wp\/v2\/pages\/51\/revisions\/398"}],"wp:attachment":[{"href":"https:\/\/wp.ufpel.edu.br\/patrimonioindustrial\/wp-json\/wp\/v2\/media?parent=51"}],"curies":[{"name":"wp","href":"https:\/\/api.w.org\/{rel}","templated":true}]}}