{"id":133,"date":"2020-08-31T10:17:47","date_gmt":"2020-08-31T13:17:47","guid":{"rendered":"https:\/\/wp.ufpel.edu.br\/patrimonioindustrial\/?page_id=133"},"modified":"2020-10-02T18:38:08","modified_gmt":"2020-10-02T21:38:08","slug":"imagens","status":"publish","type":"page","link":"https:\/\/wp.ufpel.edu.br\/patrimonioindustrial\/galeria\/imagens\/","title":{"rendered":"Imagens do patrim\u00f4nio industrial adquirido pela UFPel"},"content":{"rendered":"<p style=\"text-align: justify\"><strong>Alf\u00e2ndega: <\/strong>Pr\u00e9dio constru\u00eddo entre 1935 e 1938 com a finalidade de abrigar a Alf\u00e2ndega do Porto.\u00a0 Adquirido pela Universidade Federal de Pelotas em 2010, atualmente abriga os cursos de Engenharia Geol\u00f3gica, Engenharia do Petr\u00f3leo e Engenharia H\u00eddrica da Universidade Federal de Pelotas.<\/p>\n<figure id=\"attachment_259\" aria-describedby=\"caption-attachment-259\" style=\"width: 400px\" class=\"wp-caption alignnone\"><img loading=\"lazy\" decoding=\"async\" class=\"wp-image-259 size-medium\" style=\"font-size: 1.8rem\" src=\"https:\/\/wp.ufpel.edu.br\/patrimonioindustrial\/files\/2020\/09\/01-alfandega-antiga-olhares-pelotas-facebook-400x239.jpg\" alt=\"\" width=\"400\" height=\"239\" srcset=\"https:\/\/wp.ufpel.edu.br\/patrimonioindustrial\/files\/2020\/09\/01-alfandega-antiga-olhares-pelotas-facebook-400x239.jpg 400w, https:\/\/wp.ufpel.edu.br\/patrimonioindustrial\/files\/2020\/09\/01-alfandega-antiga-olhares-pelotas-facebook-501x300.jpg 501w, https:\/\/wp.ufpel.edu.br\/patrimonioindustrial\/files\/2020\/09\/01-alfandega-antiga-olhares-pelotas-facebook.jpg 720w\" sizes=\"auto, (max-width: 400px) 100vw, 400px\" \/><figcaption id=\"caption-attachment-259\" class=\"wp-caption-text\">Fonte: A antiga Alf\u00e2ndega. P\u00e1gina do Facebook Olhares sobre Pelotas, 2013.<\/figcaption><\/figure>\n<figure id=\"attachment_258\" aria-describedby=\"caption-attachment-258\" style=\"width: 400px\" class=\"wp-caption alignleft\"><img loading=\"lazy\" decoding=\"async\" class=\"wp-image-258 size-medium\" src=\"https:\/\/wp.ufpel.edu.br\/patrimonioindustrial\/files\/2020\/09\/02-katia-helena-drive-alfandega-400x300.jpg\" alt=\"\" width=\"400\" height=\"300\" srcset=\"https:\/\/wp.ufpel.edu.br\/patrimonioindustrial\/files\/2020\/09\/02-katia-helena-drive-alfandega-400x300.jpg 400w, https:\/\/wp.ufpel.edu.br\/patrimonioindustrial\/files\/2020\/09\/02-katia-helena-drive-alfandega-1024x768.jpg 1024w, https:\/\/wp.ufpel.edu.br\/patrimonioindustrial\/files\/2020\/09\/02-katia-helena-drive-alfandega-768x576.jpg 768w, https:\/\/wp.ufpel.edu.br\/patrimonioindustrial\/files\/2020\/09\/02-katia-helena-drive-alfandega-1536x1152.jpg 1536w, https:\/\/wp.ufpel.edu.br\/patrimonioindustrial\/files\/2020\/09\/02-katia-helena-drive-alfandega-2048x1536.jpg 2048w\" sizes=\"auto, (max-width: 400px) 100vw, 400px\" \/><figcaption id=\"caption-attachment-258\" class=\"wp-caption-text\">Fonte: Pr\u00e9dio da Alf\u00e2ndega. K\u00e1tia Helena Rodrigues Dias. Pr\u00f3-Reitoria de Gest\u00e3o da Informa\u00e7\u00e3o e Comunica\u00e7\u00e3o: Coordena\u00e7\u00e3o de Comunica\u00e7\u00e3o Social\/UFPel, 2019.<\/figcaption><\/figure>\n<p>&nbsp;<\/p>\n<p>&nbsp;<\/p>\n<p>&nbsp;<\/p>\n<p>&nbsp;<\/p>\n<p>&nbsp;<\/p>\n<p>&nbsp;<\/p>\n<p>&nbsp;<\/p>\n<p>&nbsp;<\/p>\n<p style=\"text-align: justify\"><strong>Anglo:<\/strong> Conjunto de edifica\u00e7\u00f5es constru\u00eddas entre os anos de 1942 e 1943, para abrigar o Frigor\u00edfico Anglo.\u00a0 Adquirido pela Universidade Federal de Pelotas em 2006, atualmente sedia o Campus Anglo.<\/p>\n<figure id=\"attachment_262\" aria-describedby=\"caption-attachment-262\" style=\"width: 400px\" class=\"wp-caption alignnone\"><img loading=\"lazy\" decoding=\"async\" class=\"wp-image-262 size-medium\" src=\"https:\/\/wp.ufpel.edu.br\/patrimonioindustrial\/files\/2020\/09\/04-anglo-Fonte-Acervo-pessoal-de-Fabio-Kellermann-Schramm-pp61-400x263.png\" alt=\"\" width=\"400\" height=\"263\" srcset=\"https:\/\/wp.ufpel.edu.br\/patrimonioindustrial\/files\/2020\/09\/04-anglo-Fonte-Acervo-pessoal-de-Fabio-Kellermann-Schramm-pp61-400x263.png 400w, https:\/\/wp.ufpel.edu.br\/patrimonioindustrial\/files\/2020\/09\/04-anglo-Fonte-Acervo-pessoal-de-Fabio-Kellermann-Schramm-pp61-457x300.png 457w, https:\/\/wp.ufpel.edu.br\/patrimonioindustrial\/files\/2020\/09\/04-anglo-Fonte-Acervo-pessoal-de-Fabio-Kellermann-Schramm-pp61.png 653w\" sizes=\"auto, (max-width: 400px) 100vw, 400px\" \/><figcaption id=\"caption-attachment-262\" class=\"wp-caption-text\">Fonte: Frigorifico Anglo. Acervo pessoal de Fabio Kellermann, p. 61. In: MICHELON, Francisca Ferreira. Sociedade An\u00f4nima Frigor\u00edfico Anglo de Pelotas: o trabalho do passado nas fotografias do presente. 2013.<\/figcaption><\/figure>\n<figure id=\"attachment_261\" aria-describedby=\"caption-attachment-261\" style=\"width: 400px\" class=\"wp-caption alignnone\"><img loading=\"lazy\" decoding=\"async\" class=\"wp-image-261 size-medium\" src=\"https:\/\/wp.ufpel.edu.br\/patrimonioindustrial\/files\/2020\/09\/05-atual-katia-400x300.jpg\" alt=\"\" width=\"400\" height=\"300\" srcset=\"https:\/\/wp.ufpel.edu.br\/patrimonioindustrial\/files\/2020\/09\/05-atual-katia-400x300.jpg 400w, https:\/\/wp.ufpel.edu.br\/patrimonioindustrial\/files\/2020\/09\/05-atual-katia-1024x768.jpg 1024w, https:\/\/wp.ufpel.edu.br\/patrimonioindustrial\/files\/2020\/09\/05-atual-katia-768x576.jpg 768w, https:\/\/wp.ufpel.edu.br\/patrimonioindustrial\/files\/2020\/09\/05-atual-katia-1536x1152.jpg 1536w, https:\/\/wp.ufpel.edu.br\/patrimonioindustrial\/files\/2020\/09\/05-atual-katia-2048x1536.jpg 2048w\" sizes=\"auto, (max-width: 400px) 100vw, 400px\" \/><figcaption id=\"caption-attachment-261\" class=\"wp-caption-text\">Fonte: Fachada Anglo. K\u00e1tia Helena Rodrigues Dias. Pr\u00f3-Reitoria de Gest\u00e3o da Informa\u00e7\u00e3o e Comunica\u00e7\u00e3o: Coordena\u00e7\u00e3o de Comunica\u00e7\u00e3o Social\/UFPel. 2019.<\/figcaption><\/figure>\n<p style=\"text-align: justify\"><strong>Cervejaria Sul Rio-grandense:<\/strong> Fundada em 1889 pelo capit\u00e3o Leopoldo Haertel, a Cervejaria Sul-Rio-Grandense esteve em funcionamento at\u00e9 1946, quando foi comprada pela Cia Cervejaria Brahma. Em 2012 a edifica\u00e7\u00e3o foi doada para a Universidade Federal de Pelotas e, atualmente, abriga a Livraria e Editora da mesma universidade.<\/p>\n<figure id=\"attachment_264\" aria-describedby=\"caption-attachment-264\" style=\"width: 400px\" class=\"wp-caption alignnone\"><img loading=\"lazy\" decoding=\"async\" class=\"wp-image-264 size-medium\" src=\"https:\/\/wp.ufpel.edu.br\/patrimonioindustrial\/files\/2020\/09\/06-drive-historica-400x241.jpg\" alt=\"\" width=\"400\" height=\"241\" srcset=\"https:\/\/wp.ufpel.edu.br\/patrimonioindustrial\/files\/2020\/09\/06-drive-historica-400x241.jpg 400w, https:\/\/wp.ufpel.edu.br\/patrimonioindustrial\/files\/2020\/09\/06-drive-historica-768x463.jpg 768w, https:\/\/wp.ufpel.edu.br\/patrimonioindustrial\/files\/2020\/09\/06-drive-historica-498x300.jpg 498w, https:\/\/wp.ufpel.edu.br\/patrimonioindustrial\/files\/2020\/09\/06-drive-historica.jpg 906w\" sizes=\"auto, (max-width: 400px) 100vw, 400px\" \/><figcaption id=\"caption-attachment-264\" class=\"wp-caption-text\">Fonte: Edif\u00edcio Cervejaria Sul Rio Grande do Sr. Leopoldo Haertel 1922. Almanaque de Pelotas II, s\/p.<\/figcaption><\/figure>\n<figure id=\"attachment_263\" aria-describedby=\"caption-attachment-263\" style=\"width: 400px\" class=\"wp-caption alignnone\"><img loading=\"lazy\" decoding=\"async\" class=\"wp-image-263 size-medium\" src=\"https:\/\/wp.ufpel.edu.br\/patrimonioindustrial\/files\/2020\/09\/07-drive-katia-helena-400x266.jpg\" alt=\"\" width=\"400\" height=\"266\" srcset=\"https:\/\/wp.ufpel.edu.br\/patrimonioindustrial\/files\/2020\/09\/07-drive-katia-helena-400x266.jpg 400w, https:\/\/wp.ufpel.edu.br\/patrimonioindustrial\/files\/2020\/09\/07-drive-katia-helena-1024x680.jpg 1024w, https:\/\/wp.ufpel.edu.br\/patrimonioindustrial\/files\/2020\/09\/07-drive-katia-helena-768x510.jpg 768w, https:\/\/wp.ufpel.edu.br\/patrimonioindustrial\/files\/2020\/09\/07-drive-katia-helena-1536x1020.jpg 1536w, https:\/\/wp.ufpel.edu.br\/patrimonioindustrial\/files\/2020\/09\/07-drive-katia-helena-2048x1360.jpg 2048w, https:\/\/wp.ufpel.edu.br\/patrimonioindustrial\/files\/2020\/09\/07-drive-katia-helena-960x640.jpg 960w, https:\/\/wp.ufpel.edu.br\/patrimonioindustrial\/files\/2020\/09\/07-drive-katia-helena-452x300.jpg 452w\" sizes=\"auto, (max-width: 400px) 100vw, 400px\" \/><figcaption id=\"caption-attachment-263\" class=\"wp-caption-text\">Fonte: Edifica\u00e7\u00e3o Brahma. K\u00e1tia Helena Rodrigues Dias. Pr\u00f3-Reitoria de Gest\u00e3o da Informa\u00e7\u00e3o e Comunica\u00e7\u00e3o: Coordena\u00e7\u00e3o de Comunica\u00e7\u00e3o Social\/UFPel. 2019.<\/figcaption><\/figure>\n<p style=\"text-align: justify\"><strong>Cosul\u00e3: <\/strong>Pr\u00e9dio constru\u00eddo na d\u00e9cada de 1950 para sediar a Cooperativa Sul-Rio-Grandense de L\u00e3, tamb\u00e9m conhecida como COSUL\u00c3.\u00a0 Manteve sua funcionalidade na produ\u00e7\u00e3o e com\u00e9rcio de l\u00e3 at\u00e9 meados de 1990. Adquirido pela Universidade Federal de Pelotas em 1996, atualmente abriga o Instituto de Ci\u00eancias Humanas (ICH) da mesma universidade.<\/p>\n<figure id=\"attachment_266\" aria-describedby=\"caption-attachment-266\" style=\"width: 400px\" class=\"wp-caption alignnone\"><img loading=\"lazy\" decoding=\"async\" class=\"wp-image-266 size-medium\" src=\"https:\/\/wp.ufpel.edu.br\/patrimonioindustrial\/files\/2020\/09\/08-2-pp-87-Alcir-Nei-Bach-400x246.png\" alt=\"\" width=\"400\" height=\"246\" srcset=\"https:\/\/wp.ufpel.edu.br\/patrimonioindustrial\/files\/2020\/09\/08-2-pp-87-Alcir-Nei-Bach-400x246.png 400w, https:\/\/wp.ufpel.edu.br\/patrimonioindustrial\/files\/2020\/09\/08-2-pp-87-Alcir-Nei-Bach-488x300.png 488w, https:\/\/wp.ufpel.edu.br\/patrimonioindustrial\/files\/2020\/09\/08-2-pp-87-Alcir-Nei-Bach.png 568w\" sizes=\"auto, (max-width: 400px) 100vw, 400px\" \/><figcaption id=\"caption-attachment-266\" class=\"wp-caption-text\">Fonte: F\u00e1brica Cosul\u00e3. BACH, Alcir Nei. Patrim\u00f4nio Agroindustrial: Invent\u00e1rio das f\u00e1bricas de compotas de p\u00eassego na \u00e1rea urbana de Pelotas (1950-1990). Tese de Doutorado no Programa de P\u00f3s-Gradua\u00e7\u00e3o em Mem\u00f3ria Social e Patrim\u00f4nio Cultural. ICH &#8211; UFPel. 2017.<\/figcaption><\/figure>\n<figure id=\"attachment_265\" aria-describedby=\"caption-attachment-265\" style=\"width: 400px\" class=\"wp-caption alignnone\"><img loading=\"lazy\" decoding=\"async\" class=\"wp-image-265 size-medium\" src=\"https:\/\/wp.ufpel.edu.br\/patrimonioindustrial\/files\/2020\/09\/09-katia-400x266.jpg\" alt=\"\" width=\"400\" height=\"266\" srcset=\"https:\/\/wp.ufpel.edu.br\/patrimonioindustrial\/files\/2020\/09\/09-katia-400x266.jpg 400w, https:\/\/wp.ufpel.edu.br\/patrimonioindustrial\/files\/2020\/09\/09-katia-1024x680.jpg 1024w, https:\/\/wp.ufpel.edu.br\/patrimonioindustrial\/files\/2020\/09\/09-katia-768x510.jpg 768w, https:\/\/wp.ufpel.edu.br\/patrimonioindustrial\/files\/2020\/09\/09-katia-1536x1020.jpg 1536w, https:\/\/wp.ufpel.edu.br\/patrimonioindustrial\/files\/2020\/09\/09-katia-2048x1360.jpg 2048w, https:\/\/wp.ufpel.edu.br\/patrimonioindustrial\/files\/2020\/09\/09-katia-960x640.jpg 960w, https:\/\/wp.ufpel.edu.br\/patrimonioindustrial\/files\/2020\/09\/09-katia-452x300.jpg 452w\" sizes=\"auto, (max-width: 400px) 100vw, 400px\" \/><figcaption id=\"caption-attachment-265\" class=\"wp-caption-text\">Fonte: Cosul\u00e3 e Instituto de Ci\u00eancias Humanas (ICH). K\u00e1tia Helena Rodrigues Dias. Pr\u00f3-Reitoria de Gest\u00e3o da Informa\u00e7\u00e3o e Comunica\u00e7\u00e3o: Coordena\u00e7\u00e3o de Comunica\u00e7\u00e3o Social\/UFPel. 2019.<\/figcaption><\/figure>\n<p style=\"text-align: justify\"><strong>Cotada: <\/strong>Edifica\u00e7\u00e3o constru\u00edda em 1959 para sediar a empresa Cisa S.A. Mais tarde, abrigou a F\u00e1brica de Massas e Biscoitos Cotada, mantendo seu funcionamento at\u00e9 a d\u00e9cada de 1990. Em 2009 foi adquirida pela Universidade Federal\u00a0de Pelotas para a implanta\u00e7\u00e3o do Centro de Engenharias e do setor de TV do Centro de Educa\u00e7\u00e3o \u00e0 Dist\u00e2ncia da Universidade.<\/p>\n<figure id=\"attachment_269\" aria-describedby=\"caption-attachment-269\" style=\"width: 400px\" class=\"wp-caption alignnone\"><img loading=\"lazy\" decoding=\"async\" class=\"wp-image-269 size-medium\" src=\"https:\/\/wp.ufpel.edu.br\/patrimonioindustrial\/files\/2020\/09\/12-drive-pasta-katia-400x266.jpg\" alt=\"\" width=\"400\" height=\"266\" srcset=\"https:\/\/wp.ufpel.edu.br\/patrimonioindustrial\/files\/2020\/09\/12-drive-pasta-katia-400x266.jpg 400w, https:\/\/wp.ufpel.edu.br\/patrimonioindustrial\/files\/2020\/09\/12-drive-pasta-katia-1024x680.jpg 1024w, https:\/\/wp.ufpel.edu.br\/patrimonioindustrial\/files\/2020\/09\/12-drive-pasta-katia-768x510.jpg 768w, https:\/\/wp.ufpel.edu.br\/patrimonioindustrial\/files\/2020\/09\/12-drive-pasta-katia-1536x1020.jpg 1536w, https:\/\/wp.ufpel.edu.br\/patrimonioindustrial\/files\/2020\/09\/12-drive-pasta-katia-2048x1360.jpg 2048w, https:\/\/wp.ufpel.edu.br\/patrimonioindustrial\/files\/2020\/09\/12-drive-pasta-katia-960x640.jpg 960w, https:\/\/wp.ufpel.edu.br\/patrimonioindustrial\/files\/2020\/09\/12-drive-pasta-katia-452x300.jpg 452w\" sizes=\"auto, (max-width: 400px) 100vw, 400px\" \/><figcaption id=\"caption-attachment-269\" class=\"wp-caption-text\">Fonte: Cotada. K\u00e1tia Helena Rodrigues Dias. Pr\u00f3-Reitoria de Gest\u00e3o da Informa\u00e7\u00e3o e Comunica\u00e7\u00e3o: Coordena\u00e7\u00e3o de Comunica\u00e7\u00e3o Social\/UFPel. 2019.<\/figcaption><\/figure>\n<p style=\"text-align: justify\"><strong>Laneira:<\/strong> A edifica\u00e7\u00e3o, com projeto do Engenheiro Civil Paulo Ricardo Levacov, foi constru\u00edda em 1949, com a finalidade de abrigar um centro de beneficiamento de l\u00e3 e,\u00a0 mais tarde, de\u00a0 fia\u00e7\u00e3o de l\u00e3 e tingimento dos fios. Foi adquirida pela Universidade Federal de Pelotas em 2010 e, atualmente, est\u00e1 parcialmente ocupada pelo Centro Regional de Cuidados Paliativos, vinculado ao Hospital Escola da Faculdade de Medicina.<\/p>\n<figure id=\"attachment_268\" aria-describedby=\"caption-attachment-268\" style=\"width: 400px\" class=\"wp-caption alignnone\"><img loading=\"lazy\" decoding=\"async\" class=\"wp-image-268 size-medium\" src=\"https:\/\/wp.ufpel.edu.br\/patrimonioindustrial\/files\/2020\/09\/12.1-antiga-site-p-400x257.png\" alt=\"\" width=\"400\" height=\"257\" srcset=\"https:\/\/wp.ufpel.edu.br\/patrimonioindustrial\/files\/2020\/09\/12.1-antiga-site-p-400x257.png 400w, https:\/\/wp.ufpel.edu.br\/patrimonioindustrial\/files\/2020\/09\/12.1-antiga-site-p-768x494.png 768w, https:\/\/wp.ufpel.edu.br\/patrimonioindustrial\/files\/2020\/09\/12.1-antiga-site-p-466x300.png 466w, https:\/\/wp.ufpel.edu.br\/patrimonioindustrial\/files\/2020\/09\/12.1-antiga-site-p.png 984w\" sizes=\"auto, (max-width: 400px) 100vw, 400px\" \/><figcaption id=\"caption-attachment-268\" class=\"wp-caption-text\">Fonte: Vista parcial &#8211; fachada da Laneira Brasileira S.A. Cole\u00e7\u00e3o LBSA\/Fototeca Mem\u00f3ria da UFPel. In: MELO, Chana\u00edsa. Fragmentos da Mem\u00f3ria de uma F\u00e1brica na Cole\u00e7\u00e3o Fotogr\u00e1fica Laneira Brasileira Sociedade An\u00f4nima. Disserta\u00e7\u00e3o de Mestrado no Programa de P\u00f3s-Gradua\u00e7\u00e3o em Mem\u00f3ria Social e Patrim\u00f4nio Cultural da UFPel. 2012.<\/figcaption><\/figure>\n<figure id=\"attachment_267\" aria-describedby=\"caption-attachment-267\" style=\"width: 400px\" class=\"wp-caption alignnone\"><img loading=\"lazy\" decoding=\"async\" class=\"wp-image-267 size-medium\" src=\"https:\/\/wp.ufpel.edu.br\/patrimonioindustrial\/files\/2020\/09\/13-arquivos-daniela-drive-400x300.jpg\" alt=\"\" width=\"400\" height=\"300\" srcset=\"https:\/\/wp.ufpel.edu.br\/patrimonioindustrial\/files\/2020\/09\/13-arquivos-daniela-drive-400x300.jpg 400w, https:\/\/wp.ufpel.edu.br\/patrimonioindustrial\/files\/2020\/09\/13-arquivos-daniela-drive-1024x768.jpg 1024w, https:\/\/wp.ufpel.edu.br\/patrimonioindustrial\/files\/2020\/09\/13-arquivos-daniela-drive-768x576.jpg 768w, https:\/\/wp.ufpel.edu.br\/patrimonioindustrial\/files\/2020\/09\/13-arquivos-daniela-drive-1536x1152.jpg 1536w, https:\/\/wp.ufpel.edu.br\/patrimonioindustrial\/files\/2020\/09\/13-arquivos-daniela-drive.jpg 2048w\" sizes=\"auto, (max-width: 400px) 100vw, 400px\" \/><figcaption id=\"caption-attachment-267\" class=\"wp-caption-text\">Fonte: Fachada Laneira 2013. Acervo Daniela Vieira Goularte.<\/figcaption><\/figure>\n<p>&nbsp;<\/p>\n","protected":false},"excerpt":{"rendered":"<p>Alf\u00e2ndega: Pr\u00e9dio constru\u00eddo entre 1935 e 1938 com a finalidade de abrigar a Alf\u00e2ndega do Porto.\u00a0 Adquirido pela Universidade Federal de Pelotas em 2010, atualmente abriga os cursos de Engenharia Geol\u00f3gica, Engenharia do Petr\u00f3leo e Engenharia H\u00eddrica da Universidade Federal de Pelotas. &nbsp; &nbsp; &nbsp; &nbsp; &nbsp; &nbsp; &nbsp; &nbsp; Anglo: Conjunto de edifica\u00e7\u00f5es constru\u00eddas&#8230; <\/p>\n<div class=\"link-more\"><a href=\"https:\/\/wp.ufpel.edu.br\/patrimonioindustrial\/galeria\/imagens\/\">Leia mais<\/a><\/div>\n","protected":false},"author":1067,"featured_media":0,"parent":96,"menu_order":1,"comment_status":"closed","ping_status":"closed","template":"","meta":{"footnotes":""},"class_list":["post-133","page","type-page","status-publish","hentry"],"_links":{"self":[{"href":"https:\/\/wp.ufpel.edu.br\/patrimonioindustrial\/wp-json\/wp\/v2\/pages\/133","targetHints":{"allow":["GET"]}}],"collection":[{"href":"https:\/\/wp.ufpel.edu.br\/patrimonioindustrial\/wp-json\/wp\/v2\/pages"}],"about":[{"href":"https:\/\/wp.ufpel.edu.br\/patrimonioindustrial\/wp-json\/wp\/v2\/types\/page"}],"author":[{"embeddable":true,"href":"https:\/\/wp.ufpel.edu.br\/patrimonioindustrial\/wp-json\/wp\/v2\/users\/1067"}],"replies":[{"embeddable":true,"href":"https:\/\/wp.ufpel.edu.br\/patrimonioindustrial\/wp-json\/wp\/v2\/comments?post=133"}],"version-history":[{"count":11,"href":"https:\/\/wp.ufpel.edu.br\/patrimonioindustrial\/wp-json\/wp\/v2\/pages\/133\/revisions"}],"predecessor-version":[{"id":343,"href":"https:\/\/wp.ufpel.edu.br\/patrimonioindustrial\/wp-json\/wp\/v2\/pages\/133\/revisions\/343"}],"up":[{"embeddable":true,"href":"https:\/\/wp.ufpel.edu.br\/patrimonioindustrial\/wp-json\/wp\/v2\/pages\/96"}],"wp:attachment":[{"href":"https:\/\/wp.ufpel.edu.br\/patrimonioindustrial\/wp-json\/wp\/v2\/media?parent=133"}],"curies":[{"name":"wp","href":"https:\/\/api.w.org\/{rel}","templated":true}]}}