{"id":64,"date":"2015-11-10T15:39:38","date_gmt":"2015-11-10T17:39:38","guid":{"rendered":"https:\/\/wp.ufpel.edu.br\/patrimonio\/?page_id=64"},"modified":"2015-11-10T16:50:08","modified_gmt":"2015-11-10T18:50:08","slug":"frigorifico-anglo","status":"publish","type":"page","link":"https:\/\/wp.ufpel.edu.br\/patrimonio\/patrimonio-cultural-edificado\/frigorifico-anglo\/","title":{"rendered":"Frigor\u00edfico Anglo"},"content":{"rendered":"<p>Inaugurado em 1943, com atividades encerradas em 1991 e venda do complexo em 1993. O pr\u00e9dio continha as seguintes se\u00e7\u00f5es: Pr\u00e9dio da matan\u00e7a, c\u00e2maras frias, estamparias, se\u00e7\u00f5es de conservas, retortas, se\u00e7\u00e3o de resfriamento, sopa para extrato, incuba\u00e7\u00e3o, caixotaria, estrato de carne; dep\u00f3sito, sala das m\u00e1quinas, fabrica\u00e7\u00e3o de g\u00e1s, oficina mec\u00e2nica e o almoxarifado. A estrutura dos edif\u00edcios, a caldeira e a chamin\u00e9 que se tornou emblema das f\u00e1bricas, foram constru\u00eddas sobre estacas de eucalipto.<\/p>\n<p>Para construir a chamin\u00e9 foram enterradas para sua sustenta\u00e7\u00e3o, em torno de 100 estacas. Com a aquisi\u00e7\u00e3o pela UFPel entre os anos de 2005 e 2006, o pr\u00e9dio dos abates foi ocupado e recebeu reformas. Ap\u00f3s apropria\u00e7\u00e3o da universidade, o nome ANGLO pintado em letras vermelhas no front\u00e3o do pr\u00e9dio da produ\u00e7\u00e3o de enlatados foi substitu\u00eddo pela sigla da universidade, tamb\u00e9m inexistente hoje devido \u00e0 demoli\u00e7\u00e3o parcial do pr\u00e9dio.<\/p>\n<table>\n<tbody>\n<tr>\n<td><a href=\"https:\/\/wp.ufpel.edu.br\/patrimonio\/files\/2015\/11\/anglofull.jpg\"><img class=\"alignnone size-medium wp-image-68\" src=\"https:\/\/wp.ufpel.edu.br\/patrimonio\/files\/2015\/11\/anglofull-424x283.jpg\" alt=\"anglofull\" width=\"424\" height=\"283\" srcset=\"https:\/\/wp.ufpel.edu.br\/patrimonio\/files\/2015\/11\/anglofull-424x283.jpg 424w, https:\/\/wp.ufpel.edu.br\/patrimonio\/files\/2015\/11\/anglofull-212x142.jpg 212w\" sizes=\"(max-width: 424px) 100vw, 424px\" \/><\/a><\/td>\n<\/tr>\n<tr>\n<td><b>Informa\u00e7\u00f5es<\/td>\n<\/tr>\n<tr>\n<td><b>Denomina\u00e7\u00e3o hist\u00f3rica:<\/b> Frigor\u00edfico Anglo<\/td>\n<\/tr>\n<tr>\n<td><b>Denomina\u00e7\u00e3o:<\/b> Campus Anglo<\/td>\n<\/tr>\n<tr>\n<td><b>Ano de Constru\u00e7\u00e3o:<\/b> 1942<\/td>\n<\/tr>\n<tr>\n<td><b>Tipologia Patrimonial:<\/b> Pr\u00e9dio Industrial<\/td>\n<\/tr>\n<tr>\n<td><b>Ano de aquisi\u00e7\u00e3o pela UFPel:<\/b> 2006<\/td>\n<\/tr>\n<tr>\n<td><b>Uso atual:<\/b> Reitoria e unidades acad\u00eamicas da UFPel<\/td>\n<\/tr>\n<tr>\n<td><b>Uso anterior:<\/b> Frigor\u00edfico Anglo<\/td>\n<\/tr>\n<tr>\n<td><b>Estado de Conserva\u00e7\u00e3o:<\/b> Parcialmente reformado<\/td>\n<\/tr>\n<tr>\n<td><b>N\u00edvel de prote\u00e7\u00e3o:<\/b> Invent\u00e1rio n\u00edvel 2<\/td>\n<\/tr>\n<tr>\n<td><b>Localiza\u00e7\u00e3o:<\/b> Rua Gomes Carneiro, 1<\/td>\n<\/tr>\n<\/tbody>\n<\/table>\n<h3>Imagens<\/h3>\n\n\t\t<style type=\"text\/css\">\n\t\t\t#gallery-1 {\n\t\t\t\tmargin: auto;\n\t\t\t}\n\t\t\t#gallery-1 .gallery-item {\n\t\t\t\tfloat: left;\n\t\t\t\tmargin-top: 10px;\n\t\t\t\ttext-align: center;\n\t\t\t\twidth: 33%;\n\t\t\t}\n\t\t\t#gallery-1 img {\n\t\t\t\tborder: 2px solid #cfcfcf;\n\t\t\t}\n\t\t\t#gallery-1 .gallery-caption {\n\t\t\t\tmargin-left: 0;\n\t\t\t}\n\t\t\t\/* see gallery_shortcode() in wp-includes\/media.php *\/\n\t\t<\/style>\n\t\t<div id='gallery-1' class='gallery galleryid-64 gallery-columns-3 gallery-size-thumbnail'><dl class='gallery-item'>\n\t\t\t<dt class='gallery-icon landscape'>\n\t\t\t\t<a href='https:\/\/wp.ufpel.edu.br\/patrimonio\/patrimonio-cultural-edificado\/frigorifico-anglo\/sem-titulo-5\/'><img width=\"190\" height=\"159\" src=\"https:\/\/wp.ufpel.edu.br\/patrimonio\/files\/2015\/11\/Sem-T\u00edtulo-5-190x159.jpg\" class=\"attachment-thumbnail size-thumbnail\" alt=\"\" srcset=\"https:\/\/wp.ufpel.edu.br\/patrimonio\/files\/2015\/11\/Sem-T\u00edtulo-5-190x159.jpg 190w, https:\/\/wp.ufpel.edu.br\/patrimonio\/files\/2015\/11\/Sem-T\u00edtulo-5-380x318.jpg 380w, https:\/\/wp.ufpel.edu.br\/patrimonio\/files\/2015\/11\/Sem-T\u00edtulo-5.jpg 599w\" sizes=\"(max-width: 190px) 100vw, 190px\" \/><\/a>\n\t\t\t<\/dt><\/dl><dl class='gallery-item'>\n\t\t\t<dt class='gallery-icon landscape'>\n\t\t\t\t<a href='https:\/\/wp.ufpel.edu.br\/patrimonio\/patrimonio-cultural-edificado\/frigorifico-anglo\/100_5777\/'><img width=\"200\" height=\"150\" src=\"https:\/\/wp.ufpel.edu.br\/patrimonio\/files\/2015\/11\/100_5777-212x159.jpg\" class=\"attachment-thumbnail size-thumbnail\" alt=\"\" srcset=\"https:\/\/wp.ufpel.edu.br\/patrimonio\/files\/2015\/11\/100_5777-212x159.jpg 212w, https:\/\/wp.ufpel.edu.br\/patrimonio\/files\/2015\/11\/100_5777-424x318.jpg 424w, https:\/\/wp.ufpel.edu.br\/patrimonio\/files\/2015\/11\/100_5777.jpg 737w\" sizes=\"(max-width: 200px) 100vw, 200px\" \/><\/a>\n\t\t\t<\/dt><\/dl><dl class='gallery-item'>\n\t\t\t<dt class='gallery-icon landscape'>\n\t\t\t\t<a href='https:\/\/wp.ufpel.edu.br\/patrimonio\/patrimonio-cultural-edificado\/frigorifico-anglo\/100_5791\/'><img width=\"200\" height=\"150\" src=\"https:\/\/wp.ufpel.edu.br\/patrimonio\/files\/2015\/11\/100_5791-212x159.jpg\" class=\"attachment-thumbnail size-thumbnail\" alt=\"\" srcset=\"https:\/\/wp.ufpel.edu.br\/patrimonio\/files\/2015\/11\/100_5791-212x159.jpg 212w, https:\/\/wp.ufpel.edu.br\/patrimonio\/files\/2015\/11\/100_5791-424x318.jpg 424w\" sizes=\"(max-width: 200px) 100vw, 200px\" \/><\/a>\n\t\t\t<\/dt><\/dl><br style=\"clear: both\" \/><dl class='gallery-item'>\n\t\t\t<dt class='gallery-icon landscape'>\n\t\t\t\t<a href='https:\/\/wp.ufpel.edu.br\/patrimonio\/patrimonio-cultural-edificado\/frigorifico-anglo\/100_5793\/'><img width=\"200\" height=\"150\" src=\"https:\/\/wp.ufpel.edu.br\/patrimonio\/files\/2015\/11\/100_5793-212x159.jpg\" class=\"attachment-thumbnail size-thumbnail\" alt=\"\" srcset=\"https:\/\/wp.ufpel.edu.br\/patrimonio\/files\/2015\/11\/100_5793-212x159.jpg 212w, https:\/\/wp.ufpel.edu.br\/patrimonio\/files\/2015\/11\/100_5793-424x318.jpg 424w, https:\/\/wp.ufpel.edu.br\/patrimonio\/files\/2015\/11\/100_5793.jpg 737w\" sizes=\"(max-width: 200px) 100vw, 200px\" \/><\/a>\n\t\t\t<\/dt><\/dl><dl class='gallery-item'>\n\t\t\t<dt class='gallery-icon landscape'>\n\t\t\t\t<a href='https:\/\/wp.ufpel.edu.br\/patrimonio\/patrimonio-cultural-edificado\/frigorifico-anglo\/attachment\/43230429\/'><img width=\"200\" height=\"112\" src=\"https:\/\/wp.ufpel.edu.br\/patrimonio\/files\/2015\/11\/43230429-212x119.jpg\" class=\"attachment-thumbnail size-thumbnail\" alt=\"\" srcset=\"https:\/\/wp.ufpel.edu.br\/patrimonio\/files\/2015\/11\/43230429-212x119.jpg 212w, https:\/\/wp.ufpel.edu.br\/patrimonio\/files\/2015\/11\/43230429-424x239.jpg 424w, https:\/\/wp.ufpel.edu.br\/patrimonio\/files\/2015\/11\/43230429.jpg 1024w\" sizes=\"(max-width: 200px) 100vw, 200px\" \/><\/a>\n\t\t\t<\/dt><\/dl><dl class='gallery-item'>\n\t\t\t<dt class='gallery-icon landscape'>\n\t\t\t\t<a href='https:\/\/wp.ufpel.edu.br\/patrimonio\/patrimonio-cultural-edificado\/frigorifico-anglo\/1250863328960_f\/'><img width=\"200\" height=\"150\" src=\"https:\/\/wp.ufpel.edu.br\/patrimonio\/files\/2015\/11\/1250863328960_f-212x159.jpg\" class=\"attachment-thumbnail size-thumbnail\" alt=\"\" srcset=\"https:\/\/wp.ufpel.edu.br\/patrimonio\/files\/2015\/11\/1250863328960_f-212x159.jpg 212w, https:\/\/wp.ufpel.edu.br\/patrimonio\/files\/2015\/11\/1250863328960_f-424x318.jpg 424w, https:\/\/wp.ufpel.edu.br\/patrimonio\/files\/2015\/11\/1250863328960_f.jpg 500w\" sizes=\"(max-width: 200px) 100vw, 200px\" \/><\/a>\n\t\t\t<\/dt><\/dl><br style=\"clear: both\" \/><dl class='gallery-item'>\n\t\t\t<dt class='gallery-icon landscape'>\n\t\t\t\t<a href='https:\/\/wp.ufpel.edu.br\/patrimonio\/patrimonio-cultural-edificado\/frigorifico-anglo\/anglo-marcelo-ribeiro\/'><img width=\"200\" height=\"110\" src=\"https:\/\/wp.ufpel.edu.br\/patrimonio\/files\/2015\/11\/ANGLO-Marcelo-Ribeiro-212x117.jpg\" class=\"attachment-thumbnail size-thumbnail\" alt=\"\" srcset=\"https:\/\/wp.ufpel.edu.br\/patrimonio\/files\/2015\/11\/ANGLO-Marcelo-Ribeiro-212x117.jpg 212w, https:\/\/wp.ufpel.edu.br\/patrimonio\/files\/2015\/11\/ANGLO-Marcelo-Ribeiro.jpg 400w\" sizes=\"(max-width: 200px) 100vw, 200px\" \/><\/a>\n\t\t\t<\/dt><\/dl><dl class='gallery-item'>\n\t\t\t<dt class='gallery-icon landscape'>\n\t\t\t\t<a href='https:\/\/wp.ufpel.edu.br\/patrimonio\/patrimonio-cultural-edificado\/frigorifico-anglo\/anglofull\/'><img width=\"200\" height=\"134\" src=\"https:\/\/wp.ufpel.edu.br\/patrimonio\/files\/2015\/11\/anglofull-212x142.jpg\" class=\"attachment-thumbnail size-thumbnail\" alt=\"\" srcset=\"https:\/\/wp.ufpel.edu.br\/patrimonio\/files\/2015\/11\/anglofull-212x142.jpg 212w, https:\/\/wp.ufpel.edu.br\/patrimonio\/files\/2015\/11\/anglofull-424x283.jpg 424w\" sizes=\"(max-width: 200px) 100vw, 200px\" \/><\/a>\n\t\t\t<\/dt><\/dl>\n\t\t\t<br style='clear: both' \/>\n\t\t<\/div>\n\n<h3>Conte sua hist\u00f3ria com o Frigor\u00edfico Anglo<\/h3>\n<p>Caso tenha alguma hist\u00f3ria para contar sobre o Frigor\u00edfico Anglo (depoimento, imagem, v\u00eddeo, \u00e1udio, etc.) e queira compartilhar conosco, envie para <strong>qrcodepatrimonioufpel@gmail.com<\/strong>. Queremos contar a hist\u00f3ria deste local e voc\u00ea pode nos ajudar.<\/p>\n","protected":false},"excerpt":{"rendered":"<p>Inaugurado em 1943, com atividades encerradas em 1991 e venda do complexo em 1993. O pr\u00e9dio continha as seguintes se\u00e7\u00f5es: Pr\u00e9dio da matan\u00e7a, c\u00e2maras frias, estamparias, se\u00e7\u00f5es de conservas, retortas, se\u00e7\u00e3o de resfriamento, sopa para extrato, incuba\u00e7\u00e3o, caixotaria, estrato de carne; dep\u00f3sito, sala das m\u00e1quinas, fabrica\u00e7\u00e3o de g\u00e1s, oficina mec\u00e2nica e o almoxarifado. A estrutura [&hellip;]<\/p>\n","protected":false},"author":558,"featured_media":68,"parent":6,"menu_order":0,"comment_status":"closed","ping_status":"closed","template":"page-sem-sidebar.php","meta":{"footnotes":""},"class_list":["post-64","page","type-page","status-publish","has-post-thumbnail","hentry"],"_links":{"self":[{"href":"https:\/\/wp.ufpel.edu.br\/patrimonio\/wp-json\/wp\/v2\/pages\/64","targetHints":{"allow":["GET"]}}],"collection":[{"href":"https:\/\/wp.ufpel.edu.br\/patrimonio\/wp-json\/wp\/v2\/pages"}],"about":[{"href":"https:\/\/wp.ufpel.edu.br\/patrimonio\/wp-json\/wp\/v2\/types\/page"}],"author":[{"embeddable":true,"href":"https:\/\/wp.ufpel.edu.br\/patrimonio\/wp-json\/wp\/v2\/users\/558"}],"replies":[{"embeddable":true,"href":"https:\/\/wp.ufpel.edu.br\/patrimonio\/wp-json\/wp\/v2\/comments?post=64"}],"version-history":[{"count":13,"href":"https:\/\/wp.ufpel.edu.br\/patrimonio\/wp-json\/wp\/v2\/pages\/64\/revisions"}],"predecessor-version":[{"id":114,"href":"https:\/\/wp.ufpel.edu.br\/patrimonio\/wp-json\/wp\/v2\/pages\/64\/revisions\/114"}],"up":[{"embeddable":true,"href":"https:\/\/wp.ufpel.edu.br\/patrimonio\/wp-json\/wp\/v2\/pages\/6"}],"wp:featuredmedia":[{"embeddable":true,"href":"https:\/\/wp.ufpel.edu.br\/patrimonio\/wp-json\/wp\/v2\/media\/68"}],"wp:attachment":[{"href":"https:\/\/wp.ufpel.edu.br\/patrimonio\/wp-json\/wp\/v2\/media?parent=64"}],"curies":[{"name":"wp","href":"https:\/\/api.w.org\/{rel}","templated":true}]}}