{"id":232,"date":"2015-11-23T17:55:06","date_gmt":"2015-11-23T19:55:06","guid":{"rendered":"https:\/\/wp.ufpel.edu.br\/patrimonio\/?page_id=232"},"modified":"2015-11-27T18:26:22","modified_gmt":"2015-11-27T20:26:22","slug":"cervejaria-rio-grandense","status":"publish","type":"page","link":"https:\/\/wp.ufpel.edu.br\/patrimonio\/patrimonio-cultural-edificado\/cervejaria-rio-grandense\/","title":{"rendered":"Cervejaria Rio-Grandense"},"content":{"rendered":"<p>A Cervejaria Rio-grandense de Pelotas entrou em funcionamento em 1889 e pertencia ao Capit\u00e3o Leopoldo Haertel. \u00c9 composto de um conjunto de pr\u00e9dios, constru\u00eddo em diferentes \u00e9pocas, inicialmente era apenas o localizado junto \u00e0 Rua Conde de porto Alegre, entre 1914 e 1915 foram constru\u00eddos a constru\u00e7\u00e3o de cinco pavimentos junto a Rua Jos\u00e9 do Patroc\u00ednio, em 1931 todo o conjunto foi reformado e feito um dep\u00f3sito junto a Rua Jo\u00e3o Pessoa. Em 1944 a Cervejaria Rio-grandense foi vendida para a Cervejaria Brahma.<\/p>\n<table>\n<tbody>\n<tr>\n<td><a href=\"https:\/\/wp.ufpel.edu.br\/patrimonio\/files\/2015\/11\/cervejaria.png\"><img class=\"alignnone size-medium wp-image-68\" src=\"https:\/\/wp.ufpel.edu.br\/patrimonio\/files\/2015\/11\/cervejaria.png\" alt=\"anglofull\" width=\"424\" height=\"283\" \/><\/a><\/td>\n<\/tr>\n<tr>\n<td><b>Informa\u00e7\u00f5es<\/td>\n<\/tr>\n<tr>\n<td><b>Denomina\u00e7\u00e3o hist\u00f3rica:<\/b> Cervejaria Brahma<\/td>\n<\/tr>\n<tr>\n<td><b>Denomina\u00e7\u00e3o:<\/b> <\/td>\n<\/tr>\n<tr>\n<td><b>Ano de Constru\u00e7\u00e3o:<\/b>1889<\/td>\n<\/tr>\n<tr>\n<td><b>Tipologia Patrimonial:<\/b> Pr\u00e9dio Industrial<\/td>\n<\/tr>\n<tr>\n<td><b>Ano de aquisi\u00e7\u00e3o pela UFPel:<\/b> 2012<\/td>\n<\/tr>\n<tr>\n<td><b>Uso atual:<\/b> sem uso<\/td>\n<\/tr>\n<tr>\n<td><b>Uso anterior:<\/b> Cervejaria Rio-grandense, Cervejaria Brahma<\/td>\n<\/tr>\n<tr>\n<td><b>Estado de Conserva\u00e7\u00e3o:<\/b> sem restauro<\/td>\n<\/tr>\n<tr>\n<td><b>N\u00edvel de prote\u00e7\u00e3o:<\/b> Inventariada<\/td>\n<\/tr>\n<tr>\n<td><b>Localiza\u00e7\u00e3o:<\/b> Rua Benjamim Constant, 1071<\/td>\n<\/tr>\n<\/tbody>\n<\/table>\n<h3>Conte sua hist\u00f3ria com a Cervejaria Rio-grandense de Pelotas<\/h3>\n<p>Caso tenha alguma hist\u00f3ria para contar sobre a Cervejaria Rio-grandense de Pelotas (depoimento, imagem, v\u00eddeo, \u00e1udio, etc.) e queira compartilhar conosco, envie para <strong>qrcodepatrimonioufpel@gmail.com<\/strong>. Queremos contar a hist\u00f3ria deste local e voc\u00ea pode nos ajudar.<\/p>\n","protected":false},"excerpt":{"rendered":"<p>A Cervejaria Rio-grandense de Pelotas entrou em funcionamento em 1889 e pertencia ao Capit\u00e3o Leopoldo Haertel. \u00c9 composto de um conjunto de pr\u00e9dios, constru\u00eddo em diferentes \u00e9pocas, inicialmente era apenas o localizado junto \u00e0 Rua Conde de porto Alegre, entre 1914 e 1915 foram constru\u00eddos a constru\u00e7\u00e3o de cinco pavimentos junto a Rua Jos\u00e9 do [&hellip;]<\/p>\n","protected":false},"author":558,"featured_media":0,"parent":6,"menu_order":0,"comment_status":"closed","ping_status":"closed","template":"page-sem-sidebar.php","meta":{"footnotes":""},"class_list":["post-232","page","type-page","status-publish","hentry"],"_links":{"self":[{"href":"https:\/\/wp.ufpel.edu.br\/patrimonio\/wp-json\/wp\/v2\/pages\/232","targetHints":{"allow":["GET"]}}],"collection":[{"href":"https:\/\/wp.ufpel.edu.br\/patrimonio\/wp-json\/wp\/v2\/pages"}],"about":[{"href":"https:\/\/wp.ufpel.edu.br\/patrimonio\/wp-json\/wp\/v2\/types\/page"}],"author":[{"embeddable":true,"href":"https:\/\/wp.ufpel.edu.br\/patrimonio\/wp-json\/wp\/v2\/users\/558"}],"replies":[{"embeddable":true,"href":"https:\/\/wp.ufpel.edu.br\/patrimonio\/wp-json\/wp\/v2\/comments?post=232"}],"version-history":[{"count":4,"href":"https:\/\/wp.ufpel.edu.br\/patrimonio\/wp-json\/wp\/v2\/pages\/232\/revisions"}],"predecessor-version":[{"id":259,"href":"https:\/\/wp.ufpel.edu.br\/patrimonio\/wp-json\/wp\/v2\/pages\/232\/revisions\/259"}],"up":[{"embeddable":true,"href":"https:\/\/wp.ufpel.edu.br\/patrimonio\/wp-json\/wp\/v2\/pages\/6"}],"wp:attachment":[{"href":"https:\/\/wp.ufpel.edu.br\/patrimonio\/wp-json\/wp\/v2\/media?parent=232"}],"curies":[{"name":"wp","href":"https:\/\/api.w.org\/{rel}","templated":true}]}}