{"id":216,"date":"2015-11-23T17:46:46","date_gmt":"2015-11-23T19:46:46","guid":{"rendered":"https:\/\/wp.ufpel.edu.br\/patrimonio\/?page_id=216"},"modified":"2015-11-27T19:01:38","modified_gmt":"2015-11-27T21:01:38","slug":"faculdade-de-odontologia","status":"publish","type":"page","link":"https:\/\/wp.ufpel.edu.br\/patrimonio\/patrimonio-cultural-edificado\/faculdade-de-odontologia\/","title":{"rendered":"Faculdade de Odontologia"},"content":{"rendered":"<p>Sua constru\u00e7\u00e3o se iniciou em 1949, projetado para ter 7 andares. Sua conclus\u00e3o se deu em 1950, sediando a Faculdade de Odontologia j\u00e1 incorporada \u00e0 Universidade do Rio Grande do Sul, justificando a presen\u00e7a do s\u00edmbolo da ent\u00e3o URGS em sua fachada. Em 1997, 2001 e posteriormente em 2012, passou por reformas e manuten\u00e7\u00f5es em suas \u00e1reas destinadas ao estudo de Odontologia para atualizar suas instala\u00e7\u00f5es.<\/p>\n<table>\n<tbody>\n<tr>\n<td><a href=\"https:\/\/wp.ufpel.edu.br\/patrimonio\/files\/2015\/11\/odonto.png\"><img class=\"alignnone size-medium wp-image-68\" src=\"https:\/\/wp.ufpel.edu.br\/patrimonio\/files\/2015\/11\/odonto.png\" alt=\"anglofull\" width=\"424\" height=\"283\" \/><\/a><\/td>\n<\/tr>\n<tr>\n<td><b>Informa\u00e7\u00f5es<\/td>\n<\/tr>\n<tr>\n<td><b>Denomina\u00e7\u00e3o hist\u00f3rica:<\/b> Faculdade de Odontologia<\/td>\n<\/tr>\n<tr>\n<td><b>Denomina\u00e7\u00e3o atual:<\/b> Faculdade de Odontologia<\/td>\n<\/tr>\n<tr>\n<td><b>Ano de Constru\u00e7\u00e3o:<\/b> 1949 (constru\u00e7\u00e3o) 1950 (conclus\u00e3o das obras)<\/td>\n<\/tr>\n<tr>\n<td><b>Tipologia Patrimonial:<\/b> Institui\u00e7\u00e3o de Ensino<\/td>\n<\/tr>\n<tr>\n<td><b>Ano de aquisi\u00e7\u00e3o pela UFPel:<\/b> <\/td>\n<\/tr>\n<tr>\n<td><b>Uso atual:<\/b> Faculdade de Odontologia<\/td>\n<\/tr>\n<tr>\n<td><b>Uso anterior:<\/b> Faculdade de Odontologia<\/td>\n<\/tr>\n<tr>\n<td><b>Estado de Conserva\u00e7\u00e3o:<\/b> Bom<\/td>\n<\/tr>\n<tr>\n<td><b>N\u00edvel de prote\u00e7\u00e3o:<\/b> <\/td>\n<\/tr>\n<tr>\n<td><b>Localiza\u00e7\u00e3o:<\/b> Gon\u00e7alves Chaves, 457<\/td>\n<\/tr>\n<\/tbody>\n<\/table>\n<h3>Conte sua hist\u00f3ria com a Faculdade de Odontologia<\/h3>\n<p>Caso tenha alguma hist\u00f3ria para contar sobre a Faculdade de Odontologia (depoimento, imagem, v\u00eddeo, \u00e1udio, etc.) e queira compartilhar conosco, envie para <strong>qrcodepatrimonioufpel@gmail.com<\/strong>. Queremos contar a hist\u00f3ria deste local e voc\u00ea pode nos ajudar.<\/p>\n","protected":false},"excerpt":{"rendered":"<p>Sua constru\u00e7\u00e3o se iniciou em 1949, projetado para ter 7 andares. Sua conclus\u00e3o se deu em 1950, sediando a Faculdade de Odontologia j\u00e1 incorporada \u00e0 Universidade do Rio Grande do Sul, justificando a presen\u00e7a do s\u00edmbolo da ent\u00e3o URGS em sua fachada. Em 1997, 2001 e posteriormente em 2012, passou por reformas e manuten\u00e7\u00f5es em [&hellip;]<\/p>\n","protected":false},"author":558,"featured_media":0,"parent":6,"menu_order":0,"comment_status":"closed","ping_status":"closed","template":"page-sem-sidebar.php","meta":{"footnotes":""},"class_list":["post-216","page","type-page","status-publish","hentry"],"_links":{"self":[{"href":"https:\/\/wp.ufpel.edu.br\/patrimonio\/wp-json\/wp\/v2\/pages\/216","targetHints":{"allow":["GET"]}}],"collection":[{"href":"https:\/\/wp.ufpel.edu.br\/patrimonio\/wp-json\/wp\/v2\/pages"}],"about":[{"href":"https:\/\/wp.ufpel.edu.br\/patrimonio\/wp-json\/wp\/v2\/types\/page"}],"author":[{"embeddable":true,"href":"https:\/\/wp.ufpel.edu.br\/patrimonio\/wp-json\/wp\/v2\/users\/558"}],"replies":[{"embeddable":true,"href":"https:\/\/wp.ufpel.edu.br\/patrimonio\/wp-json\/wp\/v2\/comments?post=216"}],"version-history":[{"count":4,"href":"https:\/\/wp.ufpel.edu.br\/patrimonio\/wp-json\/wp\/v2\/pages\/216\/revisions"}],"predecessor-version":[{"id":280,"href":"https:\/\/wp.ufpel.edu.br\/patrimonio\/wp-json\/wp\/v2\/pages\/216\/revisions\/280"}],"up":[{"embeddable":true,"href":"https:\/\/wp.ufpel.edu.br\/patrimonio\/wp-json\/wp\/v2\/pages\/6"}],"wp:attachment":[{"href":"https:\/\/wp.ufpel.edu.br\/patrimonio\/wp-json\/wp\/v2\/media?parent=216"}],"curies":[{"name":"wp","href":"https:\/\/api.w.org\/{rel}","templated":true}]}}