{"id":212,"date":"2015-11-23T17:44:55","date_gmt":"2015-11-23T19:44:55","guid":{"rendered":"https:\/\/wp.ufpel.edu.br\/patrimonio\/?page_id=212"},"modified":"2015-11-27T18:39:16","modified_gmt":"2015-11-27T20:39:16","slug":"cosula","status":"publish","type":"page","link":"https:\/\/wp.ufpel.edu.br\/patrimonio\/patrimonio-cultural-edificado\/cosula\/","title":{"rendered":"Cosul\u00e3"},"content":{"rendered":"<p>Projeto do edif\u00edcio aprovado em 1947 para localiza\u00e7\u00e3o da matriz da ind\u00fastria<\/p>\n<table>\n<tbody>\n<tr>\n<td><a href=\"https:\/\/wp.ufpel.edu.br\/patrimonio\/files\/2015\/11\/ICH.jpg\"><img class=\"alignnone size-medium wp-image-68\" src=\"https:\/\/wp.ufpel.edu.br\/patrimonio\/files\/2015\/11\/ICH.jpg\" alt=\"anglofull\" width=\"424\" height=\"283\" \/><\/a><\/td>\n<\/tr>\n<tr>\n<td><b>Informa\u00e7\u00f5es<\/td>\n<\/tr>\n<tr>\n<td><b>Denomina\u00e7\u00e3o hist\u00f3rica:<\/b> Cosul\u00e3<\/td>\n<\/tr>\n<tr>\n<td><b>Denomina\u00e7\u00e3o:<\/b>Campus das Ci\u00eancias Sociais<\/td>\n<\/tr>\n<tr>\n<td><b>Ano de Constru\u00e7\u00e3o:<\/b><\/td>\n<\/tr>\n<tr>\n<td><b>Tipologia Patrimonial:<\/b>Pr\u00e9dio Industrial<\/td>\n<\/tr>\n<tr>\n<td><b>Ano de aquisi\u00e7\u00e3o pela UFPel:<\/b><\/td>\n<\/tr>\n<tr>\n<td><b>Uso atual:<\/b> Campus das Ci\u00eancias Sociais (ICH)<\/td>\n<\/tr>\n<tr>\n<td><b>Uso anterior:<\/b>Ind\u00fastria<\/td>\n<\/tr>\n<tr>\n<td><b>Estado de Conserva\u00e7\u00e3o:<\/b> sem restauro<\/td>\n<\/tr>\n<tr>\n<td><b>N\u00edvel de prote\u00e7\u00e3o:<\/b> Inventariado n\u00edvel 2<\/td>\n<\/tr>\n<tr>\n<td><b>Localiza\u00e7\u00e3o:<\/b> Rua Coronel Alberto Rosa, 154<\/td>\n<\/tr>\n<\/tbody>\n<\/table>\n<h3>Conte sua hist\u00f3ria com a Cervejaria Rio-grandense de Pelotas<\/h3>\n<p>Caso tenha alguma hist\u00f3ria para contar sobre a Cervejaria Rio-grandense de Pelotas (depoimento, imagem, v\u00eddeo, \u00e1udio, etc.) e queira compartilhar conosco, envie para <strong>qrcodepatrimonioufpel@gmail.com<\/strong>. Queremos contar a hist\u00f3ria deste local e voc\u00ea pode nos ajudar.<\/p>\n","protected":false},"excerpt":{"rendered":"<p>Projeto do edif\u00edcio aprovado em 1947 para localiza\u00e7\u00e3o da matriz da ind\u00fastria Informa\u00e7\u00f5es Denomina\u00e7\u00e3o hist\u00f3rica: Cosul\u00e3 Denomina\u00e7\u00e3o:Campus das Ci\u00eancias Sociais Ano de Constru\u00e7\u00e3o: Tipologia Patrimonial:Pr\u00e9dio Industrial Ano de aquisi\u00e7\u00e3o pela UFPel: Uso atual: Campus das Ci\u00eancias Sociais (ICH) Uso anterior:Ind\u00fastria Estado de Conserva\u00e7\u00e3o: sem restauro N\u00edvel de prote\u00e7\u00e3o: Inventariado n\u00edvel 2 Localiza\u00e7\u00e3o: Rua Coronel Alberto [&hellip;]<\/p>\n","protected":false},"author":558,"featured_media":0,"parent":6,"menu_order":0,"comment_status":"closed","ping_status":"closed","template":"page-sem-sidebar.php","meta":{"footnotes":""},"class_list":["post-212","page","type-page","status-publish","hentry"],"_links":{"self":[{"href":"https:\/\/wp.ufpel.edu.br\/patrimonio\/wp-json\/wp\/v2\/pages\/212","targetHints":{"allow":["GET"]}}],"collection":[{"href":"https:\/\/wp.ufpel.edu.br\/patrimonio\/wp-json\/wp\/v2\/pages"}],"about":[{"href":"https:\/\/wp.ufpel.edu.br\/patrimonio\/wp-json\/wp\/v2\/types\/page"}],"author":[{"embeddable":true,"href":"https:\/\/wp.ufpel.edu.br\/patrimonio\/wp-json\/wp\/v2\/users\/558"}],"replies":[{"embeddable":true,"href":"https:\/\/wp.ufpel.edu.br\/patrimonio\/wp-json\/wp\/v2\/comments?post=212"}],"version-history":[{"count":3,"href":"https:\/\/wp.ufpel.edu.br\/patrimonio\/wp-json\/wp\/v2\/pages\/212\/revisions"}],"predecessor-version":[{"id":267,"href":"https:\/\/wp.ufpel.edu.br\/patrimonio\/wp-json\/wp\/v2\/pages\/212\/revisions\/267"}],"up":[{"embeddable":true,"href":"https:\/\/wp.ufpel.edu.br\/patrimonio\/wp-json\/wp\/v2\/pages\/6"}],"wp:attachment":[{"href":"https:\/\/wp.ufpel.edu.br\/patrimonio\/wp-json\/wp\/v2\/media?parent=212"}],"curies":[{"name":"wp","href":"https:\/\/api.w.org\/{rel}","templated":true}]}}