{"id":108,"date":"2015-11-10T16:26:47","date_gmt":"2015-11-10T18:26:47","guid":{"rendered":"https:\/\/wp.ufpel.edu.br\/patrimonio\/?page_id=108"},"modified":"2015-11-12T10:00:24","modified_gmt":"2015-11-12T12:00:24","slug":"intervencoes","status":"publish","type":"page","link":"https:\/\/wp.ufpel.edu.br\/patrimonio\/intervencoes\/","title":{"rendered":"Interven\u00e7\u00f5es"},"content":{"rendered":"<h1 style=\"text-align: center;\">Projeto Inaugural: S\u00e3o Gon\u00e7alo &#8211; Patrim\u00f4nio Ambiental<\/h1>\n<p style=\"text-align: center;\"><a href=\"https:\/\/wp.ufpel.edu.br\/patrimonio\/sao-goncalo-patrimonio-ambiental\/\"><img class=\"aligncenter wp-image-109 size-full\" src=\"https:\/\/wp.ufpel.edu.br\/patrimonio\/files\/2015\/11\/saogoncalo.jpg\" alt=\"saogoncalo\" width=\"2788\" height=\"668\" srcset=\"https:\/\/wp.ufpel.edu.br\/patrimonio\/files\/2015\/11\/saogoncalo.jpg 2788w, https:\/\/wp.ufpel.edu.br\/patrimonio\/files\/2015\/11\/saogoncalo-212x51.jpg 212w, https:\/\/wp.ufpel.edu.br\/patrimonio\/files\/2015\/11\/saogoncalo-424x102.jpg 424w\" sizes=\"(max-width: 2788px) 100vw, 2788px\" \/><\/a><\/p>\n<p>Nas margens da cidade de Pelotas est\u00e1 o Canal S\u00e3o Gon\u00e7alo. Pelo espa\u00e7o da \u201cimagina\u00e7\u00e3o aberta\u201d somos levados a crer que as \u00e1guas deste canal espelham n\u00e3o somente o contorno da cidade, aquilo que do exterior a forma, como tamb\u00e9m o seu interior &#8211; o que alguns ousam chamar de sua alma. Tal fun\u00e7\u00e3o especular confirma a hip\u00f3tese de que n\u00e3o se trata apenas de uma, mais de duas cidades, onde nada acontece na primeira que n\u00e3o se repita na segunda. E se levarmos mais adiante nossa busca verificaremos que por destino as \u00e1guas do Canal S\u00e3o Gon\u00e7alo refletem cada tra\u00e7o da cidade, assim como todos os gestos de cada um de seus habitantes. Combina\u00e7\u00e3o observada pela transforma\u00e7\u00e3o das \u00e1guas em l\u00e1grimas, as mesmas \u00e1guas que vertem das paredes das casas durante os frios e \u00famidos invernos. Por\u00e9m, como a literatura ainda nos informa, o espelho pode aumentar o valor das coisas ou at\u00e9 anul\u00e1-las, mas neste caso, talvez ainda reste dizer que olhar para a cidade de Pelotas e a outra cidade espelhada pelo Canal S\u00e3o Gon\u00e7alo, implica em reconhecer que \u00e9 na profundidade das imagens de sonho (e de contempla\u00e7\u00e3o) que a cidade pela \u00e1gua olha a terra, olha o tempo e atrav\u00e9s desse singular movimento revela aquilo que nossos olhos foram, s\u00e3o, ou quem sabe ainda, um dia ser\u00e3o.<br \/>\n<strong>Denise Marcos Bussoletti<\/strong><\/p>\n","protected":false},"excerpt":{"rendered":"<p>Projeto Inaugural: S\u00e3o Gon\u00e7alo &#8211; Patrim\u00f4nio Ambiental Nas margens da cidade de Pelotas est\u00e1 o Canal S\u00e3o Gon\u00e7alo. Pelo espa\u00e7o da \u201cimagina\u00e7\u00e3o aberta\u201d somos levados a crer que as \u00e1guas deste canal espelham n\u00e3o somente o contorno da cidade, aquilo que do exterior a forma, como tamb\u00e9m o seu interior &#8211; o que alguns ousam [&hellip;]<\/p>\n","protected":false},"author":558,"featured_media":109,"parent":0,"menu_order":0,"comment_status":"closed","ping_status":"closed","template":"page-sem-sidebar.php","meta":{"footnotes":""},"class_list":["post-108","page","type-page","status-publish","has-post-thumbnail","hentry"],"_links":{"self":[{"href":"https:\/\/wp.ufpel.edu.br\/patrimonio\/wp-json\/wp\/v2\/pages\/108","targetHints":{"allow":["GET"]}}],"collection":[{"href":"https:\/\/wp.ufpel.edu.br\/patrimonio\/wp-json\/wp\/v2\/pages"}],"about":[{"href":"https:\/\/wp.ufpel.edu.br\/patrimonio\/wp-json\/wp\/v2\/types\/page"}],"author":[{"embeddable":true,"href":"https:\/\/wp.ufpel.edu.br\/patrimonio\/wp-json\/wp\/v2\/users\/558"}],"replies":[{"embeddable":true,"href":"https:\/\/wp.ufpel.edu.br\/patrimonio\/wp-json\/wp\/v2\/comments?post=108"}],"version-history":[{"count":7,"href":"https:\/\/wp.ufpel.edu.br\/patrimonio\/wp-json\/wp\/v2\/pages\/108\/revisions"}],"predecessor-version":[{"id":174,"href":"https:\/\/wp.ufpel.edu.br\/patrimonio\/wp-json\/wp\/v2\/pages\/108\/revisions\/174"}],"wp:featuredmedia":[{"embeddable":true,"href":"https:\/\/wp.ufpel.edu.br\/patrimonio\/wp-json\/wp\/v2\/media\/109"}],"wp:attachment":[{"href":"https:\/\/wp.ufpel.edu.br\/patrimonio\/wp-json\/wp\/v2\/media?parent=108"}],"curies":[{"name":"wp","href":"https:\/\/api.w.org\/{rel}","templated":true}]}}