{"id":435,"date":"2021-04-24T18:46:09","date_gmt":"2021-04-24T21:46:09","guid":{"rendered":"https:\/\/wp.ufpel.edu.br\/patologiabucal\/?page_id=435"},"modified":"2021-07-20T14:42:29","modified_gmt":"2021-07-20T17:42:29","slug":"grupo-de-estudos","status":"publish","type":"page","link":"https:\/\/wp.ufpel.edu.br\/patologiabucal\/grupo-de-estudos\/","title":{"rendered":"Grupo de Estudos"},"content":{"rendered":"<p>&nbsp;<\/p>\n<p><a href=\"https:\/\/wp.ufpel.edu.br\/patologiabucal\/grupo-de-estudos\/data\/\" rel=\"attachment wp-att-451\"><img class=\"wp-image-451 aligncenter\" src=\"https:\/\/wp.ufpel.edu.br\/patologiabucal\/files\/2021\/04\/DATA-283x400.png\" alt=\"\" width=\"302\" height=\"427\" srcset=\"https:\/\/wp.ufpel.edu.br\/patologiabucal\/files\/2021\/04\/DATA-283x400.png 283w, https:\/\/wp.ufpel.edu.br\/patologiabucal\/files\/2021\/04\/DATA-724x1024.png 724w, https:\/\/wp.ufpel.edu.br\/patologiabucal\/files\/2021\/04\/DATA-768x1086.png 768w, https:\/\/wp.ufpel.edu.br\/patologiabucal\/files\/2021\/04\/DATA-1086x1536.png 1086w, https:\/\/wp.ufpel.edu.br\/patologiabucal\/files\/2021\/04\/DATA.png 1414w\" sizes=\"(max-width: 302px) 100vw, 302px\" \/><\/a><\/p>\n<p style=\"text-align: center\">Grupo de Estudos em Diagn\u00f3stico Bucal<\/p>\n<hr \/>\n<p><strong><span style=\"font-family: arial, helvetica, sans-serif\">1\u00ba Encontro: 27 de Abril de 2021, \u00e0s 14h.<br \/>\nCronograma: Discuss\u00e3o do Caso Cl\u00ednico 1.<\/span><\/strong><\/p>\n<p><span style=\"font-family: arial, helvetica, sans-serif\"><a href=\"https:\/\/forms.gle\/JgYr6RVn6gbyQL8t7\">CASO 1<\/a><\/span><\/p>\n<p><span style=\"font-family: arial, helvetica, sans-serif\"><span style=\"background-color: #999999;color: #ffffff\">R: Diagn\u00f3stico &#8211; Tumor de C\u00e9lulas Granulares<\/span><\/span><\/p>\n<hr \/>\n<p><strong><span style=\"font-family: arial, helvetica, sans-serif\">2\u00ba Encontro: 11 de Maio de 2021, \u00e0s 14h.<br \/>\nCronograma: Discuss\u00e3o do Caso Cl\u00ednico 2.<\/span><\/strong><\/p>\n<p><span style=\"font-family: arial, helvetica, sans-serif\"><span style=\"background-color: #999999;color: #ffffff\">R: Diagn\u00f3stico &#8211; Cisto Periapical<\/span><\/span><\/p>\n<hr \/>\n<p><strong><span style=\"font-family: arial, helvetica, sans-serif\">3\u00ba Encontro: 25 de Maio de 2021, \u00e0s 14h.<br \/>\nCronograma: Discuss\u00e3o do Caso Cl\u00ednico 3.<\/span><\/strong><\/p>\n<p><span style=\"font-family: arial, helvetica, sans-serif\"><a href=\"https:\/\/forms.gle\/zA3ybGVSegBvJi1s6\">CASO 3<\/a><\/span><\/p>\n<p><span style=\"font-family: arial, helvetica, sans-serif\"><span style=\"background-color: #999999;color: #ffffff\">R: Diagn\u00f3stico &#8211; Defeito \u00d3sseo de Stafne<\/span><\/span><\/p>\n<p><span style=\"font-family: arial, helvetica, sans-serif\">Artigos sobre classifica\u00e7\u00e3o do Defeito \u00d3sseo de Stafne:<\/span><\/p>\n<p><span style=\"font-family: arial, helvetica, sans-serif\"><a href=\"https:\/\/wp.ufpel.edu.br\/patologiabucal\/grupo-de-estudos-2\/chaudhry_2020\/\" target=\"_blank\" rel=\"noopener noreferrer\">Stafne&#8217;s bone defect with bicortical perforation: a need for modified classification system_2020<\/a>\u00a0<\/span><\/p>\n<p><span style=\"font-family: arial, helvetica, sans-serif\"><a href=\"https:\/\/wp.ufpel.edu.br\/patologiabucal\/grupo-de-estudos\/ariji_1993\/\" target=\"_blank\" rel=\"noopener noreferrer\">Stafne&#8217;s bone cavity: Classification based on outline and content determined by computed tomography_1993<\/a>\u00a0<\/span><\/p>\n<hr \/>\n<p><strong><span style=\"font-family: arial, helvetica, sans-serif\">4\u00ba Encontro: 08 de Junho de 2021, \u00e0s 14h.<br \/>\nCronograma: Discuss\u00e3o do Caso Cl\u00ednico 4.<\/span><\/strong><\/p>\n<p><span style=\"font-family: arial, helvetica, sans-serif\"><a href=\"https:\/\/forms.gle\/XLPSoGmibY3en4vJ9\">CASO 4<\/a><\/span><\/p>\n<p><span style=\"font-family: arial, helvetica, sans-serif\"><span style=\"background-color: #999999;color: #ffffff\">R: Diagn\u00f3stico &#8211; P\u00eanfigo Vulgar<\/span><\/span><\/p>\n<hr \/>\n<p><strong><span style=\"font-family: arial, helvetica, sans-serif\">5\u00ba Encontro: 22 de Junho de 2021, \u00e0s 14h.<br \/>\nCronograma: Discuss\u00e3o do Caso Cl\u00ednico 5.<\/span><\/strong><\/p>\n<p><span style=\"font-family: arial, helvetica, sans-serif\"><a href=\"https:\/\/forms.gle\/N8EoVPKfc94xA7Pp8\">CASO 5<\/a><\/span><\/p>\n<p><span style=\"font-family: arial, helvetica, sans-serif\"><span style=\"background-color: #999999;color: #ffffff\">R: Diagn\u00f3stico &#8211; Cisto do Ducto Nasopalatino + Cisto Periapical<\/span><\/span><\/p>\n<hr \/>\n<p><strong><span style=\"font-family: arial, helvetica, sans-serif\">6\u00ba Encontro: 06 de Julho de 2021, \u00e0s 14h.<br \/>\nCronograma: Discuss\u00e3o do Caso Cl\u00ednico 6.<\/span><\/strong><\/p>\n<p><span style=\"font-family: arial, helvetica, sans-serif\"><a href=\"https:\/\/forms.gle\/GMFsdNkoxn5N9urbA\">CASO 6<\/a><\/span><\/p>\n<p><span style=\"font-family: arial, helvetica, sans-serif\"><span style=\"background-color: #999999;color: #ffffff\">R: Diagn\u00f3stico &#8211; Lipoma<\/span><\/span><\/p>\n<hr \/>\n<p><strong><span style=\"font-family: arial, helvetica, sans-serif\">7\u00ba Encontro: 20 de Julho de 2021, \u00e0s 14h.<br \/>\nCronograma: Discuss\u00e3o do Caso Cl\u00ednico 7.<\/span><\/strong><\/p>\n<p><span style=\"font-family: arial, helvetica, sans-serif\"><span style=\"background-color: #999999;color: #ffffff\">R: Diagn\u00f3stico &#8211; Tumor Odontog\u00eanico Epitelial Calcificante<\/span><\/span><\/p>\n<hr \/>\n<p>&nbsp;<\/p>\n","protected":false},"excerpt":{"rendered":"<p>&nbsp; Grupo de Estudos em Diagn\u00f3stico Bucal 1\u00ba Encontro: 27 de Abril de 2021, \u00e0s 14h. Cronograma: Discuss\u00e3o do Caso Cl\u00ednico 1. CASO 1 R: Diagn\u00f3stico &#8211; Tumor de C\u00e9lulas Granulares 2\u00ba Encontro: 11 de Maio de 2021, \u00e0s 14h. Cronograma: Discuss\u00e3o do Caso Cl\u00ednico 2. R: Diagn\u00f3stico &#8211; Cisto Periapical 3\u00ba Encontro: 25 de [&hellip;]<\/p>\n","protected":false},"author":879,"featured_media":0,"parent":0,"menu_order":0,"comment_status":"closed","ping_status":"closed","template":"","meta":{"footnotes":""},"class_list":["post-435","page","type-page","status-publish","hentry"],"yoast_head":"<!-- This site is optimized with the Yoast SEO plugin v26.7 - https:\/\/yoast.com\/wordpress\/plugins\/seo\/ -->\n<title>Grupo de Estudos - Diagn\u00f3stico Bucal Interativo<\/title>\n<meta name=\"robots\" content=\"index, follow, max-snippet:-1, max-image-preview:large, max-video-preview:-1\" \/>\n<link rel=\"canonical\" href=\"https:\/\/wp.ufpel.edu.br\/patologiabucal\/grupo-de-estudos\/\" \/>\n<meta property=\"og:locale\" content=\"pt_BR\" \/>\n<meta property=\"og:type\" content=\"article\" \/>\n<meta property=\"og:title\" content=\"Grupo de Estudos - Diagn\u00f3stico Bucal Interativo\" \/>\n<meta property=\"og:description\" content=\"&nbsp; Grupo de Estudos em Diagn\u00f3stico Bucal 1\u00ba Encontro: 27 de Abril de 2021, \u00e0s 14h. Cronograma: Discuss\u00e3o do Caso Cl\u00ednico 1. CASO 1 R: Diagn\u00f3stico &#8211; Tumor de C\u00e9lulas Granulares 2\u00ba Encontro: 11 de Maio de 2021, \u00e0s 14h. Cronograma: Discuss\u00e3o do Caso Cl\u00ednico 2. R: Diagn\u00f3stico &#8211; Cisto Periapical 3\u00ba Encontro: 25 de [&hellip;]\" \/>\n<meta property=\"og:url\" content=\"https:\/\/wp.ufpel.edu.br\/patologiabucal\/grupo-de-estudos\/\" \/>\n<meta property=\"og:site_name\" content=\"Diagn\u00f3stico Bucal Interativo\" \/>\n<meta property=\"article:modified_time\" content=\"2021-07-20T17:42:29+00:00\" \/>\n<meta property=\"og:image\" content=\"https:\/\/wp.ufpel.edu.br\/patologiabucal\/files\/2021\/04\/DATA-283x400.png\" \/>\n<meta name=\"twitter:card\" content=\"summary_large_image\" \/>\n<meta name=\"twitter:label1\" content=\"Est. tempo de leitura\" \/>\n\t<meta name=\"twitter:data1\" content=\"2 minutos\" \/>\n<script type=\"application\/ld+json\" class=\"yoast-schema-graph\">{\"@context\":\"https:\/\/schema.org\",\"@graph\":[{\"@type\":\"WebPage\",\"@id\":\"https:\/\/wp.ufpel.edu.br\/patologiabucal\/grupo-de-estudos\/\",\"url\":\"https:\/\/wp.ufpel.edu.br\/patologiabucal\/grupo-de-estudos\/\",\"name\":\"Grupo de Estudos - Diagn\u00f3stico Bucal Interativo\",\"isPartOf\":{\"@id\":\"https:\/\/wp.ufpel.edu.br\/patologiabucal\/#website\"},\"primaryImageOfPage\":{\"@id\":\"https:\/\/wp.ufpel.edu.br\/patologiabucal\/grupo-de-estudos\/#primaryimage\"},\"image\":{\"@id\":\"https:\/\/wp.ufpel.edu.br\/patologiabucal\/grupo-de-estudos\/#primaryimage\"},\"thumbnailUrl\":\"https:\/\/wp.ufpel.edu.br\/patologiabucal\/files\/2021\/04\/DATA-283x400.png\",\"datePublished\":\"2021-04-24T21:46:09+00:00\",\"dateModified\":\"2021-07-20T17:42:29+00:00\",\"breadcrumb\":{\"@id\":\"https:\/\/wp.ufpel.edu.br\/patologiabucal\/grupo-de-estudos\/#breadcrumb\"},\"inLanguage\":\"pt-BR\",\"potentialAction\":[{\"@type\":\"ReadAction\",\"target\":[\"https:\/\/wp.ufpel.edu.br\/patologiabucal\/grupo-de-estudos\/\"]}]},{\"@type\":\"ImageObject\",\"inLanguage\":\"pt-BR\",\"@id\":\"https:\/\/wp.ufpel.edu.br\/patologiabucal\/grupo-de-estudos\/#primaryimage\",\"url\":\"https:\/\/wp.ufpel.edu.br\/patologiabucal\/files\/2021\/04\/DATA.png\",\"contentUrl\":\"https:\/\/wp.ufpel.edu.br\/patologiabucal\/files\/2021\/04\/DATA.png\",\"width\":1414,\"height\":2000},{\"@type\":\"BreadcrumbList\",\"@id\":\"https:\/\/wp.ufpel.edu.br\/patologiabucal\/grupo-de-estudos\/#breadcrumb\",\"itemListElement\":[{\"@type\":\"ListItem\",\"position\":1,\"name\":\"In\u00edcio\",\"item\":\"https:\/\/wp.ufpel.edu.br\/patologiabucal\/\"},{\"@type\":\"ListItem\",\"position\":2,\"name\":\"Grupo de Estudos\"}]},{\"@type\":\"WebSite\",\"@id\":\"https:\/\/wp.ufpel.edu.br\/patologiabucal\/#website\",\"url\":\"https:\/\/wp.ufpel.edu.br\/patologiabucal\/\",\"name\":\"Diagn\u00f3stico Bucal Interativo\",\"description\":\"UFPel\",\"publisher\":{\"@id\":\"https:\/\/wp.ufpel.edu.br\/patologiabucal\/#organization\"},\"potentialAction\":[{\"@type\":\"SearchAction\",\"target\":{\"@type\":\"EntryPoint\",\"urlTemplate\":\"https:\/\/wp.ufpel.edu.br\/patologiabucal\/?s={search_term_string}\"},\"query-input\":{\"@type\":\"PropertyValueSpecification\",\"valueRequired\":true,\"valueName\":\"search_term_string\"}}],\"inLanguage\":\"pt-BR\"},{\"@type\":\"Organization\",\"@id\":\"https:\/\/wp.ufpel.edu.br\/patologiabucal\/#organization\",\"name\":\"Diagn\u00f3stico Bucal Interativo\",\"url\":\"https:\/\/wp.ufpel.edu.br\/patologiabucal\/\",\"logo\":{\"@type\":\"ImageObject\",\"inLanguage\":\"pt-BR\",\"@id\":\"https:\/\/wp.ufpel.edu.br\/patologiabucal\/#\/schema\/logo\/image\/\",\"url\":\"https:\/\/wp.ufpel.edu.br\/patologiabucal\/files\/2021\/05\/Patologia-Interativa-logo.png\",\"contentUrl\":\"https:\/\/wp.ufpel.edu.br\/patologiabucal\/files\/2021\/05\/Patologia-Interativa-logo.png\",\"width\":907,\"height\":908,\"caption\":\"Diagn\u00f3stico Bucal Interativo\"},\"image\":{\"@id\":\"https:\/\/wp.ufpel.edu.br\/patologiabucal\/#\/schema\/logo\/image\/\"}}]}<\/script>\n<!-- \/ Yoast SEO plugin. -->","yoast_head_json":{"title":"Grupo de Estudos - Diagn\u00f3stico Bucal Interativo","robots":{"index":"index","follow":"follow","max-snippet":"max-snippet:-1","max-image-preview":"max-image-preview:large","max-video-preview":"max-video-preview:-1"},"canonical":"https:\/\/wp.ufpel.edu.br\/patologiabucal\/grupo-de-estudos\/","og_locale":"pt_BR","og_type":"article","og_title":"Grupo de Estudos - Diagn\u00f3stico Bucal Interativo","og_description":"&nbsp; Grupo de Estudos em Diagn\u00f3stico Bucal 1\u00ba Encontro: 27 de Abril de 2021, \u00e0s 14h. Cronograma: Discuss\u00e3o do Caso Cl\u00ednico 1. CASO 1 R: Diagn\u00f3stico &#8211; Tumor de C\u00e9lulas Granulares 2\u00ba Encontro: 11 de Maio de 2021, \u00e0s 14h. Cronograma: Discuss\u00e3o do Caso Cl\u00ednico 2. R: Diagn\u00f3stico &#8211; Cisto Periapical 3\u00ba Encontro: 25 de [&hellip;]","og_url":"https:\/\/wp.ufpel.edu.br\/patologiabucal\/grupo-de-estudos\/","og_site_name":"Diagn\u00f3stico Bucal Interativo","article_modified_time":"2021-07-20T17:42:29+00:00","og_image":[{"url":"https:\/\/wp.ufpel.edu.br\/patologiabucal\/files\/2021\/04\/DATA-283x400.png","type":"","width":"","height":""}],"twitter_card":"summary_large_image","twitter_misc":{"Est. tempo de leitura":"2 minutos"},"schema":{"@context":"https:\/\/schema.org","@graph":[{"@type":"WebPage","@id":"https:\/\/wp.ufpel.edu.br\/patologiabucal\/grupo-de-estudos\/","url":"https:\/\/wp.ufpel.edu.br\/patologiabucal\/grupo-de-estudos\/","name":"Grupo de Estudos - Diagn\u00f3stico Bucal Interativo","isPartOf":{"@id":"https:\/\/wp.ufpel.edu.br\/patologiabucal\/#website"},"primaryImageOfPage":{"@id":"https:\/\/wp.ufpel.edu.br\/patologiabucal\/grupo-de-estudos\/#primaryimage"},"image":{"@id":"https:\/\/wp.ufpel.edu.br\/patologiabucal\/grupo-de-estudos\/#primaryimage"},"thumbnailUrl":"https:\/\/wp.ufpel.edu.br\/patologiabucal\/files\/2021\/04\/DATA-283x400.png","datePublished":"2021-04-24T21:46:09+00:00","dateModified":"2021-07-20T17:42:29+00:00","breadcrumb":{"@id":"https:\/\/wp.ufpel.edu.br\/patologiabucal\/grupo-de-estudos\/#breadcrumb"},"inLanguage":"pt-BR","potentialAction":[{"@type":"ReadAction","target":["https:\/\/wp.ufpel.edu.br\/patologiabucal\/grupo-de-estudos\/"]}]},{"@type":"ImageObject","inLanguage":"pt-BR","@id":"https:\/\/wp.ufpel.edu.br\/patologiabucal\/grupo-de-estudos\/#primaryimage","url":"https:\/\/wp.ufpel.edu.br\/patologiabucal\/files\/2021\/04\/DATA.png","contentUrl":"https:\/\/wp.ufpel.edu.br\/patologiabucal\/files\/2021\/04\/DATA.png","width":1414,"height":2000},{"@type":"BreadcrumbList","@id":"https:\/\/wp.ufpel.edu.br\/patologiabucal\/grupo-de-estudos\/#breadcrumb","itemListElement":[{"@type":"ListItem","position":1,"name":"In\u00edcio","item":"https:\/\/wp.ufpel.edu.br\/patologiabucal\/"},{"@type":"ListItem","position":2,"name":"Grupo de Estudos"}]},{"@type":"WebSite","@id":"https:\/\/wp.ufpel.edu.br\/patologiabucal\/#website","url":"https:\/\/wp.ufpel.edu.br\/patologiabucal\/","name":"Diagn\u00f3stico Bucal Interativo","description":"UFPel","publisher":{"@id":"https:\/\/wp.ufpel.edu.br\/patologiabucal\/#organization"},"potentialAction":[{"@type":"SearchAction","target":{"@type":"EntryPoint","urlTemplate":"https:\/\/wp.ufpel.edu.br\/patologiabucal\/?s={search_term_string}"},"query-input":{"@type":"PropertyValueSpecification","valueRequired":true,"valueName":"search_term_string"}}],"inLanguage":"pt-BR"},{"@type":"Organization","@id":"https:\/\/wp.ufpel.edu.br\/patologiabucal\/#organization","name":"Diagn\u00f3stico Bucal Interativo","url":"https:\/\/wp.ufpel.edu.br\/patologiabucal\/","logo":{"@type":"ImageObject","inLanguage":"pt-BR","@id":"https:\/\/wp.ufpel.edu.br\/patologiabucal\/#\/schema\/logo\/image\/","url":"https:\/\/wp.ufpel.edu.br\/patologiabucal\/files\/2021\/05\/Patologia-Interativa-logo.png","contentUrl":"https:\/\/wp.ufpel.edu.br\/patologiabucal\/files\/2021\/05\/Patologia-Interativa-logo.png","width":907,"height":908,"caption":"Diagn\u00f3stico Bucal Interativo"},"image":{"@id":"https:\/\/wp.ufpel.edu.br\/patologiabucal\/#\/schema\/logo\/image\/"}}]}},"_links":{"self":[{"href":"https:\/\/wp.ufpel.edu.br\/patologiabucal\/wp-json\/wp\/v2\/pages\/435","targetHints":{"allow":["GET"]}}],"collection":[{"href":"https:\/\/wp.ufpel.edu.br\/patologiabucal\/wp-json\/wp\/v2\/pages"}],"about":[{"href":"https:\/\/wp.ufpel.edu.br\/patologiabucal\/wp-json\/wp\/v2\/types\/page"}],"author":[{"embeddable":true,"href":"https:\/\/wp.ufpel.edu.br\/patologiabucal\/wp-json\/wp\/v2\/users\/879"}],"replies":[{"embeddable":true,"href":"https:\/\/wp.ufpel.edu.br\/patologiabucal\/wp-json\/wp\/v2\/comments?post=435"}],"version-history":[{"count":17,"href":"https:\/\/wp.ufpel.edu.br\/patologiabucal\/wp-json\/wp\/v2\/pages\/435\/revisions"}],"predecessor-version":[{"id":494,"href":"https:\/\/wp.ufpel.edu.br\/patologiabucal\/wp-json\/wp\/v2\/pages\/435\/revisions\/494"}],"wp:attachment":[{"href":"https:\/\/wp.ufpel.edu.br\/patologiabucal\/wp-json\/wp\/v2\/media?parent=435"}],"curies":[{"name":"wp","href":"https:\/\/api.w.org\/{rel}","templated":true}]}}