{"id":81,"date":"2025-08-15T11:34:10","date_gmt":"2025-08-15T14:34:10","guid":{"rendered":"https:\/\/wp.ufpel.edu.br\/passivehousebrasil2025\/?page_id=81"},"modified":"2025-10-29T14:13:53","modified_gmt":"2025-10-29T17:13:53","slug":"organizacao","status":"publish","type":"page","link":"https:\/\/wp.ufpel.edu.br\/passivehousebrasil2025\/organizacao\/","title":{"rendered":"ORGANIZA\u00c7\u00c3O"},"content":{"rendered":"<h5><span style=\"font-size: 12pt; color: #bca45e;\">ORGANIZADORES<\/span><\/h5>\n<p>O evento contou com os\u00a0 seguintes organizadores:<\/p>\n<p><a href=\"http:\/\/lattes.cnpq.br\/7694477998106229\" target=\"_blank\" rel=\"noopener\">\u2500 M.Sc Anderson Priebe Ferrugem<\/a>\u00a0\u2013 Universidade Federal de Pelotas (UFPel)<\/p>\n<p>\u2500\u00a0<a href=\"http:\/\/lattes.cnpq.br\/2411745631488167\" target=\"_blank\" rel=\"noopener\">Carolina de Mesquita Duarte<\/a>\u00a0\u2013 Universidade Federal de Pelotas (UFPel)<\/p>\n<p>\u2500 <a href=\"http:\/\/lattes.cnpq.br\/6958799365855874\">Caroline Borges Pilenghi<\/a>\u00a0\u2013 Universidade Federal de Pelotas (UFPel)<\/p>\n<p>\u2500 <a href=\"http:\/\/lattes.cnpq.br\/6403804802013276\">Davison Guimar\u00e3es Sope\u00f1a<\/a> \u2013 Universidade Federal de Pelotas (UFPel)<\/p>\n<p>\u2500\u00a0<a href=\"http:\/\/lattes.cnpq.br\/0959256350186452\" target=\"_blank\" rel=\"noopener\">Prof. Dr. Eduardo Grala da Cunha<\/a>\u00a0\u2013 Universidade Federal de Pelotas (UFPel)<\/p>\n<p>\u2500\u00a0<a href=\"http:\/\/lattes.cnpq.br\/8047166236325502\" target=\"_blank\" rel=\"noopener\">Prof. Dr. Egon Vettorazzi<\/a>\u00a0\u2013 Universidade Federal da Integra\u00e7\u00e3o Latino-Americana (UNILA\/PR)<\/p>\n<p>\u2500\u00a0<a href=\"https:\/\/www.linkedin.com\/in\/fabriciolucchesi\/\">Eng. M.Sc Fabricio Lucchesi<\/a>\u00a0\u2013 Hygge<\/p>\n<p>\u2500\u00a0<a href=\"http:\/\/lattes.cnpq.br\/8113458731822054\">Prof\u00aa. Dr\u00aa. Gabriela Meller<\/a>\u2013 Universidade Federal de Pelotas (UFPel)<\/p>\n<p>\u2500\u00a0<a href=\"http:\/\/lattes.cnpq.br\/0741779314269617\">Gabriela Wrege Parra<\/a>\u00a0\u2013\u00a0Universidade Federal de Pelotas (UFPel)<\/p>\n<p>\u2500\u00a0<a href=\"http:\/\/lattes.cnpq.br\/9725292275606192\" target=\"_blank\" rel=\"noopener\">Prof\u00aa. Dr\u00aa. Giane de Campos Grigoletti<\/a>\u00a0\u2013 Universidade Federal de Santa Maria (UFSM)<\/p>\n<p>\u2500\u00a0<a href=\"http:\/\/lattes.cnpq.br\/6035842343441670\">J\u00falia da Cruz Lopes<\/a>\u00a0\u2013\u00a0Universidade Federal de Pelotas (UFPel)<\/p>\n<p>\u2500 <a href=\"https:\/\/lattes.cnpq.br\/2798768106684419\">Juliana Al-Alam Pouey<\/a> \u2013\u00a0Universidade Federal de Pelotas (UFPel)<\/p>\n<p><a href=\"http:\/\/lattes.cnpq.br\/1136366397307308\">\u2500 Larissa Vaniel Bonow<\/a> \u2013\u00a0Universidade Federal de Pelotas (UFPel)<\/p>\n<p>\u2500\u00a0<a href=\"https:\/\/lattes.cnpq.br\/3033051009287946\">Leonardo Perachi Polese <\/a>\u2013 Universidade Federal de Pelotas (UFPel)<\/p>\n<p>\u2500\u00a0<a href=\"http:\/\/lattes.cnpq.br\/0077548107420014\" target=\"_blank\" rel=\"noopener\">Luciane Andreola Beber<\/a>\u00a0\u2013 Universidade Federal de Pelotas (UFPel)<\/p>\n<p>\u2500\u00a0<a href=\"http:\/\/lattes.cnpq.br\/5008506536402792\" target=\"_blank\" rel=\"noopener\">M.Sc Lu\u00edsa Alcantara Rosa<\/a>\u00a0\u2013 Universidade Tecnol\u00f3gica Federal do Paran\u00e1 (UTFPR)<\/p>\n<p>\u2500\u00a0<a href=\"http:\/\/lattes.cnpq.br\/1271934521749915\" target=\"_blank\" rel=\"noopener\">Luiza Coutinho Bernardes<\/a>\u00a0\u2013 Universidade Federal de Pelotas (UFPel)<\/p>\n<p>\u2500\u00a0<a href=\"http:\/\/lattes.cnpq.br\/4057497298876183\">Prof\u00aa. M.Sc Marta Baltar Alves<\/a>\u00a0\u2013\u00a0Universidade de Caxias do Sul (UCS)<\/p>\n<p>\u2500\u00a0<a href=\"http:\/\/lattes.cnpq.br\/7578924252716142\">Prof. Dr. Mauricio Carvalho Ayres Torre<\/a>\u00a0\u2013 Universidade Federal do Rio Grande do Sul<\/p>\n<p>\u2500 <a href=\"http:\/\/lattes.cnpq.br\/1491543548411099\">Rafael Dias Pinheiro<\/a>\u00a0\u2013\u00a0Universidade Federal de Pelotas (UFPel)<\/p>\n<p>\u2500\u00a0<a href=\"http:\/\/lattes.cnpq.br\/5782024822288028\" target=\"_blank\" rel=\"noopener\">M.Sc Rodrigo Carlos Fritsch<\/a>\u00a0\u2013 ArchLit PassivHaus, Universidade de Passo Fundo (UPF)<\/p>\n<p>\u2500\u00a0<a href=\"http:\/\/lattes.cnpq.br\/7544919517623986\" target=\"_blank\" rel=\"noopener\">Prof\u00aa. M.Sc Stifany Knop<\/a>\u00a0\u2013 Universidade Cat\u00f3lica de Pelotas (UCPel)<\/p>\n<p>\u2500\u00a0<a href=\"http:\/\/lattes.cnpq.br\/7320844444964326\" target=\"_blank\" rel=\"noopener\">Talita Marini Brandelli<\/a>\u00a0\u2013 Universidade Federal de Pelotas (UFPel)<\/p>\n<h5><span style=\"color: #bca45e; font-size: 12pt;\">REALIZADORES<\/span><\/h5>\n<p>Os seguintes realizadores:<\/p>\n<p>\u2500\u00a0<a href=\"https:\/\/portal.ufpel.edu.br\/\" target=\"_blank\" rel=\"noopener\">Universidade Federal de Pelotas<\/a>\u00a0(UFPel)<\/p>\n<p>\u2500\u00a0<a href=\"https:\/\/ucpel.edu.br\/\" target=\"_blank\" rel=\"noopener\">Universidade Cat\u00f3lica de Pelotas<\/a>\u00a0(UCPel)<\/p>\n<p>\u2500\u00a0<a href=\"https:\/\/www.ufsm.br\/\" target=\"_blank\" rel=\"noopener\">Universidade Federal de Santa Maria<\/a>\u00a0(UFSM)<\/p>\n<p>\u2500\u00a0<a href=\"https:\/\/www.ucs.br\/site\/\">Universidade de Caxias do Sul<\/a>\u00a0(UCS)<\/p>\n<p>\u2500\u00a0<a href=\"http:\/\/www.ufrgs.br\/ufrgs\/inicial\" target=\"_blank\" rel=\"noopener\">Universidade Federal do Rio Grande do Sul<\/a>\u00a0(UFRGS)<\/p>\n<p>\u2500\u00a0<a href=\"https:\/\/www.upf.br\/\" target=\"_blank\" rel=\"noopener\">Universidade de Passo Fundo<\/a>\u00a0(UPF)<\/p>\n<p>\u2500\u00a0<a href=\"https:\/\/portal.unila.edu.br\/\" target=\"_blank\" rel=\"noopener\">Universidade Federal da Integra\u00e7\u00e3o Latino-Americana<\/a>\u00a0(UNILA)<\/p>\n<p>\u2500\u00a0<a href=\"https:\/\/wp.ufpel.edu.br\/geseee\/\" target=\"_blank\" rel=\"noopener\">Grupo de Estudo em Simula\u00e7\u00e3o de Efici\u00eancia Energ\u00e9tica (GES3E)<\/a>\u00a0\u2013 Universidade Federal de Pelotas (UFPel)<\/p>\n<p>\u2500\u00a0<a href=\"https:\/\/wp.ufpel.edu.br\/labcee\/\" target=\"_blank\" rel=\"noopener\">Laborat\u00f3rio de Conforto e Efici\u00eancia Energ\u00e9tica (LABCEE)<\/a>\u00a0\u2013 Universidade Federal de Pelotas (UFPel)<\/p>\n<p>\u2500\u00a0<a href=\"https:\/\/wp.ufpel.edu.br\/linse\/\" target=\"_blank\" rel=\"noopener\">Laborat\u00f3rio de Inspe\u00e7\u00e3o de Efici\u00eancia Energ\u00e9tica em Edifica\u00e7\u00f5es (Linse)<\/a>\u00a0\u2013 Universidade Federal de Pelotas\u00a0(UFPel)<\/p>\n<p>\u2500 <a href=\"https:\/\/www.utfpr.edu.br\/\">Universidade Tecnol\u00f3gica Federal do Paran\u00e1<\/a> (UTFPR)<\/p>\n<p>\u2500\u00a0<a href=\"https:\/\/www.passivhausbrasil.com\/\">ArchLit\u00a0<\/a><span class=\" puwcIf\">PassivHaus<\/span><\/p>\n","protected":false},"excerpt":{"rendered":"<p>ORGANIZADORES O evento contou com os\u00a0 seguintes organizadores: \u2500 M.Sc Anderson Priebe Ferrugem\u00a0\u2013 Universidade Federal de Pelotas (UFPel) \u2500\u00a0Carolina de Mesquita Duarte\u00a0\u2013 Universidade Federal de Pelotas (UFPel) \u2500 Caroline Borges Pilenghi\u00a0\u2013 Universidade Federal de Pelotas (UFPel) \u2500 Davison Guimar\u00e3es Sope\u00f1a \u2013 Universidade Federal de Pelotas (UFPel) \u2500\u00a0Prof. Dr. Eduardo Grala da Cunha\u00a0\u2013 Universidade Federal de &hellip; <\/p>\n<p class=\"link-more\"><a href=\"https:\/\/wp.ufpel.edu.br\/passivehousebrasil2025\/organizacao\/\" class=\"more-link\">Continue lendo<span class=\"screen-reader-text\"> &#8220;ORGANIZA\u00c7\u00c3O&#8221;<\/span><\/a><\/p>\n","protected":false},"author":625,"featured_media":0,"parent":0,"menu_order":0,"comment_status":"closed","ping_status":"closed","template":"","meta":{"footnotes":""},"class_list":["post-81","page","type-page","status-publish","hentry"],"_links":{"self":[{"href":"https:\/\/wp.ufpel.edu.br\/passivehousebrasil2025\/wp-json\/wp\/v2\/pages\/81","targetHints":{"allow":["GET"]}}],"collection":[{"href":"https:\/\/wp.ufpel.edu.br\/passivehousebrasil2025\/wp-json\/wp\/v2\/pages"}],"about":[{"href":"https:\/\/wp.ufpel.edu.br\/passivehousebrasil2025\/wp-json\/wp\/v2\/types\/page"}],"author":[{"embeddable":true,"href":"https:\/\/wp.ufpel.edu.br\/passivehousebrasil2025\/wp-json\/wp\/v2\/users\/625"}],"replies":[{"embeddable":true,"href":"https:\/\/wp.ufpel.edu.br\/passivehousebrasil2025\/wp-json\/wp\/v2\/comments?post=81"}],"version-history":[{"count":3,"href":"https:\/\/wp.ufpel.edu.br\/passivehousebrasil2025\/wp-json\/wp\/v2\/pages\/81\/revisions"}],"predecessor-version":[{"id":410,"href":"https:\/\/wp.ufpel.edu.br\/passivehousebrasil2025\/wp-json\/wp\/v2\/pages\/81\/revisions\/410"}],"wp:attachment":[{"href":"https:\/\/wp.ufpel.edu.br\/passivehousebrasil2025\/wp-json\/wp\/v2\/media?parent=81"}],"curies":[{"name":"wp","href":"https:\/\/api.w.org\/{rel}","templated":true}]}}