{"id":218,"date":"2022-09-12T21:24:08","date_gmt":"2022-09-13T00:24:08","guid":{"rendered":"https:\/\/wp.ufpel.edu.br\/passivehousebrasil2022\/?page_id=218"},"modified":"2023-04-30T16:37:14","modified_gmt":"2023-04-30T19:37:14","slug":"apoiadores","status":"publish","type":"page","link":"https:\/\/wp.ufpel.edu.br\/passivehousebrasil2023\/apoiadores\/","title":{"rendered":"Apoio"},"content":{"rendered":"<p>O evento contou com os seguintes apoiadores:<\/p>\n<p><span style=\"font-weight: 400;\">\u2500 <a href=\"https:\/\/www.ahkrs.com.br\/\">AHK<\/a> C\u00e2mara de Com\u00e9rcio e Ind\u00fastria Brasil-Alemanha<\/span><\/p>\n<p><span style=\"font-weight: 400;\">\u2500 <a href=\"https:\/\/fae.edu\/\">FAE<\/a> &#8211; Centro Universit\u00e1rio<\/span><\/p>\n<p><span style=\"font-weight: 400;\">\u2500 <a href=\"https:\/\/passiv.de\/en\/index.php\">Passive House Institute<\/a><\/span><\/p>\n<p><span style=\"font-weight: 400;\">\u2500 <a href=\"https:\/\/passivehouse-international.org\/\">iPHA<\/a> &#8211; Internacional Passive House Association<\/span><\/p>\n<p><span style=\"font-weight: 400;\">\u2500 <a href=\"https:\/\/www.facebook.com\/aeapelotas\/?locale=pt_BR\">AEAP<\/a> &#8211; Associa\u00e7\u00e3o de Engenheiros e Arquitetos de Pelotas<\/span><\/p>\n<p><span style=\"font-weight: 400;\">\u2500 <a href=\"https:\/\/www.crea-rs.org.br\/site\/\">CREA\/RS<\/a> &#8211; Conselho Regional de Engenharia e Agronomia do Estado do Rio Grande do Sul \u2013 CREA-RS<\/span><\/p>\n<p><span style=\"font-weight: 400;\">\u2500 <a href=\"https:\/\/caurs.gov.br\/#\">CAU\/RS<\/a> &#8211; Conselho de Arquitetura e Urbanismo do Rio Grande do Sul<\/span><\/p>\n<p><span style=\"font-weight: 400;\">\u2500 <a href=\"https:\/\/arquiambiente.cl\/\">ARQUIAMBIENTE<\/a><\/span><\/p>\n<p><span style=\"font-weight: 400;\">\u2500 <a href=\"https:\/\/www.passivhaus.lat\/\">ILAPH<\/a> &#8211; INSTITUTO LATIMOAMERICANO PASSIVHAUS<\/span><\/p>\n<h5 style=\"text-align: left;\"><span style=\"font-size: 11pt; color: #2650a5;\"><strong>APOIADORES<\/strong><\/span><\/h5>\n<div id='gallery-1' class='gallery galleryid-218 gallery-columns-4 gallery-size-thumbnail'><figure class='gallery-item'>\n\t\t\t<div class='gallery-icon portrait'>\n\t\t\t\t<img loading=\"lazy\" decoding=\"async\" width=\"200\" height=\"200\" src=\"https:\/\/wp.ufpel.edu.br\/passivehousebrasil2023\/files\/2022\/10\/Logo-AHK-Site-200x200.png\" class=\"attachment-thumbnail size-thumbnail\" alt=\"\" srcset=\"https:\/\/wp.ufpel.edu.br\/passivehousebrasil2023\/files\/2022\/10\/Logo-AHK-Site-200x200.png 200w, https:\/\/wp.ufpel.edu.br\/passivehousebrasil2023\/files\/2022\/10\/Logo-AHK-Site.png 400w\" sizes=\"auto, 100vw\" \/>\n\t\t\t<\/div><\/figure><figure class='gallery-item'>\n\t\t\t<div class='gallery-icon landscape'>\n\t\t\t\t<img loading=\"lazy\" decoding=\"async\" width=\"200\" height=\"200\" src=\"https:\/\/wp.ufpel.edu.br\/passivehousebrasil2023\/files\/2023\/04\/Logo-FAE-Site-200x200.png\" class=\"attachment-thumbnail size-thumbnail\" alt=\"\" srcset=\"https:\/\/wp.ufpel.edu.br\/passivehousebrasil2023\/files\/2023\/04\/Logo-FAE-Site-200x200.png 200w, https:\/\/wp.ufpel.edu.br\/passivehousebrasil2023\/files\/2023\/04\/Logo-FAE-Site-100x100.png 100w\" sizes=\"auto, 100vw\" \/>\n\t\t\t<\/div><\/figure><figure class='gallery-item'>\n\t\t\t<div class='gallery-icon portrait'>\n\t\t\t\t<img loading=\"lazy\" decoding=\"async\" width=\"200\" height=\"200\" src=\"https:\/\/wp.ufpel.edu.br\/passivehousebrasil2023\/files\/2023\/04\/Logo-Passivhaus-Institut-Site-200x200.png\" class=\"attachment-thumbnail size-thumbnail\" alt=\"\" srcset=\"https:\/\/wp.ufpel.edu.br\/passivehousebrasil2023\/files\/2023\/04\/Logo-Passivhaus-Institut-Site-200x200.png 200w, https:\/\/wp.ufpel.edu.br\/passivehousebrasil2023\/files\/2023\/04\/Logo-Passivhaus-Institut-Site-100x100.png 100w\" sizes=\"auto, 100vw\" \/>\n\t\t\t<\/div><\/figure><figure class='gallery-item'>\n\t\t\t<div class='gallery-icon landscape'>\n\t\t\t\t<img loading=\"lazy\" decoding=\"async\" width=\"200\" height=\"200\" src=\"https:\/\/wp.ufpel.edu.br\/passivehousebrasil2023\/files\/2023\/04\/Logo-iPHA-Site-200x200.png\" class=\"attachment-thumbnail size-thumbnail\" alt=\"\" srcset=\"https:\/\/wp.ufpel.edu.br\/passivehousebrasil2023\/files\/2023\/04\/Logo-iPHA-Site-200x200.png 200w, https:\/\/wp.ufpel.edu.br\/passivehousebrasil2023\/files\/2023\/04\/Logo-iPHA-Site.png 400w, https:\/\/wp.ufpel.edu.br\/passivehousebrasil2023\/files\/2023\/04\/Logo-iPHA-Site-100x100.png 100w\" sizes=\"auto, 100vw\" \/>\n\t\t\t<\/div><\/figure><figure class='gallery-item'>\n\t\t\t<div class='gallery-icon landscape'>\n\t\t\t\t<img loading=\"lazy\" decoding=\"async\" width=\"200\" height=\"200\" src=\"https:\/\/wp.ufpel.edu.br\/passivehousebrasil2023\/files\/2023\/04\/Logo-AEAP-Site-200x200.png\" class=\"attachment-thumbnail size-thumbnail\" alt=\"\" srcset=\"https:\/\/wp.ufpel.edu.br\/passivehousebrasil2023\/files\/2023\/04\/Logo-AEAP-Site-200x200.png 200w, https:\/\/wp.ufpel.edu.br\/passivehousebrasil2023\/files\/2023\/04\/Logo-AEAP-Site.png 400w, https:\/\/wp.ufpel.edu.br\/passivehousebrasil2023\/files\/2023\/04\/Logo-AEAP-Site-100x100.png 100w\" sizes=\"auto, 100vw\" \/>\n\t\t\t<\/div><\/figure><figure class='gallery-item'>\n\t\t\t<div class='gallery-icon landscape'>\n\t\t\t\t<img loading=\"lazy\" decoding=\"async\" width=\"200\" height=\"200\" src=\"https:\/\/wp.ufpel.edu.br\/passivehousebrasil2023\/files\/2023\/04\/Logo-CREA-Site-200x200.png\" class=\"attachment-thumbnail size-thumbnail\" alt=\"\" srcset=\"https:\/\/wp.ufpel.edu.br\/passivehousebrasil2023\/files\/2023\/04\/Logo-CREA-Site-200x200.png 200w, https:\/\/wp.ufpel.edu.br\/passivehousebrasil2023\/files\/2023\/04\/Logo-CREA-Site.png 400w, https:\/\/wp.ufpel.edu.br\/passivehousebrasil2023\/files\/2023\/04\/Logo-CREA-Site-100x100.png 100w\" sizes=\"auto, 100vw\" \/>\n\t\t\t<\/div><\/figure><figure class='gallery-item'>\n\t\t\t<div class='gallery-icon landscape'>\n\t\t\t\t<img loading=\"lazy\" decoding=\"async\" width=\"200\" height=\"200\" src=\"https:\/\/wp.ufpel.edu.br\/passivehousebrasil2023\/files\/2023\/04\/Logo-CAU-Site-200x200.png\" class=\"attachment-thumbnail size-thumbnail\" alt=\"\" srcset=\"https:\/\/wp.ufpel.edu.br\/passivehousebrasil2023\/files\/2023\/04\/Logo-CAU-Site-200x200.png 200w, https:\/\/wp.ufpel.edu.br\/passivehousebrasil2023\/files\/2023\/04\/Logo-CAU-Site-100x100.png 100w\" sizes=\"auto, 100vw\" \/>\n\t\t\t<\/div><\/figure><figure class='gallery-item'>\n\t\t\t<div class='gallery-icon landscape'>\n\t\t\t\t<img loading=\"lazy\" decoding=\"async\" width=\"93\" height=\"62\" src=\"https:\/\/wp.ufpel.edu.br\/passivehousebrasil2023\/files\/2023\/04\/ARQUIAMBIENTE-1-3.png\" class=\"attachment-thumbnail size-thumbnail\" alt=\"\" sizes=\"auto, 100vw\" \/>\n\t\t\t<\/div><\/figure><figure class='gallery-item'>\n\t\t\t<div class='gallery-icon landscape'>\n\t\t\t\t<img loading=\"lazy\" decoding=\"async\" width=\"130\" height=\"25\" src=\"https:\/\/wp.ufpel.edu.br\/passivehousebrasil2023\/files\/2023\/04\/Logo-ILAPH-1-5.png\" class=\"attachment-thumbnail size-thumbnail\" alt=\"\" sizes=\"auto, 100vw\" \/>\n\t\t\t<\/div><\/figure>\n\t\t<\/div>\n\n<p>&nbsp;<\/p>\n<p>&nbsp;<\/p>\n<p>O evento contou com os seguintes patrocinadores:<\/p>\n<p><span style=\"font-weight: 400;\">\u2500 <a href=\"http:\/\/www.stocorp.com\">Sto<\/a> Sistemas de revestimentos de fachadas com isolamento t\u00e9rmico.<\/span><\/p>\n<p><span style=\"font-weight: 400;\">\u2500 <a href=\"https:\/\/site.domihouse.com.br\/\">Domi house<\/a> <\/span><\/p>\n<p><span style=\"font-weight: 400;\">\u2500 <a href=\"https:\/\/scheid.com.br\/\" target=\"_blank\" rel=\"noopener\">Scheid<\/a> Esquadrias<\/span><\/p>\n<p><span style=\"font-weight: 400;\">\u2500 <a href=\"https:\/\/www.claris.com.br\/\" target=\"_blank\" rel=\"noopener\">Claris<\/a> Portas e Janelas de PVC<\/span><\/p>\n<h5 style=\"text-align: left;\"><span style=\"font-size: 11pt; color: #2650a5;\"><strong>PATROCINADORES<\/strong><\/span><\/h5>\n<div id='gallery-2' class='gallery galleryid-218 gallery-columns-4 gallery-size-thumbnail'><figure class='gallery-item'>\n\t\t\t<div class='gallery-icon landscape'>\n\t\t\t\t<img loading=\"lazy\" decoding=\"async\" width=\"200\" height=\"200\" src=\"https:\/\/wp.ufpel.edu.br\/passivehousebrasil2023\/files\/2022\/10\/Logo-Sto-2-Site-200x200.png\" class=\"attachment-thumbnail size-thumbnail\" alt=\"\" srcset=\"https:\/\/wp.ufpel.edu.br\/passivehousebrasil2023\/files\/2022\/10\/Logo-Sto-2-Site-200x200.png 200w, https:\/\/wp.ufpel.edu.br\/passivehousebrasil2023\/files\/2022\/10\/Logo-Sto-2-Site.png 401w\" sizes=\"auto, 100vw\" \/>\n\t\t\t<\/div><\/figure><figure class='gallery-item'>\n\t\t\t<div class='gallery-icon landscape'>\n\t\t\t\t<img loading=\"lazy\" decoding=\"async\" width=\"200\" height=\"200\" src=\"https:\/\/wp.ufpel.edu.br\/passivehousebrasil2023\/files\/2023\/04\/Logo-Domi-Site-200x200.png\" class=\"attachment-thumbnail size-thumbnail\" alt=\"\" srcset=\"https:\/\/wp.ufpel.edu.br\/passivehousebrasil2023\/files\/2023\/04\/Logo-Domi-Site-200x200.png 200w, https:\/\/wp.ufpel.edu.br\/passivehousebrasil2023\/files\/2023\/04\/Logo-Domi-Site-100x100.png 100w\" sizes=\"auto, 100vw\" \/>\n\t\t\t<\/div><\/figure><figure class='gallery-item'>\n\t\t\t<div class='gallery-icon portrait'>\n\t\t\t\t<img loading=\"lazy\" decoding=\"async\" width=\"200\" height=\"200\" src=\"https:\/\/wp.ufpel.edu.br\/passivehousebrasil2023\/files\/2022\/09\/Logo-Scheid-Site-1-200x200.png\" class=\"attachment-thumbnail size-thumbnail\" alt=\"\" srcset=\"https:\/\/wp.ufpel.edu.br\/passivehousebrasil2023\/files\/2022\/09\/Logo-Scheid-Site-1-200x200.png 200w, https:\/\/wp.ufpel.edu.br\/passivehousebrasil2023\/files\/2022\/09\/Logo-Scheid-Site-1-400x400.png 400w, https:\/\/wp.ufpel.edu.br\/passivehousebrasil2023\/files\/2022\/09\/Logo-Scheid-Site-1.png 401w\" sizes=\"auto, 100vw\" \/>\n\t\t\t<\/div><\/figure><figure class='gallery-item'>\n\t\t\t<div class='gallery-icon landscape'>\n\t\t\t\t<img loading=\"lazy\" decoding=\"async\" width=\"200\" height=\"200\" src=\"https:\/\/wp.ufpel.edu.br\/passivehousebrasil2023\/files\/2023\/04\/IDV-CLARIS-PORTAS-E-JANELAS-PRETO-1-200x200.png\" class=\"attachment-thumbnail size-thumbnail\" alt=\"\" srcset=\"https:\/\/wp.ufpel.edu.br\/passivehousebrasil2023\/files\/2023\/04\/IDV-CLARIS-PORTAS-E-JANELAS-PRETO-1-200x200.png 200w, https:\/\/wp.ufpel.edu.br\/passivehousebrasil2023\/files\/2023\/04\/IDV-CLARIS-PORTAS-E-JANELAS-PRETO-1-100x100.png 100w\" sizes=\"auto, 100vw\" \/>\n\t\t\t<\/div><\/figure>\n\t\t<\/div>\n\n","protected":false},"excerpt":{"rendered":"<p>O evento contou com os seguintes apoiadores: \u2500 AHK C\u00e2mara de Com\u00e9rcio e Ind\u00fastria Brasil-Alemanha \u2500 FAE &#8211; Centro Universit\u00e1rio \u2500 Passive House Institute \u2500 iPHA &#8211; Internacional Passive House Association \u2500 AEAP &#8211; Associa\u00e7\u00e3o de Engenheiros e Arquitetos de Pelotas \u2500 CREA\/RS &#8211; Conselho Regional de Engenharia e Agronomia do Estado do Rio Grande &hellip; <\/p>\n<p class=\"link-more\"><a href=\"https:\/\/wp.ufpel.edu.br\/passivehousebrasil2023\/apoiadores\/\" class=\"more-link\">Continue lendo<span class=\"screen-reader-text\"> &#8220;Apoio&#8221;<\/span><\/a><\/p>\n","protected":false},"author":625,"featured_media":1149,"parent":0,"menu_order":0,"comment_status":"closed","ping_status":"closed","template":"","meta":{"footnotes":""},"class_list":["post-218","page","type-page","status-publish","has-post-thumbnail","hentry"],"jetpack_sharing_enabled":true,"_links":{"self":[{"href":"https:\/\/wp.ufpel.edu.br\/passivehousebrasil2023\/wp-json\/wp\/v2\/pages\/218","targetHints":{"allow":["GET"]}}],"collection":[{"href":"https:\/\/wp.ufpel.edu.br\/passivehousebrasil2023\/wp-json\/wp\/v2\/pages"}],"about":[{"href":"https:\/\/wp.ufpel.edu.br\/passivehousebrasil2023\/wp-json\/wp\/v2\/types\/page"}],"author":[{"embeddable":true,"href":"https:\/\/wp.ufpel.edu.br\/passivehousebrasil2023\/wp-json\/wp\/v2\/users\/625"}],"replies":[{"embeddable":true,"href":"https:\/\/wp.ufpel.edu.br\/passivehousebrasil2023\/wp-json\/wp\/v2\/comments?post=218"}],"version-history":[{"count":14,"href":"https:\/\/wp.ufpel.edu.br\/passivehousebrasil2023\/wp-json\/wp\/v2\/pages\/218\/revisions"}],"predecessor-version":[{"id":1293,"href":"https:\/\/wp.ufpel.edu.br\/passivehousebrasil2023\/wp-json\/wp\/v2\/pages\/218\/revisions\/1293"}],"wp:featuredmedia":[{"embeddable":true,"href":"https:\/\/wp.ufpel.edu.br\/passivehousebrasil2023\/wp-json\/wp\/v2\/media\/1149"}],"wp:attachment":[{"href":"https:\/\/wp.ufpel.edu.br\/passivehousebrasil2023\/wp-json\/wp\/v2\/media?parent=218"}],"curies":[{"name":"wp","href":"https:\/\/api.w.org\/{rel}","templated":true}]}}