{"id":1077,"date":"2022-09-08T16:55:46","date_gmt":"2022-09-08T19:55:46","guid":{"rendered":"https:\/\/wp.ufpel.edu.br\/passivehousebrasil2022\/?page_id=2"},"modified":"2023-07-30T19:09:55","modified_gmt":"2023-07-30T22:09:55","slug":"pagina-exemplo-2","status":"publish","type":"page","link":"https:\/\/wp.ufpel.edu.br\/passivehousebrasil2023\/","title":{"rendered":"Bem vindos!"},"content":{"rendered":"\r\n<p style=\"text-align: justify;\"><span style=\"font-size: 13pt;\">Bem vindos a p\u00e1gina oficial do <span style=\"color: #2650a5;\"><strong>IV Congresso Internacional Passive House Brasil 2023<\/strong><\/span>. Aqui voc\u00ea encontrar\u00e1 informa\u00e7\u00f5es importantes, como as datas de inscri\u00e7\u00e3o e de realiza\u00e7\u00e3o do evento.<\/span><\/p>\r\n<hr \/>\r\n<p style=\"text-align: justify;\"><span style=\"font-size: 13pt;\">O <span style=\"color: #333399;\"><strong>IV Congresso Internacional Passive House Brasil 2023<\/strong><\/span> \u00e9 um evento de debate sobre solu\u00e7\u00f5es t\u00e9cnicas e pr\u00e1ticas dos conceitos da norma alem\u00e3, aplicados ao clima brasileiro, que <span style=\"color: #333399;\"><strong>ocorrer\u00e1 nos dias 10 e 11 de agosto de 2023 na cidade de Pelotas -RS<\/strong><\/span>. <\/span><br \/><span style=\"font-size: 13pt;\">O conceito da Passivhaus (Passive House ou Casa Passiva) traz solu\u00e7\u00f5es para edif\u00edcios com elevado n\u00edvel de conforto t\u00e9rmico interior e baixo consumo de energia, ou seja, com alto desempenho termoenerg\u00e9tico.<\/span><br \/><span style=\"font-size: 13pt;\">O evento ocorre a n\u00edvel nacional e \u00e9 o \u00fanico nesta \u00e1rea no pa\u00eds. Os palestrantes s\u00e3o convidados internacionais com vasta experi\u00eancia na \u00e1rea da constru\u00e7\u00e3o e na aplica\u00e7\u00e3o dos conceitos da norma Passive House em v\u00e1rios contextos clim\u00e1ticos.<\/span><\/p>\r\n<hr \/>\r\n<p><span style=\"font-size: 13pt;\"><span style=\"color: #2650a5;\"><strong>ATEN\u00c7\u00c3O!!<\/strong><\/span><\/span><\/p>\r\n<p><span style=\"font-size: 13pt;\"><span style=\"color: #2650a5;\"><strong>INSCRI\u00c7\u00d5ES<\/strong><\/span><\/span>\u00a0para o <strong>EVENTO PRINCIPAL<\/strong> no item <strong>&#8220;Inscri\u00e7\u00e3o&#8221;<\/strong> da barra superior.<\/p>\r\n<p><span style=\"font-size: 13pt;\"><span style=\"color: #2650a5;\"><strong>INSCRI\u00c7\u00d5ES<\/strong><\/span><\/span>\u00a0para o <strong>EVENTO PRINCIPAL<\/strong> na categoria <em>bolsista FAURB\/PROGRAU\/UFPEL\/PROUNI<\/em>\u00a0no item <strong>&#8220;Inscri\u00e7\u00e3o&#8221;<\/strong> da barra superior.<\/p>\r\n<p><span style=\"font-size: 13pt;\"><span style=\"color: #2650a5;\"><strong>INSCRI\u00c7\u00d5ES<\/strong><\/span><\/span> para os <strong>EVENTOS SAT\u00c9LITES<\/strong> nesta p\u00e1gina <strong>ABAIXO\u00a0<\/strong>junto a <strong>&#8220;Formul\u00e1rios de inscri\u00e7\u00e3o Eventos Sat\u00e9lites&#8221;<\/strong>.<\/p>\r\n<hr \/>\r\n<p style=\"text-align: center;\"><img loading=\"lazy\" decoding=\"async\" class=\"alignnone size-full wp-image-1244\" src=\"https:\/\/wp.ufpel.edu.br\/passivehousebrasil2023\/files\/2023\/04\/SITE-CAPA-EVENTO.jpg\" alt=\"\" width=\"1193\" height=\"1684\" srcset=\"https:\/\/wp.ufpel.edu.br\/passivehousebrasil2023\/files\/2023\/04\/SITE-CAPA-EVENTO.jpg 1193w, https:\/\/wp.ufpel.edu.br\/passivehousebrasil2023\/files\/2023\/04\/SITE-CAPA-EVENTO-283x400.jpg 283w, https:\/\/wp.ufpel.edu.br\/passivehousebrasil2023\/files\/2023\/04\/SITE-CAPA-EVENTO-725x1024.jpg 725w, https:\/\/wp.ufpel.edu.br\/passivehousebrasil2023\/files\/2023\/04\/SITE-CAPA-EVENTO-768x1084.jpg 768w, https:\/\/wp.ufpel.edu.br\/passivehousebrasil2023\/files\/2023\/04\/SITE-CAPA-EVENTO-1088x1536.jpg 1088w\" sizes=\"auto, (max-width: 706px) 89vw, (max-width: 767px) 82vw, 740px\" \/><\/p>\r\n<hr \/>\r\n<p><span style=\"font-size: 11pt; color: #808080;\">Fique a vontade para nos contatar para demais informa\u00e7\u00f5es. Nos vemos no evento!<\/span><\/p>\r\n","protected":false},"excerpt":{"rendered":"<p>Bem vindos a p\u00e1gina oficial do IV Congresso Internacional Passive House Brasil 2023. Aqui voc\u00ea encontrar\u00e1 informa\u00e7\u00f5es importantes, como as datas de inscri\u00e7\u00e3o e de realiza\u00e7\u00e3o do evento. O IV Congresso Internacional Passive House Brasil 2023 \u00e9 um evento de debate sobre solu\u00e7\u00f5es t\u00e9cnicas e pr\u00e1ticas dos conceitos da norma alem\u00e3, aplicados ao clima brasileiro, &hellip; <\/p>\n<p class=\"link-more\"><a href=\"https:\/\/wp.ufpel.edu.br\/passivehousebrasil2023\/\" class=\"more-link\">Continue lendo<span class=\"screen-reader-text\"> &#8220;Bem vindos!&#8221;<\/span><\/a><\/p>\n","protected":false},"author":625,"featured_media":0,"parent":0,"menu_order":0,"comment_status":"closed","ping_status":"closed","template":"","meta":{"footnotes":""},"class_list":["post-1077","page","type-page","status-publish","hentry"],"jetpack_sharing_enabled":true,"_links":{"self":[{"href":"https:\/\/wp.ufpel.edu.br\/passivehousebrasil2023\/wp-json\/wp\/v2\/pages\/1077","targetHints":{"allow":["GET"]}}],"collection":[{"href":"https:\/\/wp.ufpel.edu.br\/passivehousebrasil2023\/wp-json\/wp\/v2\/pages"}],"about":[{"href":"https:\/\/wp.ufpel.edu.br\/passivehousebrasil2023\/wp-json\/wp\/v2\/types\/page"}],"author":[{"embeddable":true,"href":"https:\/\/wp.ufpel.edu.br\/passivehousebrasil2023\/wp-json\/wp\/v2\/users\/625"}],"replies":[{"embeddable":true,"href":"https:\/\/wp.ufpel.edu.br\/passivehousebrasil2023\/wp-json\/wp\/v2\/comments?post=1077"}],"version-history":[{"count":18,"href":"https:\/\/wp.ufpel.edu.br\/passivehousebrasil2023\/wp-json\/wp\/v2\/pages\/1077\/revisions"}],"predecessor-version":[{"id":1393,"href":"https:\/\/wp.ufpel.edu.br\/passivehousebrasil2023\/wp-json\/wp\/v2\/pages\/1077\/revisions\/1393"}],"wp:attachment":[{"href":"https:\/\/wp.ufpel.edu.br\/passivehousebrasil2023\/wp-json\/wp\/v2\/media?parent=1077"}],"curies":[{"name":"wp","href":"https:\/\/api.w.org\/{rel}","templated":true}]}}