{"id":218,"date":"2022-09-12T21:24:08","date_gmt":"2022-09-13T00:24:08","guid":{"rendered":"https:\/\/wp.ufpel.edu.br\/passivehousebrasil2022\/?page_id=218"},"modified":"2022-11-22T17:10:43","modified_gmt":"2022-11-22T20:10:43","slug":"apoiadores","status":"publish","type":"page","link":"https:\/\/wp.ufpel.edu.br\/passivehousebrasil2022\/apoiadores\/","title":{"rendered":"Apoiadores"},"content":{"rendered":"<p>O evento contou com os seguintes apoiadores:<\/p>\n<p><span style=\"font-weight: 400;\">\u2500 <a href=\"https:\/\/incoben.com.br\/\" target=\"_blank\" rel=\"noopener\">Incoben<\/a> Construtora e Incorporadora<\/span><\/p>\n<p><span style=\"font-weight: 400;\">\u2500 <a href=\"https:\/\/scheid.com.br\/\" target=\"_blank\" rel=\"noopener\">Scheid<\/a> Esquadrias<\/span><\/p>\n<p><span style=\"font-weight: 400;\">\u2500 <a href=\"https:\/\/vekalatinamerica.com\/\">VEKA <\/a>Sistemas de perfis de PVC de alto padr\u00e3o<\/span><\/p>\n<p><span style=\"font-weight: 400;\">\u2500 <a href=\"https:\/\/hygge.eco.br\/\">Hygge<\/a> Engenharia Arquitet\u00f4nica Sustent\u00e1vel<\/span><\/p>\n<p><span style=\"font-weight: 400;\">\u2500 <a href=\"https:\/\/www.ahkrs.com.br\/\">AHK<\/a> C\u00e2mara de Com\u00e9rcio e Ind\u00fastria Brasil-Alemanha<\/span><\/p>\n<p><span style=\"font-weight: 400;\">\u2500 <a href=\"http:\/\/www.stocorp.com\">Sto<\/a> Sistemas de revestimentos de fachadas com isolamento t\u00e9rmico.<\/span><\/p>\n<p>&nbsp;<\/p>\n<h5 style=\"text-align: left;\"><span style=\"font-size: 11pt; color: #b5332d;\"><strong>APOIADORES<\/strong><\/span><\/h5>\n<div data-carousel-extra='{&quot;blog_id&quot;:1327,&quot;permalink&quot;:&quot;https:\/\/wp.ufpel.edu.br\/passivehousebrasil2022\/apoiadores\/&quot;}' id='gallery-1' class='gallery galleryid-218 gallery-columns-4 gallery-size-thumbnail'><figure class='gallery-item'>\n\t\t\t<div class='gallery-icon portrait'>\n\t\t\t\t<img loading=\"lazy\" decoding=\"async\" width=\"200\" height=\"200\" src=\"https:\/\/wp.ufpel.edu.br\/passivehousebrasil2022\/files\/2022\/11\/Logo-Incoben-02-Site-200x200.png\" class=\"attachment-thumbnail size-thumbnail\" alt=\"\" srcset=\"https:\/\/wp.ufpel.edu.br\/passivehousebrasil2022\/files\/2022\/11\/Logo-Incoben-02-Site-200x200.png 200w, https:\/\/wp.ufpel.edu.br\/passivehousebrasil2022\/files\/2022\/11\/Logo-Incoben-02-Site-100x100.png 100w, https:\/\/wp.ufpel.edu.br\/passivehousebrasil2022\/files\/2022\/11\/Logo-Incoben-02-Site.png 400w\" sizes=\"auto, 100vw\" data-attachment-id=\"911\" data-permalink=\"https:\/\/wp.ufpel.edu.br\/passivehousebrasil2022\/apoiadores\/logo-incoben-02-site\/\" data-orig-file=\"https:\/\/wp.ufpel.edu.br\/passivehousebrasil2022\/files\/2022\/11\/Logo-Incoben-02-Site.png\" data-orig-size=\"400,401\" data-comments-opened=\"0\" data-image-meta=\"{&quot;aperture&quot;:&quot;0&quot;,&quot;credit&quot;:&quot;&quot;,&quot;camera&quot;:&quot;&quot;,&quot;caption&quot;:&quot;&quot;,&quot;created_timestamp&quot;:&quot;0&quot;,&quot;copyright&quot;:&quot;&quot;,&quot;focal_length&quot;:&quot;0&quot;,&quot;iso&quot;:&quot;0&quot;,&quot;shutter_speed&quot;:&quot;0&quot;,&quot;title&quot;:&quot;&quot;,&quot;orientation&quot;:&quot;0&quot;}\" data-image-title=\"Logo Incoben 02 &amp;#8211; Site\" data-image-description=\"\" data-image-caption=\"\" data-medium-file=\"https:\/\/wp.ufpel.edu.br\/passivehousebrasil2022\/files\/2022\/11\/Logo-Incoben-02-Site.png\" data-large-file=\"https:\/\/wp.ufpel.edu.br\/passivehousebrasil2022\/files\/2022\/11\/Logo-Incoben-02-Site.png\" \/>\n\t\t\t<\/div><\/figure><figure class='gallery-item'>\n\t\t\t<div class='gallery-icon portrait'>\n\t\t\t\t<img loading=\"lazy\" decoding=\"async\" width=\"200\" height=\"200\" src=\"https:\/\/wp.ufpel.edu.br\/passivehousebrasil2022\/files\/2022\/09\/Logo-Scheid-Site-1-200x200.png\" class=\"attachment-thumbnail size-thumbnail\" alt=\"\" srcset=\"https:\/\/wp.ufpel.edu.br\/passivehousebrasil2022\/files\/2022\/09\/Logo-Scheid-Site-1-200x200.png 200w, https:\/\/wp.ufpel.edu.br\/passivehousebrasil2022\/files\/2022\/09\/Logo-Scheid-Site-1-400x400.png 400w, https:\/\/wp.ufpel.edu.br\/passivehousebrasil2022\/files\/2022\/09\/Logo-Scheid-Site-1-100x100.png 100w, https:\/\/wp.ufpel.edu.br\/passivehousebrasil2022\/files\/2022\/09\/Logo-Scheid-Site-1.png 401w\" sizes=\"auto, 100vw\" data-attachment-id=\"215\" data-permalink=\"https:\/\/wp.ufpel.edu.br\/passivehousebrasil2022\/organizadores\/logo-scheid-site-2\/\" data-orig-file=\"https:\/\/wp.ufpel.edu.br\/passivehousebrasil2022\/files\/2022\/09\/Logo-Scheid-Site-1.png\" data-orig-size=\"401,402\" data-comments-opened=\"0\" data-image-meta=\"{&quot;aperture&quot;:&quot;0&quot;,&quot;credit&quot;:&quot;&quot;,&quot;camera&quot;:&quot;&quot;,&quot;caption&quot;:&quot;&quot;,&quot;created_timestamp&quot;:&quot;0&quot;,&quot;copyright&quot;:&quot;&quot;,&quot;focal_length&quot;:&quot;0&quot;,&quot;iso&quot;:&quot;0&quot;,&quot;shutter_speed&quot;:&quot;0&quot;,&quot;title&quot;:&quot;&quot;,&quot;orientation&quot;:&quot;0&quot;}\" data-image-title=\"Logo Scheid &amp;#8211; Site\" data-image-description=\"\" data-image-caption=\"\" data-medium-file=\"https:\/\/wp.ufpel.edu.br\/passivehousebrasil2022\/files\/2022\/09\/Logo-Scheid-Site-1-400x400.png\" data-large-file=\"https:\/\/wp.ufpel.edu.br\/passivehousebrasil2022\/files\/2022\/09\/Logo-Scheid-Site-1.png\" \/>\n\t\t\t<\/div><\/figure><figure class='gallery-item'>\n\t\t\t<div class='gallery-icon portrait'>\n\t\t\t\t<img loading=\"lazy\" decoding=\"async\" width=\"200\" height=\"200\" src=\"https:\/\/wp.ufpel.edu.br\/passivehousebrasil2022\/files\/2022\/09\/Logo-Veka-Site-200x200.png\" class=\"attachment-thumbnail size-thumbnail\" alt=\"\" srcset=\"https:\/\/wp.ufpel.edu.br\/passivehousebrasil2022\/files\/2022\/09\/Logo-Veka-Site-200x200.png 200w, https:\/\/wp.ufpel.edu.br\/passivehousebrasil2022\/files\/2022\/09\/Logo-Veka-Site-100x100.png 100w\" sizes=\"auto, 100vw\" data-attachment-id=\"235\" data-permalink=\"https:\/\/wp.ufpel.edu.br\/passivehousebrasil2022\/apoiadores\/logo-veka-site\/\" data-orig-file=\"https:\/\/wp.ufpel.edu.br\/passivehousebrasil2022\/files\/2022\/09\/Logo-Veka-Site.png\" data-orig-size=\"385,401\" data-comments-opened=\"0\" data-image-meta=\"{&quot;aperture&quot;:&quot;0&quot;,&quot;credit&quot;:&quot;&quot;,&quot;camera&quot;:&quot;&quot;,&quot;caption&quot;:&quot;&quot;,&quot;created_timestamp&quot;:&quot;0&quot;,&quot;copyright&quot;:&quot;&quot;,&quot;focal_length&quot;:&quot;0&quot;,&quot;iso&quot;:&quot;0&quot;,&quot;shutter_speed&quot;:&quot;0&quot;,&quot;title&quot;:&quot;&quot;,&quot;orientation&quot;:&quot;0&quot;}\" data-image-title=\"Logo &amp;#8211; Veka &amp;#8211; Site\" data-image-description=\"\" data-image-caption=\"\" data-medium-file=\"https:\/\/wp.ufpel.edu.br\/passivehousebrasil2022\/files\/2022\/09\/Logo-Veka-Site.png\" data-large-file=\"https:\/\/wp.ufpel.edu.br\/passivehousebrasil2022\/files\/2022\/09\/Logo-Veka-Site.png\" \/>\n\t\t\t<\/div><\/figure><figure class='gallery-item'>\n\t\t\t<div class='gallery-icon landscape'>\n\t\t\t\t<img loading=\"lazy\" decoding=\"async\" width=\"200\" height=\"200\" src=\"https:\/\/wp.ufpel.edu.br\/passivehousebrasil2022\/files\/2022\/09\/Logo-Hygge-Site-200x200.png\" class=\"attachment-thumbnail size-thumbnail\" alt=\"\" srcset=\"https:\/\/wp.ufpel.edu.br\/passivehousebrasil2022\/files\/2022\/09\/Logo-Hygge-Site-200x200.png 200w, https:\/\/wp.ufpel.edu.br\/passivehousebrasil2022\/files\/2022\/09\/Logo-Hygge-Site-100x100.png 100w, https:\/\/wp.ufpel.edu.br\/passivehousebrasil2022\/files\/2022\/09\/Logo-Hygge-Site.png 401w\" sizes=\"auto, 100vw\" data-attachment-id=\"557\" data-permalink=\"https:\/\/wp.ufpel.edu.br\/passivehousebrasil2022\/apoiadores\/logo-hygge-site\/\" data-orig-file=\"https:\/\/wp.ufpel.edu.br\/passivehousebrasil2022\/files\/2022\/09\/Logo-Hygge-Site.png\" data-orig-size=\"401,401\" data-comments-opened=\"0\" data-image-meta=\"{&quot;aperture&quot;:&quot;0&quot;,&quot;credit&quot;:&quot;&quot;,&quot;camera&quot;:&quot;&quot;,&quot;caption&quot;:&quot;&quot;,&quot;created_timestamp&quot;:&quot;0&quot;,&quot;copyright&quot;:&quot;&quot;,&quot;focal_length&quot;:&quot;0&quot;,&quot;iso&quot;:&quot;0&quot;,&quot;shutter_speed&quot;:&quot;0&quot;,&quot;title&quot;:&quot;&quot;,&quot;orientation&quot;:&quot;0&quot;}\" data-image-title=\"Logo Hygge &amp;#8211; Site\" data-image-description=\"\" data-image-caption=\"\" data-medium-file=\"https:\/\/wp.ufpel.edu.br\/passivehousebrasil2022\/files\/2022\/09\/Logo-Hygge-Site.png\" data-large-file=\"https:\/\/wp.ufpel.edu.br\/passivehousebrasil2022\/files\/2022\/09\/Logo-Hygge-Site.png\" \/>\n\t\t\t<\/div><\/figure><figure class='gallery-item'>\n\t\t\t<div class='gallery-icon portrait'>\n\t\t\t\t<img loading=\"lazy\" decoding=\"async\" width=\"200\" height=\"200\" src=\"https:\/\/wp.ufpel.edu.br\/passivehousebrasil2022\/files\/2022\/10\/Logo-AHK-Site-200x200.png\" class=\"attachment-thumbnail size-thumbnail\" alt=\"\" srcset=\"https:\/\/wp.ufpel.edu.br\/passivehousebrasil2022\/files\/2022\/10\/Logo-AHK-Site-200x200.png 200w, https:\/\/wp.ufpel.edu.br\/passivehousebrasil2022\/files\/2022\/10\/Logo-AHK-Site-100x100.png 100w, https:\/\/wp.ufpel.edu.br\/passivehousebrasil2022\/files\/2022\/10\/Logo-AHK-Site.png 400w\" sizes=\"auto, 100vw\" data-attachment-id=\"688\" data-permalink=\"https:\/\/wp.ufpel.edu.br\/passivehousebrasil2022\/apoiadores\/logo-ahk-site\/\" data-orig-file=\"https:\/\/wp.ufpel.edu.br\/passivehousebrasil2022\/files\/2022\/10\/Logo-AHK-Site.png\" data-orig-size=\"400,401\" data-comments-opened=\"0\" data-image-meta=\"{&quot;aperture&quot;:&quot;0&quot;,&quot;credit&quot;:&quot;&quot;,&quot;camera&quot;:&quot;&quot;,&quot;caption&quot;:&quot;&quot;,&quot;created_timestamp&quot;:&quot;0&quot;,&quot;copyright&quot;:&quot;&quot;,&quot;focal_length&quot;:&quot;0&quot;,&quot;iso&quot;:&quot;0&quot;,&quot;shutter_speed&quot;:&quot;0&quot;,&quot;title&quot;:&quot;&quot;,&quot;orientation&quot;:&quot;0&quot;}\" data-image-title=\"Logo AHK &amp;#8211; Site\" data-image-description=\"\" data-image-caption=\"\" data-medium-file=\"https:\/\/wp.ufpel.edu.br\/passivehousebrasil2022\/files\/2022\/10\/Logo-AHK-Site.png\" data-large-file=\"https:\/\/wp.ufpel.edu.br\/passivehousebrasil2022\/files\/2022\/10\/Logo-AHK-Site.png\" \/>\n\t\t\t<\/div><\/figure><figure class='gallery-item'>\n\t\t\t<div class='gallery-icon landscape'>\n\t\t\t\t<img loading=\"lazy\" decoding=\"async\" width=\"200\" height=\"200\" src=\"https:\/\/wp.ufpel.edu.br\/passivehousebrasil2022\/files\/2022\/10\/Logo-Sto-2-Site-200x200.png\" class=\"attachment-thumbnail size-thumbnail\" alt=\"\" srcset=\"https:\/\/wp.ufpel.edu.br\/passivehousebrasil2022\/files\/2022\/10\/Logo-Sto-2-Site-200x200.png 200w, https:\/\/wp.ufpel.edu.br\/passivehousebrasil2022\/files\/2022\/10\/Logo-Sto-2-Site-100x100.png 100w, https:\/\/wp.ufpel.edu.br\/passivehousebrasil2022\/files\/2022\/10\/Logo-Sto-2-Site.png 401w\" sizes=\"auto, 100vw\" data-attachment-id=\"691\" data-permalink=\"https:\/\/wp.ufpel.edu.br\/passivehousebrasil2022\/apoiadores\/logo-sto-2-site\/\" data-orig-file=\"https:\/\/wp.ufpel.edu.br\/passivehousebrasil2022\/files\/2022\/10\/Logo-Sto-2-Site.png\" data-orig-size=\"401,401\" data-comments-opened=\"0\" data-image-meta=\"{&quot;aperture&quot;:&quot;0&quot;,&quot;credit&quot;:&quot;&quot;,&quot;camera&quot;:&quot;&quot;,&quot;caption&quot;:&quot;&quot;,&quot;created_timestamp&quot;:&quot;0&quot;,&quot;copyright&quot;:&quot;&quot;,&quot;focal_length&quot;:&quot;0&quot;,&quot;iso&quot;:&quot;0&quot;,&quot;shutter_speed&quot;:&quot;0&quot;,&quot;title&quot;:&quot;&quot;,&quot;orientation&quot;:&quot;0&quot;}\" data-image-title=\"Logo Sto 2 &amp;#8211; Site\" data-image-description=\"\" data-image-caption=\"\" data-medium-file=\"https:\/\/wp.ufpel.edu.br\/passivehousebrasil2022\/files\/2022\/10\/Logo-Sto-2-Site.png\" data-large-file=\"https:\/\/wp.ufpel.edu.br\/passivehousebrasil2022\/files\/2022\/10\/Logo-Sto-2-Site.png\" \/>\n\t\t\t<\/div><\/figure>\n\t\t<\/div>\n\n<p>&nbsp;<\/p>\n","protected":false},"excerpt":{"rendered":"<p>O evento contou com os seguintes apoiadores: \u2500 Incoben Construtora e Incorporadora \u2500 Scheid Esquadrias \u2500 VEKA Sistemas de perfis de PVC de alto padr\u00e3o \u2500 Hygge Engenharia Arquitet\u00f4nica Sustent\u00e1vel \u2500 AHK C\u00e2mara de Com\u00e9rcio e Ind\u00fastria Brasil-Alemanha \u2500 Sto Sistemas de revestimentos de fachadas com isolamento t\u00e9rmico. &nbsp; APOIADORES &nbsp;<\/p>\n","protected":false},"author":625,"featured_media":625,"parent":0,"menu_order":0,"comment_status":"closed","ping_status":"closed","template":"","meta":{"footnotes":""},"class_list":["post-218","page","type-page","status-publish","has-post-thumbnail","hentry"],"jetpack_sharing_enabled":true,"_links":{"self":[{"href":"https:\/\/wp.ufpel.edu.br\/passivehousebrasil2022\/wp-json\/wp\/v2\/pages\/218","targetHints":{"allow":["GET"]}}],"collection":[{"href":"https:\/\/wp.ufpel.edu.br\/passivehousebrasil2022\/wp-json\/wp\/v2\/pages"}],"about":[{"href":"https:\/\/wp.ufpel.edu.br\/passivehousebrasil2022\/wp-json\/wp\/v2\/types\/page"}],"author":[{"embeddable":true,"href":"https:\/\/wp.ufpel.edu.br\/passivehousebrasil2022\/wp-json\/wp\/v2\/users\/625"}],"replies":[{"embeddable":true,"href":"https:\/\/wp.ufpel.edu.br\/passivehousebrasil2022\/wp-json\/wp\/v2\/comments?post=218"}],"version-history":[{"count":11,"href":"https:\/\/wp.ufpel.edu.br\/passivehousebrasil2022\/wp-json\/wp\/v2\/pages\/218\/revisions"}],"predecessor-version":[{"id":912,"href":"https:\/\/wp.ufpel.edu.br\/passivehousebrasil2022\/wp-json\/wp\/v2\/pages\/218\/revisions\/912"}],"wp:featuredmedia":[{"embeddable":true,"href":"https:\/\/wp.ufpel.edu.br\/passivehousebrasil2022\/wp-json\/wp\/v2\/media\/625"}],"wp:attachment":[{"href":"https:\/\/wp.ufpel.edu.br\/passivehousebrasil2022\/wp-json\/wp\/v2\/media?parent=218"}],"curies":[{"name":"wp","href":"https:\/\/api.w.org\/{rel}","templated":true}]}}