{"id":41,"date":"2023-03-28T18:36:40","date_gmt":"2023-03-28T21:36:40","guid":{"rendered":"https:\/\/wp.ufpel.edu.br\/papodegestao\/?page_id=41"},"modified":"2023-09-05T18:41:25","modified_gmt":"2023-09-05T21:41:25","slug":"dicas-de-qualificacao","status":"publish","type":"page","link":"https:\/\/wp.ufpel.edu.br\/papodegestao\/dicas-de-qualificacao\/","title":{"rendered":"Dicas de qualifica\u00e7\u00e3o"},"content":{"rendered":"<p><strong>Cursos gratuitos e on line para qualifica\u00e7\u00e3o<\/strong><\/p>\n<p><a href=\"https:\/\/sebrae.com.br\/sites\/PortalSebrae\/cursosonline\">https:\/\/sebrae.com.br\/sites\/PortalSebrae\/cursosonline<\/a><\/p>\n<p><a href=\"https:\/\/academy.hubspot.com\/pt\/\">https:\/\/academy.hubspot.com\/pt\/\u00a0<\/a><\/p>\n<p><a href=\"https:\/\/conquer.plus\/\">https:\/\/conquer.plus\/<\/a><\/p>\n<p><a href=\"https:\/\/escolaconquer.com.br\/\">https:\/\/escolaconquer.com.br\/<\/a><\/p>\n<p><a href=\"https:\/\/digital.sestsenat.org.br\/\">https:\/\/digital.sestsenat.org.br\/<\/a><\/p>\n<p><a href=\"https:\/\/digital.sestsenat.org.br\/cursos\">https:\/\/digital.sestsenat.org.br\/cursos<\/a><\/p>\n<p><a href=\"https:\/\/www.educamaisbrasil.com.br\/\">https:\/\/www.educamaisbrasil.com.br\/<\/a><\/p>\n<p><a href=\"https:\/\/www.coursera.org\/\">https:\/\/www.coursera.org\/<\/a><\/p>\n<p><a href=\"https:\/\/university.br.rockcontent.com\/\">https:\/\/university.br.rockcontent.com\/<\/a><\/p>\n<p>&nbsp;<\/p>\n<p><strong>Minicurso Gratuito de Power BI<\/strong><\/p>\n<p style=\"text-align: justify;\">O Power BI \u00e9 um programa feito pela Microsoft. J\u00e1 a fun\u00e7\u00e3o dele \u00e9<br \/>\ndisponibilizar pain\u00e9is para que as pessoas fa\u00e7am an\u00e1lises de dados, relat\u00f3rios<br \/>\ne dashboards.<br \/>\nEntre suas vantagens, temos a\u00a0possibilidade de extrair dados de diferentes<br \/>\npartes (pastas do computador, programas distintos, como Excel e Word) e<br \/>\nreunir tudo em uma mesma tela.<br \/>\nMinicurso de Power BI na DATAB \u00e9 gratuito e com certificado indicado para<br \/>\naqueles que querem conhecer o Power BI e desenvolver um primeiro projeto<br \/>\nutilizando a ferramenta.<\/p>\n<p style=\"text-align: justify;\">O curso da DATAB est\u00e1 estruturado da seguinte forma:<br \/>\nAula 1 &#8211; Introdu\u00e7\u00e3o ao Power BI<br \/>\nAula 2 &#8211; Download e Instala\u00e7\u00e3o<br \/>\nAula 3 &#8211; Importa\u00e7\u00e3o de Dados e Primeiro Gr\u00e1fico<br \/>\nAula 4 &#8211; Visuais, Relacionamentos e C\u00e1lculos<br \/>\nAula 5 &#8211; Formata\u00e7\u00e3o do Dashboard<br \/>\nAula 6 &#8211; Publica\u00e7\u00e3o do Relat\u00f3rio e Conclus\u00e3o<\/p>\n<p style=\"text-align: justify;\">Certificado de Conclus\u00e3o<\/p>\n<p style=\"text-align: justify;\">Site: <a href=\"https:\/\/datab.com.br\/course\/powerbi-minicurso\">https:\/\/datab.com.br\/course\/powerbi-minicurso<\/a><\/p>\n<p>&nbsp;<\/p>\n<p style=\"text-align: justify;\"><strong>Funda\u00e7\u00e3o Bradesco oferece mais de 70 cursos on-line<\/strong><br \/>\n<strong>com certificado<\/strong><\/p>\n<p style=\"text-align: justify;\">A Funda\u00e7\u00e3o Bradesco oferece mais de 70 cursos gratuitos e<br \/>\ntotalmente online em diversas aeras. Os cursos est\u00e3o dispon\u00edveis<br \/>\natrav\u00e9s da\u00a0Escola Virtual\u00a0com varia\u00e7\u00f5es do conte\u00fado program\u00e1tico e<br \/>\nn\u00edvel \u2013iniciante, intermedi\u00e1rio e avan\u00e7ado.<\/p>\n<p style=\"text-align: justify;\">Os cursos gratuitos oferecidos pela Funda\u00e7\u00e3o Bradesco s\u00e3o nas \u00e1reas<br \/>\nde Desenvolvimento Pessoal e Profissional, Enem e Vestibulares,<br \/>\nMetodologias de aprendizagem, Neg\u00f3cios e inova\u00e7\u00e3o, Produtividade,<br \/>\nPrograma\u00e7\u00e3o e Tecnologia da Informa\u00e7\u00e3o.<\/p>\n<p>Informa\u00e7\u00f5es em\u00a0<a href=\"https:\/\/www.ev.org.br\/\">https:\/\/www.ev.org.br\/<\/a><\/p>\n<p style=\"text-align: justify;\">Cursos gratuitos da Funda\u00e7\u00e3o Bradesco<\/p>\n<p><strong>Desenvolvimento Pessoal e Profissional<\/strong><br \/>\nAtendimento ao p\u00fablico<br \/>\nComunica\u00e7\u00e3o e express\u00e3o<br \/>\nComunica\u00e7\u00e3o Empresarial<br \/>\nComunica\u00e7\u00e3o Escrita<br \/>\nControle de impulso e manejo de raiva, vergonha e inveja<br \/>\nDesenvolvimento profissional<br \/>\nEduca\u00e7\u00e3o financeira<br \/>\nFinan\u00e7as pessoais<br \/>\nL\u00edngua Portuguesa sem complica\u00e7\u00f5es<br \/>\nMatem\u00e1tica financeira com o uso da HP 12C<br \/>\nOficina de L\u00edngua Portuguesa (gram\u00e1tica)<br \/>\nOrganiza\u00e7\u00e3o Pessoal<br \/>\nPostura e imagem profissional<br \/>\nQualidade de vida e trabalho<br \/>\nRegula\u00e7\u00e3o da preocupa\u00e7\u00e3o e da ansiedade<br \/>\nT\u00e9cnicas de reda\u00e7\u00e3o<\/p>\n<p><strong>Enem e vestibulares<\/strong><br \/>\nPreparat\u00f3rio Enem e Vestibulares<br \/>\nMetodologias de aprendizagem<br \/>\nBoas pr\u00e1ticas na produ\u00e7\u00e3o de videoaulas<br \/>\nConceitos de aprendizagem criativa<br \/>\nDesign Thinking para educadores<br \/>\nEduca\u00e7\u00e3o inclusiva<br \/>\nIntrodu\u00e7\u00e3o ao Scratch: linguagem de programa\u00e7\u00e3o na<br \/>\ncomputa\u00e7\u00e3o criativa<br \/>\nMetodologias ativas: caminhos para a pr\u00e1tica<br \/>\nPensamento computacional<br \/>\nRecursos Educacionais Abertos (REA)<br \/>\nScratch, suas extens\u00f5es e computa\u00e7\u00e3o f\u00edsica<\/p>\n<p><strong>Neg\u00f3cios e Inova\u00e7\u00e3o<\/strong><br \/>\nEmpreendedorismo e inova\u00e7\u00e3o<br \/>\nEstrat\u00e9gia de Neg\u00f3cios<br \/>\nFundamentos do Design Gr\u00e1fico<br \/>\nIntelig\u00eancia Artificial e o Novo Contexto da Cultura Digital<br \/>\nIntrodu\u00e7\u00e3o \u00e0 Administra\u00e7\u00e3o<br \/>\nIntrodu\u00e7\u00e3o \u00e0 An\u00e1lise de Dados \u2013 Microsoft Power BI<br \/>\nIntrodu\u00e7\u00e3o \u00e0 Gest\u00e3o de Projetos<br \/>\nIntrodu\u00e7\u00e3o \u00e0 Lideran\u00e7a Lean<br \/>\nLei Geral de Prote\u00e7\u00e3o de Dados (LGPD)<br \/>\nResponsabilidade Social e Sustentabilidade<\/p>\n<p><strong>Produtividade<\/strong><br \/>\nMicrosoft Excel 2016 \u2013 Avan\u00e7ado<br \/>\nMicrosoft Excel 2016 \u2013 B\u00e1sico<br \/>\nMicrosoft Excel 2016 \u2013 Intermedi\u00e1rio<br \/>\nMicrosoft Office 365 \u2013 Conhecendo o OneDrive<br \/>\nMicrosoft Office 367 -Conhecendo o OneNote<\/p>\n<p>Microsoft Office 365 \u2013 Conhecendo o Outlook<br \/>\nMicrosoft Office 365 \u2013 Conhecendo o Planner<br \/>\nMicrosoft Office 365 \u2013 Conhecendo o Teams<br \/>\nMicrosoft Power Point 2016 \u2013 Avan\u00e7ado<br \/>\nMicrosoft Power Point 2016 \u2013 B\u00e1sico<br \/>\nMicrosoft Word 2016 \u2013 Avan\u00e7ado<br \/>\nMicrosoft Word 2016 \u2013 B\u00e1sico<br \/>\nMicrosoft Word 2016 \u2013 Intermedi\u00e1rio<\/p>\n<p><strong>Programa\u00e7\u00e3o<\/strong><br \/>\nCrie um site simples usando HTML, CSS e JavaScript<br \/>\nDesenvolvendo Aplica\u00e7\u00f5es Mobile com Android Studio<br \/>\nDesenvolvimento Orientado a Objetos Utilizando a Linguagem<\/p>\n<p><strong>\u00c9tica no Desenvolvimento de Sistemas<\/strong><br \/>\nFundamentos das Aplica\u00e7\u00f5es M\u00f3veis<br \/>\nFundamentos de L\u00f3gica de Programa\u00e7\u00e3o e HTML \u2013 Avan\u00e7ado<br \/>\nHTML \u2013 B\u00e1sico<br \/>\nHTML e CSS na Pr\u00e1tica<br \/>\nInovando com CSS<br \/>\nIntrodu\u00e7\u00e3o \u00e0 Programa\u00e7\u00e3o Orientada a Objetos (POO)<br \/>\nIntrodu\u00e7\u00e3o ao JavaScript<br \/>\nLinguagem de Modelagem Unificada (UML)<br \/>\nLinguagem de Programa\u00e7\u00e3o C# \u2013 Avan\u00e7ado<br \/>\nLinguagem de Programa\u00e7\u00e3o C# \u2013 B\u00e1sico<br \/>\nLinguagem de Programa\u00e7\u00e3o Java \u2013 Avan\u00e7ado<br \/>\nLinguagem de Programa\u00e7\u00e3o Java \u2013 B\u00e1sico<br \/>\nLinguagem de Programa\u00e7\u00e3o Python \u2013 B\u00e1sico<br \/>\nProjetos de Sistemas de TI<br \/>\nTecnologia da Informa\u00e7\u00e3o<br \/>\nAdministrando Banco de Dados<\/p>\n<p><strong>\u00a0Cultura Digital<\/strong><br \/>\nEdi\u00e7\u00e3o de Fotos e V\u00eddeo com Windows 10<br \/>\nFotografias com Dispositivos M\u00f3veis\u00a0Fundamentos de TI: Hardware e Software<br \/>\nImplementando Banco de Dados<br \/>\nIntrodu\u00e7\u00e3o a Redes de Computadores<br \/>\nLetramento Digital<br \/>\nModelagem de Dados<br \/>\nSeguran\u00e7a em Tecnologia da Informa\u00e7\u00e3o<br \/>\nSharePoint<\/p>\n","protected":false},"excerpt":{"rendered":"<p>Cursos gratuitos e on line para qualifica\u00e7\u00e3o https:\/\/sebrae.com.br\/sites\/PortalSebrae\/cursosonline https:\/\/academy.hubspot.com\/pt\/\u00a0 https:\/\/conquer.plus\/ https:\/\/escolaconquer.com.br\/ https:\/\/digital.sestsenat.org.br\/ https:\/\/digital.sestsenat.org.br\/cursos https:\/\/www.educamaisbrasil.com.br\/ https:\/\/www.coursera.org\/ https:\/\/university.br.rockcontent.com\/ &nbsp; Minicurso Gratuito de Power BI O Power BI \u00e9 um programa feito pela Microsoft. J\u00e1 a fun\u00e7\u00e3o dele \u00e9 disponibilizar pain\u00e9is para que&#8230; <a class=\"more-link\" href=\"https:\/\/wp.ufpel.edu.br\/papodegestao\/dicas-de-qualificacao\/\">Continue lendo &rarr;<\/a><\/p>\n","protected":false},"author":421,"featured_media":0,"parent":0,"menu_order":0,"comment_status":"closed","ping_status":"closed","template":"","meta":{"footnotes":""},"class_list":["post-41","page","type-page","status-publish","hentry"],"jetpack-related-posts":[],"jetpack_sharing_enabled":true,"_links":{"self":[{"href":"https:\/\/wp.ufpel.edu.br\/papodegestao\/wp-json\/wp\/v2\/pages\/41","targetHints":{"allow":["GET"]}}],"collection":[{"href":"https:\/\/wp.ufpel.edu.br\/papodegestao\/wp-json\/wp\/v2\/pages"}],"about":[{"href":"https:\/\/wp.ufpel.edu.br\/papodegestao\/wp-json\/wp\/v2\/types\/page"}],"author":[{"embeddable":true,"href":"https:\/\/wp.ufpel.edu.br\/papodegestao\/wp-json\/wp\/v2\/users\/421"}],"replies":[{"embeddable":true,"href":"https:\/\/wp.ufpel.edu.br\/papodegestao\/wp-json\/wp\/v2\/comments?post=41"}],"version-history":[{"count":8,"href":"https:\/\/wp.ufpel.edu.br\/papodegestao\/wp-json\/wp\/v2\/pages\/41\/revisions"}],"predecessor-version":[{"id":105,"href":"https:\/\/wp.ufpel.edu.br\/papodegestao\/wp-json\/wp\/v2\/pages\/41\/revisions\/105"}],"wp:attachment":[{"href":"https:\/\/wp.ufpel.edu.br\/papodegestao\/wp-json\/wp\/v2\/media?parent=41"}],"curies":[{"name":"wp","href":"https:\/\/api.w.org\/{rel}","templated":true}]}}