{"id":400,"date":"2022-12-28T09:42:26","date_gmt":"2022-12-28T12:42:26","guid":{"rendered":"https:\/\/wp.ufpel.edu.br\/pandemiadecovid19contadapormulheres\/?page_id=400"},"modified":"2026-04-19T11:37:34","modified_gmt":"2026-04-19T14:37:34","slug":"eventos-2","status":"publish","type":"page","link":"https:\/\/wp.ufpel.edu.br\/pandemiadecovid19contadapormulheres\/eventos-2\/","title":{"rendered":"Eventos"},"content":{"rendered":"<p style=\"text-align: center;\"><span style=\"font-size: 24pt; font-family: 'book antiqua', palatino, serif; color: #d47e30;\"><strong>EVENTOS<\/strong><\/span><\/p>\n<p style=\"text-align: justify;\"><span style=\"font-size: 14pt; font-family: 'book antiqua', palatino, serif; color: #d47e30;\"><strong>LAN\u00c7AMENTO DO LIVRO &#8220;TECENDO CARTAS: SOBRE(VIV\u00caNCIAS DE MULHERES NA UNIVERSIDADE&#8221;<\/strong><\/span><\/p>\n<p style=\"text-align: justify;\"><span style=\"font-family: 'book antiqua', palatino, serif; color: #333333;\">Os eventos de lan\u00e7amento, inicialmente, contaram com a organiza\u00e7\u00e3o de duas rodas de conversa, ambas realizadas no audit\u00f3rio da FAMED, onde est\u00e1 alocado o curso de Psicologia da UFPel. Como convidadas contamos com a participa\u00e7\u00e3o de mulheres que, atrav\u00e9s do\u00a0 de suas cartas, compartilharam com a gente um pouquinho das suas experi\u00eancias na universidade.<\/span><\/p>\n<p style=\"text-align: center;\"><strong><span style=\"font-size: 12pt; color: #333333;\"><span style=\"font-family: 'book antiqua', palatino, serif;\">CONVIDADAS:<\/span><\/span><\/strong><\/p>\n<p style=\"padding-left: 80px;\"><img class=\"alignnone wp-image-255\" src=\"https:\/\/wp.ufpel.edu.br\/pandemiadecovid19contadapormulheres\/files\/2022\/11\/RodaDeConversa1-400x400.png\" alt=\"\" width=\"382\" height=\"382\" srcset=\"https:\/\/wp.ufpel.edu.br\/pandemiadecovid19contadapormulheres\/files\/2022\/11\/RodaDeConversa1-400x400.png 400w, https:\/\/wp.ufpel.edu.br\/pandemiadecovid19contadapormulheres\/files\/2022\/11\/RodaDeConversa1-200x200.png 200w, https:\/\/wp.ufpel.edu.br\/pandemiadecovid19contadapormulheres\/files\/2022\/11\/RodaDeConversa1.png 500w\" sizes=\"(max-width: 382px) 100vw, 382px\" \/><img class=\"alignnone wp-image-254\" src=\"https:\/\/wp.ufpel.edu.br\/pandemiadecovid19contadapormulheres\/files\/2022\/11\/2Roda-De-Conversa-400x400.png\" alt=\"\" width=\"382\" height=\"382\" srcset=\"https:\/\/wp.ufpel.edu.br\/pandemiadecovid19contadapormulheres\/files\/2022\/11\/2Roda-De-Conversa-400x400.png 400w, https:\/\/wp.ufpel.edu.br\/pandemiadecovid19contadapormulheres\/files\/2022\/11\/2Roda-De-Conversa-200x200.png 200w, https:\/\/wp.ufpel.edu.br\/pandemiadecovid19contadapormulheres\/files\/2022\/11\/2Roda-De-Conversa.png 500w\" sizes=\"(max-width: 382px) 100vw, 382px\" \/><\/p>\n<p style=\"text-align: justify;\"><span style=\"font-family: 'book antiqua', palatino, serif; color: #333333;\">Os eventos vinculados ao livro buscam seguir com a constru\u00e7\u00e3o de espa\u00e7os de partilha e di\u00e1logo em quest\u00e3o das experi\u00eancias de n\u00f3s mulheres na universidade. Ent\u00e3o, a partir das falas disparadoras das nossas convidadas, tivemos a oportunidade de dialogar e trocar com o p\u00fablico presente, o qual tamb\u00e9m compartilhou hist\u00f3rias e sentimentos sobre a experi\u00eancia de estar na universidade. Ambos os dias de evento contaram com a presen\u00e7a de mais de 80 ouvintes, em sua maioria estudantes universit\u00e1rios.<\/span><\/p>\n<p style=\"text-align: center;\"><span style=\"color: #333333;\"><strong><span style=\"font-family: 'book antiqua', palatino, serif;\">ORGANIZA\u00c7\u00c3O DO EVENTO:\u00a0<\/span><\/strong><\/span><\/p>\n<p><img class=\" wp-image-253 aligncenter\" src=\"https:\/\/wp.ufpel.edu.br\/pandemiadecovid19contadapormulheres\/files\/2022\/11\/Organizacao-Evento-400x400.png\" alt=\"\" width=\"382\" height=\"382\" srcset=\"https:\/\/wp.ufpel.edu.br\/pandemiadecovid19contadapormulheres\/files\/2022\/11\/Organizacao-Evento-400x400.png 400w, https:\/\/wp.ufpel.edu.br\/pandemiadecovid19contadapormulheres\/files\/2022\/11\/Organizacao-Evento-200x200.png 200w, https:\/\/wp.ufpel.edu.br\/pandemiadecovid19contadapormulheres\/files\/2022\/11\/Organizacao-Evento.png 500w\" sizes=\"(max-width: 382px) 100vw, 382px\" \/><\/p>\n<p style=\"text-align: center;\"><span style=\"font-family: 'book antiqua', palatino, serif; color: #333333;\"><strong>ALGUMAS FOTOS DOS EVENTOS:<\/strong><\/span><\/p>\n<p style=\"padding-left: 80px;\"><img class=\"alignnone size-medium wp-image-259\" src=\"https:\/\/wp.ufpel.edu.br\/pandemiadecovid19contadapormulheres\/files\/2022\/11\/evento-3-400x198.jpg\" alt=\"\" width=\"400\" height=\"198\" srcset=\"https:\/\/wp.ufpel.edu.br\/pandemiadecovid19contadapormulheres\/files\/2022\/11\/evento-3-400x198.jpg 400w, https:\/\/wp.ufpel.edu.br\/pandemiadecovid19contadapormulheres\/files\/2022\/11\/evento-3-1024x507.jpg 1024w, https:\/\/wp.ufpel.edu.br\/pandemiadecovid19contadapormulheres\/files\/2022\/11\/evento-3-768x380.jpg 768w, https:\/\/wp.ufpel.edu.br\/pandemiadecovid19contadapormulheres\/files\/2022\/11\/evento-3-1536x760.jpg 1536w, https:\/\/wp.ufpel.edu.br\/pandemiadecovid19contadapormulheres\/files\/2022\/11\/evento-3.jpg 1600w\" sizes=\"(max-width: 400px) 100vw, 400px\" \/><img class=\"alignnone wp-image-261\" src=\"https:\/\/wp.ufpel.edu.br\/pandemiadecovid19contadapormulheres\/files\/2022\/11\/evento-5-400x300.jpg\" alt=\"\" width=\"381\" height=\"286\" srcset=\"https:\/\/wp.ufpel.edu.br\/pandemiadecovid19contadapormulheres\/files\/2022\/11\/evento-5-400x300.jpg 400w, https:\/\/wp.ufpel.edu.br\/pandemiadecovid19contadapormulheres\/files\/2022\/11\/evento-5-768x576.jpg 768w, https:\/\/wp.ufpel.edu.br\/pandemiadecovid19contadapormulheres\/files\/2022\/11\/evento-5.jpg 1024w\" sizes=\"(max-width: 381px) 100vw, 381px\" \/><\/p>\n<p style=\"padding-left: 80px;\"><img class=\"alignnone size-medium wp-image-260\" src=\"https:\/\/wp.ufpel.edu.br\/pandemiadecovid19contadapormulheres\/files\/2022\/11\/evento-4-400x252.jpg\" alt=\"\" width=\"400\" height=\"252\" srcset=\"https:\/\/wp.ufpel.edu.br\/pandemiadecovid19contadapormulheres\/files\/2022\/11\/evento-4-400x252.jpg 400w, https:\/\/wp.ufpel.edu.br\/pandemiadecovid19contadapormulheres\/files\/2022\/11\/evento-4.jpg 718w\" sizes=\"(max-width: 400px) 100vw, 400px\" \/><img class=\"alignnone wp-image-258\" src=\"https:\/\/wp.ufpel.edu.br\/pandemiadecovid19contadapormulheres\/files\/2022\/11\/evento-2-400x300.jpg\" alt=\"\" width=\"381\" height=\"286\" srcset=\"https:\/\/wp.ufpel.edu.br\/pandemiadecovid19contadapormulheres\/files\/2022\/11\/evento-2-400x300.jpg 400w, https:\/\/wp.ufpel.edu.br\/pandemiadecovid19contadapormulheres\/files\/2022\/11\/evento-2-1024x768.jpg 1024w, https:\/\/wp.ufpel.edu.br\/pandemiadecovid19contadapormulheres\/files\/2022\/11\/evento-2-768x576.jpg 768w, https:\/\/wp.ufpel.edu.br\/pandemiadecovid19contadapormulheres\/files\/2022\/11\/evento-2-1536x1152.jpg 1536w, https:\/\/wp.ufpel.edu.br\/pandemiadecovid19contadapormulheres\/files\/2022\/11\/evento-2.jpg 1600w\" sizes=\"(max-width: 381px) 100vw, 381px\" \/><\/p>\n<p><img class=\"size-medium wp-image-257 aligncenter\" src=\"https:\/\/wp.ufpel.edu.br\/pandemiadecovid19contadapormulheres\/files\/2022\/11\/evento--400x222.jpg\" alt=\"\" width=\"400\" height=\"222\" srcset=\"https:\/\/wp.ufpel.edu.br\/pandemiadecovid19contadapormulheres\/files\/2022\/11\/evento--400x222.jpg 400w, https:\/\/wp.ufpel.edu.br\/pandemiadecovid19contadapormulheres\/files\/2022\/11\/evento--1024x568.jpg 1024w, https:\/\/wp.ufpel.edu.br\/pandemiadecovid19contadapormulheres\/files\/2022\/11\/evento--768x426.jpg 768w, https:\/\/wp.ufpel.edu.br\/pandemiadecovid19contadapormulheres\/files\/2022\/11\/evento--1536x852.jpg 1536w, https:\/\/wp.ufpel.edu.br\/pandemiadecovid19contadapormulheres\/files\/2022\/11\/evento-.jpg 1600w\" sizes=\"(max-width: 400px) 100vw, 400px\" \/><\/p>\n<p>&nbsp;<\/p>\n<p><span style=\"font-family: 'book antiqua', palatino, serif; color: #333333;\">*O livro est\u00e1 disponibilizado gratuitamente aqui no site, na aba \u201cpublica\u00e7\u00f5es\u201d.<\/span><\/p>\n<hr \/>\n<p>&nbsp;<\/p>\n","protected":false},"excerpt":{"rendered":"<p>EVENTOS LAN\u00c7AMENTO DO LIVRO &#8220;TECENDO CARTAS: SOBRE(VIV\u00caNCIAS DE MULHERES NA UNIVERSIDADE&#8221; Os eventos de lan\u00e7amento, inicialmente, contaram com a organiza\u00e7\u00e3o de duas rodas de conversa, ambas realizadas no audit\u00f3rio da FAMED, onde est\u00e1 alocado o curso de Psicologia da UFPel. Como convidadas contamos com a participa\u00e7\u00e3o de mulheres que, atrav\u00e9s do\u00a0 de suas cartas, compartilharam [&hellip;]<\/p>\n","protected":false},"author":1183,"featured_media":0,"parent":0,"menu_order":4,"comment_status":"closed","ping_status":"closed","template":"","meta":{"footnotes":""},"class_list":["post-400","page","type-page","status-publish","hentry"],"_links":{"self":[{"href":"https:\/\/wp.ufpel.edu.br\/pandemiadecovid19contadapormulheres\/wp-json\/wp\/v2\/pages\/400","targetHints":{"allow":["GET"]}}],"collection":[{"href":"https:\/\/wp.ufpel.edu.br\/pandemiadecovid19contadapormulheres\/wp-json\/wp\/v2\/pages"}],"about":[{"href":"https:\/\/wp.ufpel.edu.br\/pandemiadecovid19contadapormulheres\/wp-json\/wp\/v2\/types\/page"}],"author":[{"embeddable":true,"href":"https:\/\/wp.ufpel.edu.br\/pandemiadecovid19contadapormulheres\/wp-json\/wp\/v2\/users\/1183"}],"replies":[{"embeddable":true,"href":"https:\/\/wp.ufpel.edu.br\/pandemiadecovid19contadapormulheres\/wp-json\/wp\/v2\/comments?post=400"}],"version-history":[{"count":3,"href":"https:\/\/wp.ufpel.edu.br\/pandemiadecovid19contadapormulheres\/wp-json\/wp\/v2\/pages\/400\/revisions"}],"predecessor-version":[{"id":620,"href":"https:\/\/wp.ufpel.edu.br\/pandemiadecovid19contadapormulheres\/wp-json\/wp\/v2\/pages\/400\/revisions\/620"}],"wp:attachment":[{"href":"https:\/\/wp.ufpel.edu.br\/pandemiadecovid19contadapormulheres\/wp-json\/wp\/v2\/media?parent=400"}],"curies":[{"name":"wp","href":"https:\/\/api.w.org\/{rel}","templated":true}]}}

<p style="text-align: center;"><span style="font-size: 24pt; font-family: 'book antiqua', palatino, serif; color: #d47e30;"><strong>EVENTOS</strong></span></p>
<p style="text-align: justify;"><span style="font-size: 14pt; font-family: 'book antiqua', palatino, serif; color: #d47e30;"><strong>LANÇAMENTO DO LIVRO &#8220;TECENDO CARTAS: SOBRE(VIVÊNCIAS DE MULHERES NA UNIVERSIDADE&#8221;</strong></span></p>
<p style="text-align: justify;"><span style="font-family: 'book antiqua', palatino, serif; color: #333333;">Os eventos de lançamento, inicialmente, contaram com a organização de duas rodas de conversa, ambas realizadas no auditório da FAMED, onde está alocado o curso de Psicologia da UFPel. Como convidadas contamos com a participação de mulheres que, através do  de suas cartas, compartilharam com a gente um pouquinho das suas experiências na universidade.</span></p>
<p style="text-align: center;"><strong><span style="font-size: 12pt; color: #333333;"><span style="font-family: 'book antiqua', palatino, serif;">CONVIDADAS:</span></span></strong></p>
<p style="padding-left: 80px;"><img class="alignnone wp-image-255" src="https://wp.ufpel.edu.br/pandemiadecovid19contadapormulheres/files/2022/11/RodaDeConversa1-400x400.png" alt="" width="382" height="382" srcset="https://wp.ufpel.edu.br/pandemiadecovid19contadapormulheres/files/2022/11/RodaDeConversa1-400x400.png 400w, https://wp.ufpel.edu.br/pandemiadecovid19contadapormulheres/files/2022/11/RodaDeConversa1-200x200.png 200w, https://wp.ufpel.edu.br/pandemiadecovid19contadapormulheres/files/2022/11/RodaDeConversa1.png 500w" sizes="(max-width: 382px) 100vw, 382px" /><img class="alignnone wp-image-254" src="https://wp.ufpel.edu.br/pandemiadecovid19contadapormulheres/files/2022/11/2Roda-De-Conversa-400x400.png" alt="" width="382" height="382" srcset="https://wp.ufpel.edu.br/pandemiadecovid19contadapormulheres/files/2022/11/2Roda-De-Conversa-400x400.png 400w, https://wp.ufpel.edu.br/pandemiadecovid19contadapormulheres/files/2022/11/2Roda-De-Conversa-200x200.png 200w, https://wp.ufpel.edu.br/pandemiadecovid19contadapormulheres/files/2022/11/2Roda-De-Conversa.png 500w" sizes="(max-width: 382px) 100vw, 382px" /></p>
<p style="text-align: justify;"><span style="font-family: 'book antiqua', palatino, serif; color: #333333;">Os eventos vinculados ao livro buscam seguir com a construção de espaços de partilha e diálogo em questão das experiências de nós mulheres na universidade. Então, a partir das falas disparadoras das nossas convidadas, tivemos a oportunidade de dialogar e trocar com o público presente, o qual também compartilhou histórias e sentimentos sobre a experiência de estar na universidade. Ambos os dias de evento contaram com a presença de mais de 80 ouvintes, em sua maioria estudantes universitários.</span></p>
<p style="text-align: center;"><span style="color: #333333;"><strong><span style="font-family: 'book antiqua', palatino, serif;">ORGANIZAÇÃO DO EVENTO: </span></strong></span></p>
<p><img class=" wp-image-253 aligncenter" src="https://wp.ufpel.edu.br/pandemiadecovid19contadapormulheres/files/2022/11/Organizacao-Evento-400x400.png" alt="" width="382" height="382" srcset="https://wp.ufpel.edu.br/pandemiadecovid19contadapormulheres/files/2022/11/Organizacao-Evento-400x400.png 400w, https://wp.ufpel.edu.br/pandemiadecovid19contadapormulheres/files/2022/11/Organizacao-Evento-200x200.png 200w, https://wp.ufpel.edu.br/pandemiadecovid19contadapormulheres/files/2022/11/Organizacao-Evento.png 500w" sizes="(max-width: 382px) 100vw, 382px" /></p>
<p style="text-align: center;"><span style="font-family: 'book antiqua', palatino, serif; color: #333333;"><strong>ALGUMAS FOTOS DOS EVENTOS:</strong></span></p>
<p style="padding-left: 80px;"><img class="alignnone size-medium wp-image-259" src="https://wp.ufpel.edu.br/pandemiadecovid19contadapormulheres/files/2022/11/evento-3-400x198.jpg" alt="" width="400" height="198" srcset="https://wp.ufpel.edu.br/pandemiadecovid19contadapormulheres/files/2022/11/evento-3-400x198.jpg 400w, https://wp.ufpel.edu.br/pandemiadecovid19contadapormulheres/files/2022/11/evento-3-1024x507.jpg 1024w, https://wp.ufpel.edu.br/pandemiadecovid19contadapormulheres/files/2022/11/evento-3-768x380.jpg 768w, https://wp.ufpel.edu.br/pandemiadecovid19contadapormulheres/files/2022/11/evento-3-1536x760.jpg 1536w, https://wp.ufpel.edu.br/pandemiadecovid19contadapormulheres/files/2022/11/evento-3.jpg 1600w" sizes="(max-width: 400px) 100vw, 400px" /><img class="alignnone wp-image-261" src="https://wp.ufpel.edu.br/pandemiadecovid19contadapormulheres/files/2022/11/evento-5-400x300.jpg" alt="" width="381" height="286" srcset="https://wp.ufpel.edu.br/pandemiadecovid19contadapormulheres/files/2022/11/evento-5-400x300.jpg 400w, https://wp.ufpel.edu.br/pandemiadecovid19contadapormulheres/files/2022/11/evento-5-768x576.jpg 768w, https://wp.ufpel.edu.br/pandemiadecovid19contadapormulheres/files/2022/11/evento-5.jpg 1024w" sizes="(max-width: 381px) 100vw, 381px" /></p>
<p style="padding-left: 80px;"><img class="alignnone size-medium wp-image-260" src="https://wp.ufpel.edu.br/pandemiadecovid19contadapormulheres/files/2022/11/evento-4-400x252.jpg" alt="" width="400" height="252" srcset="https://wp.ufpel.edu.br/pandemiadecovid19contadapormulheres/files/2022/11/evento-4-400x252.jpg 400w, https://wp.ufpel.edu.br/pandemiadecovid19contadapormulheres/files/2022/11/evento-4.jpg 718w" sizes="(max-width: 400px) 100vw, 400px" /><img class="alignnone wp-image-258" src="https://wp.ufpel.edu.br/pandemiadecovid19contadapormulheres/files/2022/11/evento-2-400x300.jpg" alt="" width="381" height="286" srcset="https://wp.ufpel.edu.br/pandemiadecovid19contadapormulheres/files/2022/11/evento-2-400x300.jpg 400w, https://wp.ufpel.edu.br/pandemiadecovid19contadapormulheres/files/2022/11/evento-2-1024x768.jpg 1024w, https://wp.ufpel.edu.br/pandemiadecovid19contadapormulheres/files/2022/11/evento-2-768x576.jpg 768w, https://wp.ufpel.edu.br/pandemiadecovid19contadapormulheres/files/2022/11/evento-2-1536x1152.jpg 1536w, https://wp.ufpel.edu.br/pandemiadecovid19contadapormulheres/files/2022/11/evento-2.jpg 1600w" sizes="(max-width: 381px) 100vw, 381px" /></p>
<p><img class="size-medium wp-image-257 aligncenter" src="https://wp.ufpel.edu.br/pandemiadecovid19contadapormulheres/files/2022/11/evento--400x222.jpg" alt="" width="400" height="222" srcset="https://wp.ufpel.edu.br/pandemiadecovid19contadapormulheres/files/2022/11/evento--400x222.jpg 400w, https://wp.ufpel.edu.br/pandemiadecovid19contadapormulheres/files/2022/11/evento--1024x568.jpg 1024w, https://wp.ufpel.edu.br/pandemiadecovid19contadapormulheres/files/2022/11/evento--768x426.jpg 768w, https://wp.ufpel.edu.br/pandemiadecovid19contadapormulheres/files/2022/11/evento--1536x852.jpg 1536w, https://wp.ufpel.edu.br/pandemiadecovid19contadapormulheres/files/2022/11/evento-.jpg 1600w" sizes="(max-width: 400px) 100vw, 400px" /></p>
<p>&nbsp;</p>
<p><span style="font-family: 'book antiqua', palatino, serif; color: #333333;">*O livro está disponibilizado gratuitamente aqui no site, na aba “publicações”.</span></p>
<hr />
<p>&nbsp;</p>

<p>EVENTOS LANÇAMENTO DO LIVRO &#8220;TECENDO CARTAS: SOBRE(VIVÊNCIAS DE MULHERES NA UNIVERSIDADE&#8221; Os eventos de lançamento, inicialmente, contaram com a organização de duas rodas de conversa, ambas realizadas no auditório da FAMED, onde está alocado o curso de Psicologia da UFPel. Como convidadas contamos com a participação de mulheres que, através do  de suas cartas, compartilharam [&hellip;]</p>
