{"id":113,"date":"2021-09-21T19:33:32","date_gmt":"2021-09-21T22:33:32","guid":{"rendered":"https:\/\/wp.ufpel.edu.br\/pandemiadecovid19contadapormulheres\/?page_id=113"},"modified":"2026-04-19T11:36:02","modified_gmt":"2026-04-19T14:36:02","slug":"projeto-de-extensao","status":"publish","type":"page","link":"https:\/\/wp.ufpel.edu.br\/pandemiadecovid19contadapormulheres\/projeto-de-extensao\/","title":{"rendered":"Projeto de Extens\u00e3o"},"content":{"rendered":"<p style=\"text-align: center;\"><span style=\"color: #d47e30;\"><strong><span style=\"font-family: 'book antiqua', palatino, serif; font-size: 24pt;\">PROJETO DE EXTENS\u00c3O<\/span><\/strong><\/span><\/p>\n<p><img class=\"wp-image-349 aligncenter\" src=\"https:\/\/wp.ufpel.edu.br\/pandemiadecovid19contadapormulheres\/files\/2022\/12\/PROJETO-DE-EXTENSAO.png\" alt=\"\" width=\"348\" height=\"211\" \/><\/p>\n<p style=\"text-align: justify;\"><span style=\"font-family: 'book antiqua', palatino, serif; font-size: 12pt; color: #333333;\">O Projeto de Extens\u00e3o <strong>&#8220;Elas por elas: as mulheres e a pandemia&#8221;<\/strong>, vinculado ao Projeto de Pesquisa \u201cAgora \u00e9 que s\u00e3o elas: a pandemia de COVID-19 contada por mulheres\u201d, surgiu de uma parceria entre o N\u00facleo de Estudos e Pesquisas em Psican\u00e1lise (Pulsional) coordenado pela Profa. Dra. Camila Peixoto Farias (UFPEL) e o Laborat\u00f3rio de Pesquisas em Fenomenologia e Psicologia Existencial (Epoch\u00e8) coordenado pela Profa. Dra. Giovana Fagundes Luczinski (UFPEL). A equipe foi formada pelas alunas do curso de Psicologia da Universidade Federal de Pelotas: Cristiana Vigorito, Gabrieli Macedo, Helena Santos, Maira Coelho, Roberta Luz e Sthefany Lacerda.<\/span><\/p>\n<p style=\"text-align: justify;\"><span style=\"font-family: 'book antiqua', palatino, serif; font-size: 12pt; color: #333333;\">O principal intuito de tal projeto foi a discuss\u00e3o da pandemia a partir de uma perspectiva de g\u00eanero, tendo como objetivo criar pontes entre a universidade e a comunidade, conectando mulheres e incentivando o compartilhamento de suas viv\u00eancias durante a pandemia atrav\u00e9s de textos, fotos, poemas, v\u00eddeos, pinturas, m\u00fasicas, entre outros formatos. Al\u00e9m da divulga\u00e7\u00e3o de textos informativos e eventos ligados ao tema.<\/span><\/p>\n<p style=\"text-align: justify;\"><span style=\"font-family: 'book antiqua', palatino, serif; font-size: 12pt; color: #333333;\">O projeto teve como parte da sua a\u00e7\u00e3o a cria\u00e7\u00e3o de uma p\u00e1gina no Facebook, assim como um Blog espa\u00e7o virtual criado para registrar as produ\u00e7\u00f5es e para que estas possam ser acessadas como uma galeria de experi\u00eancias.<\/span><\/p>\n<p>&nbsp;<\/p>\n<p><img class=\"size-medium wp-image-367 aligncenter\" src=\"https:\/\/wp.ufpel.edu.br\/pandemiadecovid19contadapormulheres\/files\/2022\/12\/Design-sem-nome-5-400x284.png\" alt=\"\" width=\"400\" height=\"284\" srcset=\"https:\/\/wp.ufpel.edu.br\/pandemiadecovid19contadapormulheres\/files\/2022\/12\/Design-sem-nome-5-400x284.png 400w, https:\/\/wp.ufpel.edu.br\/pandemiadecovid19contadapormulheres\/files\/2022\/12\/Design-sem-nome-5-1024x726.png 1024w, https:\/\/wp.ufpel.edu.br\/pandemiadecovid19contadapormulheres\/files\/2022\/12\/Design-sem-nome-5-768x545.png 768w, https:\/\/wp.ufpel.edu.br\/pandemiadecovid19contadapormulheres\/files\/2022\/12\/Design-sem-nome-5-1536x1090.png 1536w, https:\/\/wp.ufpel.edu.br\/pandemiadecovid19contadapormulheres\/files\/2022\/12\/Design-sem-nome-5.png 1748w\" sizes=\"(max-width: 400px) 100vw, 400px\" \/><\/p>\n<p>&nbsp;<\/p>\n<p><span style=\"font-family: 'book antiqua', palatino, serif;\"><strong>Bloog:<\/strong> <a href=\"http:\/\/asmulhereseapandemia.tumblr.com\/\">http:\/\/asmulhereseapandemia.tumblr.com\/<\/a><\/span><\/p>\n<p><span style=\"font-family: 'book antiqua', palatino, serif;\"><strong>Facebook:<\/strong> <a href=\"http:\/\/facebook.com\/mulheresepandemia\/\">http:\/\/facebook.com\/mulheresepandemia\/<\/a><\/span><\/p>\n<p><span style=\"font-family: 'book antiqua', palatino, serif;\"><strong>Instagram:<\/strong> <a href=\"https:\/\/www.instagram.com\/as.mulheres.e.a.pandemia\/\">https:\/\/www.instagram.com\/as.mulheres.e.a.pandemia\/<\/a><\/span><\/p>\n<hr \/>\n<p>&nbsp;<\/p>\n","protected":false},"excerpt":{"rendered":"<p>PROJETO DE EXTENS\u00c3O O Projeto de Extens\u00e3o &#8220;Elas por elas: as mulheres e a pandemia&#8221;, vinculado ao Projeto de Pesquisa \u201cAgora \u00e9 que s\u00e3o elas: a pandemia de COVID-19 contada por mulheres\u201d, surgiu de uma parceria entre o N\u00facleo de Estudos e Pesquisas em Psican\u00e1lise (Pulsional) coordenado pela Profa. Dra. Camila Peixoto Farias (UFPEL) e [&hellip;]<\/p>\n","protected":false},"author":1183,"featured_media":73,"parent":0,"menu_order":2,"comment_status":"closed","ping_status":"closed","template":"","meta":{"footnotes":""},"class_list":["post-113","page","type-page","status-publish","has-post-thumbnail","hentry"],"_links":{"self":[{"href":"https:\/\/wp.ufpel.edu.br\/pandemiadecovid19contadapormulheres\/wp-json\/wp\/v2\/pages\/113","targetHints":{"allow":["GET"]}}],"collection":[{"href":"https:\/\/wp.ufpel.edu.br\/pandemiadecovid19contadapormulheres\/wp-json\/wp\/v2\/pages"}],"about":[{"href":"https:\/\/wp.ufpel.edu.br\/pandemiadecovid19contadapormulheres\/wp-json\/wp\/v2\/types\/page"}],"author":[{"embeddable":true,"href":"https:\/\/wp.ufpel.edu.br\/pandemiadecovid19contadapormulheres\/wp-json\/wp\/v2\/users\/1183"}],"replies":[{"embeddable":true,"href":"https:\/\/wp.ufpel.edu.br\/pandemiadecovid19contadapormulheres\/wp-json\/wp\/v2\/comments?post=113"}],"version-history":[{"count":4,"href":"https:\/\/wp.ufpel.edu.br\/pandemiadecovid19contadapormulheres\/wp-json\/wp\/v2\/pages\/113\/revisions"}],"predecessor-version":[{"id":618,"href":"https:\/\/wp.ufpel.edu.br\/pandemiadecovid19contadapormulheres\/wp-json\/wp\/v2\/pages\/113\/revisions\/618"}],"wp:featuredmedia":[{"embeddable":true,"href":"https:\/\/wp.ufpel.edu.br\/pandemiadecovid19contadapormulheres\/wp-json\/wp\/v2\/media\/73"}],"wp:attachment":[{"href":"https:\/\/wp.ufpel.edu.br\/pandemiadecovid19contadapormulheres\/wp-json\/wp\/v2\/media?parent=113"}],"curies":[{"name":"wp","href":"https:\/\/api.w.org\/{rel}","templated":true}]}}

Projeto de Extensão

<p style="text-align: center;"><span style="color: #d47e30;"><strong><span style="font-family: 'book antiqua', palatino, serif; font-size: 24pt;">PROJETO DE EXTENSÃO</span></strong></span></p>
<p><img class="wp-image-349 aligncenter" src="https://wp.ufpel.edu.br/pandemiadecovid19contadapormulheres/files/2022/12/PROJETO-DE-EXTENSAO.png" alt="" width="348" height="211" /></p>
<p style="text-align: justify;"><span style="font-family: 'book antiqua', palatino, serif; font-size: 12pt; color: #333333;">O Projeto de Extensão <strong>&#8220;Elas por elas: as mulheres e a pandemia&#8221;</strong>, vinculado ao Projeto de Pesquisa “Agora é que são elas: a pandemia de COVID-19 contada por mulheres”, surgiu de uma parceria entre o Núcleo de Estudos e Pesquisas em Psicanálise (Pulsional) coordenado pela Profa. Dra. Camila Peixoto Farias (UFPEL) e o Laboratório de Pesquisas em Fenomenologia e Psicologia Existencial (Epochè) coordenado pela Profa. Dra. Giovana Fagundes Luczinski (UFPEL). A equipe foi formada pelas alunas do curso de Psicologia da Universidade Federal de Pelotas: Cristiana Vigorito, Gabrieli Macedo, Helena Santos, Maira Coelho, Roberta Luz e Sthefany Lacerda.</span></p>
<p style="text-align: justify;"><span style="font-family: 'book antiqua', palatino, serif; font-size: 12pt; color: #333333;">O principal intuito de tal projeto foi a discussão da pandemia a partir de uma perspectiva de gênero, tendo como objetivo criar pontes entre a universidade e a comunidade, conectando mulheres e incentivando o compartilhamento de suas vivências durante a pandemia através de textos, fotos, poemas, vídeos, pinturas, músicas, entre outros formatos. Além da divulgação de textos informativos e eventos ligados ao tema.</span></p>
<p style="text-align: justify;"><span style="font-family: 'book antiqua', palatino, serif; font-size: 12pt; color: #333333;">O projeto teve como parte da sua ação a criação de uma página no Facebook, assim como um Blog espaço virtual criado para registrar as produções e para que estas possam ser acessadas como uma galeria de experiências.</span></p>
<p>&nbsp;</p>
<p><img class="size-medium wp-image-367 aligncenter" src="https://wp.ufpel.edu.br/pandemiadecovid19contadapormulheres/files/2022/12/Design-sem-nome-5-400x284.png" alt="" width="400" height="284" srcset="https://wp.ufpel.edu.br/pandemiadecovid19contadapormulheres/files/2022/12/Design-sem-nome-5-400x284.png 400w, https://wp.ufpel.edu.br/pandemiadecovid19contadapormulheres/files/2022/12/Design-sem-nome-5-1024x726.png 1024w, https://wp.ufpel.edu.br/pandemiadecovid19contadapormulheres/files/2022/12/Design-sem-nome-5-768x545.png 768w, https://wp.ufpel.edu.br/pandemiadecovid19contadapormulheres/files/2022/12/Design-sem-nome-5-1536x1090.png 1536w, https://wp.ufpel.edu.br/pandemiadecovid19contadapormulheres/files/2022/12/Design-sem-nome-5.png 1748w" sizes="(max-width: 400px) 100vw, 400px" /></p>
<p>&nbsp;</p>
<p><span style="font-family: 'book antiqua', palatino, serif;"><strong>Bloog:</strong> <a href="http://asmulhereseapandemia.tumblr.com/">http://asmulhereseapandemia.tumblr.com/</a></span></p>
<p><span style="font-family: 'book antiqua', palatino, serif;"><strong>Facebook:</strong> <a href="http://facebook.com/mulheresepandemia/">http://facebook.com/mulheresepandemia/</a></span></p>
<p><span style="font-family: 'book antiqua', palatino, serif;"><strong>Instagram:</strong> <a href="https://www.instagram.com/as.mulheres.e.a.pandemia/">https://www.instagram.com/as.mulheres.e.a.pandemia/</a></span></p>
<hr />
<p>&nbsp;</p>

<p>PROJETO DE EXTENSÃO O Projeto de Extensão &#8220;Elas por elas: as mulheres e a pandemia&#8221;, vinculado ao Projeto de Pesquisa “Agora é que são elas: a pandemia de COVID-19 contada por mulheres”, surgiu de uma parceria entre o Núcleo de Estudos e Pesquisas em Psicanálise (Pulsional) coordenado pela Profa. Dra. Camila Peixoto Farias (UFPEL) e [&hellip;]</p>
