{"id":13,"date":"2016-08-04T21:31:18","date_gmt":"2016-08-05T00:31:18","guid":{"rendered":"https:\/\/wp.ufpel.edu.br\/pampa\/?page_id=13"},"modified":"2016-08-24T12:41:16","modified_gmt":"2016-08-24T15:41:16","slug":"apresentacao","status":"publish","type":"page","link":"https:\/\/wp.ufpel.edu.br\/pampa\/","title":{"rendered":"Apresenta\u00e7\u00e3o"},"content":{"rendered":"<p>&nbsp;<\/p>\n<p>&nbsp;<\/p>\n<p><strong>\u00a0\u00a0\u00a0\u00a0\u00a0\u00a0\u00a0\u00a0\u00a0\u00a0\u00a0 O nosso Pampa foi reconhecido enquanto bioma somente no ano de 2004.<\/strong><\/p>\n<p><strong>\u00a0\u00a0\u00a0\u00a0\u00a0\u00a0\u00a0\u00a0\u00a0\u00a0\u00a0 Em conjunto, este important\u00edssimo agregado de ecossistemas \u00a0transcende as fronteiras do Brasil, constituindo-se numa imensa diversidade de paisagens, minerais, de esp\u00e9cies, fauna e flora, congregando grandes potencialidades mas, tamb\u00e9m, fragilidades.<\/strong><\/p>\n<p><strong>\u00a0\u00a0\u00a0\u00a0\u00a0\u00a0\u00a0\u00a0\u00a0\u00a0\u00a0 \u00c1reas em processo de areniza\u00e7\u00e3o e o afastamento de produtores rurais da regi\u00e3o agr\u00edcola pampeana simbolizam os conflitos de uso inadequado dos recursos naturais.<\/strong><\/p>\n<p><strong>\u00a0\u00a0\u00a0\u00a0\u00a0\u00a0\u00a0\u00a0\u00a0\u00a0\u00a0 Apesar da quantidade e import\u00e2ncia dos estudos existentes sobre a caracteriza\u00e7\u00e3o dos recursos naturais &#8211; solo, \u00e1gua, clima, biodiversidade, agroecossistemas e seus impactos &#8211; estes n\u00e3o s\u00e3o suficientes ou, ainda, as bases de dados dificilmente dialogam entre si ou encontram-se dispersas.<\/strong><\/p>\n<p><strong>\u00a0\u00a0\u00a0\u00a0\u00a0\u00a0\u00a0\u00a0\u00a0\u00a0\u00a0 Novas potencialidades e formas explorat\u00f3rias surgem a cada momento.<\/strong><\/p>\n<p><strong>\u00a0\u00a0\u00a0\u00a0\u00a0\u00a0\u00a0\u00a0\u00a0\u00a0\u00a0 Algumas t\u00eam a imposi\u00e7\u00e3o de interesses financeiros, apressadas, sem o devido cuidado, pisoteando leis e estudos, ao velho estilo do lucro r\u00e1pido e f\u00e1cil. Nesta via, transitam a explora\u00e7\u00e3o com agricultura intensiva calcada no uso de venenos agr\u00edcolas, no plantio de \u00e1rvores ex\u00f3ticas e a garimpagem de minerais, esta \u00faltima com especial incremento nos dias de hoje.<\/strong><\/p>\n<p><strong>\u00a0\u00a0\u00a0\u00a0\u00a0\u00a0\u00a0\u00a0\u00a0\u00a0\u00a0 Outras, de planejamento mais meticuloso, escudadas em pesquisas, alongadas no tempo e \u00a0de interesse de fam\u00edlias de agricultores, n\u00e3o recebem a exigida aten\u00e7\u00e3o por parte dos entes p\u00fablicos que administram o Estado. Entre v\u00e1rias, tem-se a produ\u00e7\u00e3o animal com base em pastagem a partir de uma diversidade flor\u00edstica superior a 600 esp\u00e9cies, novas formas de manejo, agricultura de qualidade valorizando t\u00e9cnicas saud\u00e1veis, culin\u00e1ria com base em produtos locais, novas formas de turismo que valorizam a conserva\u00e7\u00e3o e observa\u00e7\u00e3o da natureza.<\/strong><\/p>\n<p><strong>\u00a0\u00a0\u00a0\u00a0\u00a0\u00a0\u00a0\u00a0\u00a0\u00a0\u00a0 O que se busca por meio deste congresso \u00e9 um espa\u00e7o mais vigoroso para discuss\u00e3o sobre modelos de desenvolvimento sustent\u00e1vel para o Bioma Pampa como base para a indu\u00e7\u00e3o e formula\u00e7\u00e3o de pol\u00edticas diversas, inclusive as p\u00fablicas.<\/strong><\/p>\n<p><strong>\u00a0\u00a0\u00a0\u00a0\u00a0\u00a0\u00a0\u00a0\u00a0\u00a0\u00a0 Neste contexto, tamb\u00e9m \u00e9 responsabilidade das institui\u00e7\u00f5es debaterem adequadamente o uso racional e l\u00f3gico dos espa\u00e7os, assim como os impactos que tais altera\u00e7\u00f5es podem ocasionar no meio ambiente e, mais especificamente, nas pessoas que vivem tanto no campo quanto na cidade.<\/strong><\/p>\n<p><strong>\u00a0\u00a0\u00a0\u00a0\u00a0\u00a0\u00a0\u00a0\u00a0\u00a0\u00a0 Este \u00e9 um convite para uma atividade que pretende fortalecer um espa\u00e7o de discuss\u00e3o a partir da organiza\u00e7\u00e3o de um congresso abordando o Bioma Pampa nos seus mais diferentes aspectos, sempre respeitando e aproximando outras experi\u00eancias exitosas.<\/strong><\/p>\n<p><strong>\u00a0\u00a0\u00a0\u00a0\u00a0\u00a0\u00a0\u00a0\u00a0\u00a0\u00a0 \u00a0Pretende-se estimular a participa\u00e7\u00e3o de todos, num debate sobre o presente e que alicerce o futuro do nosso Pampa.<\/strong><\/p>\n<p><strong>\u00a0\u00a0\u00a0\u00a0\u00a0\u00a0\u00a0\u00a0\u00a0\u00a0\u00a0 Ajude a construir um ambiente qualificado e saud\u00e1vel para todos n\u00f3s mas, principalmente, participe na salvaguarda de um bem que \u00e9 a nossa pr\u00f3pria cultura, \u00e9 a nossa raiz e \u00e9 a alma do povo ga\u00facho.<\/strong><\/p>\n<p><strong>\u00a0\u00a0\u00a0\u00a0\u00a0\u00a0\u00a0\u00a0\u00a0\u00a0\u00a0 Cordialmente,<\/strong><\/p>\n<p>&nbsp;<\/p>\n<p><strong>\u00a0\u00a0\u00a0\u00a0\u00a0\u00a0\u00a0\u00a0\u00a0\u00a0\u00a0 Comiss\u00e3o organizadora<\/strong><\/p>\n","protected":false},"excerpt":{"rendered":"<p>&nbsp; &nbsp; \u00a0\u00a0\u00a0\u00a0\u00a0\u00a0\u00a0\u00a0\u00a0\u00a0\u00a0 O nosso Pampa foi reconhecido enquanto bioma somente no ano de 2004. \u00a0\u00a0\u00a0\u00a0\u00a0\u00a0\u00a0\u00a0\u00a0\u00a0\u00a0 Em conjunto, este important\u00edssimo agregado de ecossistemas \u00a0transcende as fronteiras do Brasil, constituindo-se numa imensa diversidade de paisagens, minerais, de esp\u00e9cies, fauna e flora, congregando grandes potencialidades mas, tamb\u00e9m, fragilidades. \u00a0\u00a0\u00a0\u00a0\u00a0\u00a0\u00a0\u00a0\u00a0\u00a0\u00a0 \u00c1reas em processo de areniza\u00e7\u00e3o e o afastamento &hellip; <\/p>\n<p><a class=\"more-link btn\" href=\"https:\/\/wp.ufpel.edu.br\/pampa\/\">Continue lendo<\/a><\/p>\n","protected":false},"author":615,"featured_media":0,"parent":0,"menu_order":0,"comment_status":"closed","ping_status":"closed","template":"","meta":{"footnotes":""},"class_list":["post-13","page","type-page","status-publish","hentry","nodate","item-wrap"],"_links":{"self":[{"href":"https:\/\/wp.ufpel.edu.br\/pampa\/wp-json\/wp\/v2\/pages\/13","targetHints":{"allow":["GET"]}}],"collection":[{"href":"https:\/\/wp.ufpel.edu.br\/pampa\/wp-json\/wp\/v2\/pages"}],"about":[{"href":"https:\/\/wp.ufpel.edu.br\/pampa\/wp-json\/wp\/v2\/types\/page"}],"author":[{"embeddable":true,"href":"https:\/\/wp.ufpel.edu.br\/pampa\/wp-json\/wp\/v2\/users\/615"}],"replies":[{"embeddable":true,"href":"https:\/\/wp.ufpel.edu.br\/pampa\/wp-json\/wp\/v2\/comments?post=13"}],"version-history":[{"count":4,"href":"https:\/\/wp.ufpel.edu.br\/pampa\/wp-json\/wp\/v2\/pages\/13\/revisions"}],"predecessor-version":[{"id":52,"href":"https:\/\/wp.ufpel.edu.br\/pampa\/wp-json\/wp\/v2\/pages\/13\/revisions\/52"}],"wp:attachment":[{"href":"https:\/\/wp.ufpel.edu.br\/pampa\/wp-json\/wp\/v2\/media?parent=13"}],"curies":[{"name":"wp","href":"https:\/\/api.w.org\/{rel}","templated":true}]}}