{"id":889,"date":"2019-03-17T15:41:04","date_gmt":"2019-03-17T18:41:04","guid":{"rendered":"https:\/\/wp.ufpel.edu.br\/paliativomercosul\/?page_id=889"},"modified":"2019-03-17T16:04:16","modified_gmt":"2019-03-17T19:04:16","slug":"inscricoes-passo-a-passo","status":"publish","type":"page","link":"https:\/\/wp.ufpel.edu.br\/paliativomercosul\/inscricoes-passo-a-passo","title":{"rendered":"Inscri\u00e7\u00f5es Passo a Passo:"},"content":{"rendered":"<p>Na coluna a esquerda clique em:<\/p>\n<p>&lt;OFERTAS DE INSCRI\u00c7\u00d5ES ANTECIPADAS&gt;<\/p>\n<p>A seguir clique em:<\/p>\n<p>&lt;INSCRI\u00c7\u00d5ES NO CONGRESSO E\/OU MINICURSOS&gt;<\/p>\n<p>E logo em seguida em:<\/p>\n<p>&lt;PROMO\u00c7\u00c3O&gt;<\/p>\n<p><strong>Importante:<\/strong><\/p>\n<ul>\n<li>Se quiser participar do Congresso, escolha sua categoria e clique no \u00edcone &lt;<strong>+<\/strong>&gt;, definindo &lt;1&gt; participante (<strong>essencial para fazer sua inscri\u00e7\u00e3o no Congresso<\/strong>),<\/li>\n<li>Se quiser participar apenas de Minicursos (um ou mais), n\u00e3o marque a categoria. Deixe &lt;0&gt; participante. Os Minicursos s\u00e3o livres. Escolha quantos quiser.<\/li>\n<\/ul>\n<p>Role a tela at\u00e9:<\/p>\n<p>&lt;VALOR DA SUA COMPRA: XXX,00&gt; (vai aparecer o valor da sua categoria)<\/p>\n<p>Preencha:<\/p>\n<p>NOME:<\/p>\n<p>E-MAIL:<\/p>\n<p>TELEFONE:<\/p>\n<p>Clique em &lt;CONTINUAR&gt;<\/p>\n<p>Escolha as atividades de seu interesse.<\/p>\n<p>Abaixo de cada Minicurso em oferta, clique no \u00edcone:<\/p>\n<p>&lt;Participar&gt;<\/p>\n<p>Em &#8220;ESCOLHA A FORMA DE PAGAMENTO&#8221;<\/p>\n<p>Clique sobre o \u00edcone que preferir.<\/p>\n<p>Pronto! Logo voc\u00ea receber\u00e1 um E-mail de confirma\u00e7\u00e3o!<\/p>\n","protected":false},"excerpt":{"rendered":"<p>Na coluna a esquerda clique em: &lt;OFERTAS DE INSCRI\u00c7\u00d5ES ANTECIPADAS&gt; A seguir clique em: &lt;INSCRI\u00c7\u00d5ES NO CONGRESSO E\/OU MINICURSOS&gt; E logo em seguida em: &lt;PROMO\u00c7\u00c3O&gt; Importante: Se quiser participar do Congresso, escolha sua categoria e clique no \u00edcone &lt;+&gt;, definindo &lt;1&gt; participante (essencial para fazer sua inscri\u00e7\u00e3o no Congresso), Se quiser participar apenas de Minicursos &hellip; <a href=\"https:\/\/wp.ufpel.edu.br\/paliativomercosul\/inscricoes-passo-a-passo\" class=\"more-link\">Continue lendo <span class=\"screen-reader-text\">Inscri\u00e7\u00f5es Passo a Passo:<\/span> <span class=\"meta-nav\">&rarr;<\/span><\/a><\/p>\n","protected":false},"author":902,"featured_media":0,"parent":0,"menu_order":0,"comment_status":"closed","ping_status":"closed","template":"","meta":{"footnotes":""},"class_list":["post-889","page","type-page","status-publish","hentry"],"yoast_head":"<!-- This site is optimized with the Yoast SEO plugin v26.7 - https:\/\/yoast.com\/wordpress\/plugins\/seo\/ -->\n<title>Inscri\u00e7\u00f5es Passo a Passo: - COMUNIDADES CUIDATIVAS DO MERCOSUL: &quot;TODAS PARA OS CUIDADOS PALIATIVOS&quot;<\/title>\n<meta name=\"robots\" content=\"index, follow, max-snippet:-1, max-image-preview:large, max-video-preview:-1\" \/>\n<link rel=\"canonical\" href=\"https:\/\/wp.ufpel.edu.br\/paliativomercosul\/inscricoes-passo-a-passo\" \/>\n<meta property=\"og:locale\" content=\"pt_BR\" \/>\n<meta property=\"og:type\" content=\"article\" \/>\n<meta property=\"og:title\" content=\"Inscri\u00e7\u00f5es Passo a Passo: - COMUNIDADES CUIDATIVAS DO MERCOSUL: &quot;TODAS PARA OS CUIDADOS PALIATIVOS&quot;\" \/>\n<meta property=\"og:description\" content=\"Na coluna a esquerda clique em: &lt;OFERTAS DE INSCRI\u00c7\u00d5ES ANTECIPADAS&gt; A seguir clique em: &lt;INSCRI\u00c7\u00d5ES NO CONGRESSO E\/OU MINICURSOS&gt; E logo em seguida em: &lt;PROMO\u00c7\u00c3O&gt; Importante: Se quiser participar do Congresso, escolha sua categoria e clique no \u00edcone &lt;+&gt;, definindo &lt;1&gt; participante (essencial para fazer sua inscri\u00e7\u00e3o no Congresso), Se quiser participar apenas de Minicursos &hellip; Continue lendo Inscri\u00e7\u00f5es Passo a Passo: &rarr;\" \/>\n<meta property=\"og:url\" content=\"https:\/\/wp.ufpel.edu.br\/paliativomercosul\/inscricoes-passo-a-passo\" \/>\n<meta property=\"og:site_name\" content=\"COMUNIDADES CUIDATIVAS DO MERCOSUL: &quot;TODAS PARA OS CUIDADOS PALIATIVOS&quot;\" \/>\n<meta property=\"article:modified_time\" content=\"2019-03-17T19:04:16+00:00\" \/>\n<meta name=\"twitter:card\" content=\"summary_large_image\" \/>\n<meta name=\"twitter:label1\" content=\"Est. tempo de leitura\" \/>\n\t<meta name=\"twitter:data1\" content=\"1 minuto\" \/>\n<script type=\"application\/ld+json\" class=\"yoast-schema-graph\">{\"@context\":\"https:\/\/schema.org\",\"@graph\":[{\"@type\":\"WebPage\",\"@id\":\"https:\/\/wp.ufpel.edu.br\/paliativomercosul\/inscricoes-passo-a-passo\",\"url\":\"https:\/\/wp.ufpel.edu.br\/paliativomercosul\/inscricoes-passo-a-passo\",\"name\":\"Inscri\u00e7\u00f5es Passo a Passo: - COMUNIDADES CUIDATIVAS DO MERCOSUL: &quot;TODAS PARA OS CUIDADOS PALIATIVOS&quot;\",\"isPartOf\":{\"@id\":\"https:\/\/wp.ufpel.edu.br\/paliativomercosul\/#website\"},\"datePublished\":\"2019-03-17T18:41:04+00:00\",\"dateModified\":\"2019-03-17T19:04:16+00:00\",\"breadcrumb\":{\"@id\":\"https:\/\/wp.ufpel.edu.br\/paliativomercosul\/inscricoes-passo-a-passo#breadcrumb\"},\"inLanguage\":\"pt-BR\",\"potentialAction\":[{\"@type\":\"ReadAction\",\"target\":[\"https:\/\/wp.ufpel.edu.br\/paliativomercosul\/inscricoes-passo-a-passo\"]}]},{\"@type\":\"BreadcrumbList\",\"@id\":\"https:\/\/wp.ufpel.edu.br\/paliativomercosul\/inscricoes-passo-a-passo#breadcrumb\",\"itemListElement\":[{\"@type\":\"ListItem\",\"position\":1,\"name\":\"In\u00edcio\",\"item\":\"https:\/\/wp.ufpel.edu.br\/paliativomercosul\"},{\"@type\":\"ListItem\",\"position\":2,\"name\":\"Inscri\u00e7\u00f5es Passo a Passo:\"}]},{\"@type\":\"WebSite\",\"@id\":\"https:\/\/wp.ufpel.edu.br\/paliativomercosul\/#website\",\"url\":\"https:\/\/wp.ufpel.edu.br\/paliativomercosul\/\",\"name\":\"CONGRESSO DE CUIDADOS PALIATIVOS DO MERCOSUL - COMUNIDADES CUIDATIVAS DO MERCOSUL: &quot;TODAS PARA OS CUIDADOS PALIATIVOS&quot;\",\"description\":\"Nos dias 13 a 15 de junho de 2019 venham participar dos debates sobre Cuidados Paliativos, com as COMUNIDADES CUIDATIVAS DO MERCOSUL, em Pelotas - RS - Brasil\",\"publisher\":{\"@id\":\"https:\/\/wp.ufpel.edu.br\/paliativomercosul\/#organization\"},\"potentialAction\":[{\"@type\":\"SearchAction\",\"target\":{\"@type\":\"EntryPoint\",\"urlTemplate\":\"https:\/\/wp.ufpel.edu.br\/paliativomercosul\/?s={search_term_string}\"},\"query-input\":{\"@type\":\"PropertyValueSpecification\",\"valueRequired\":true,\"valueName\":\"search_term_string\"}}],\"inLanguage\":\"pt-BR\"},{\"@type\":\"Organization\",\"@id\":\"https:\/\/wp.ufpel.edu.br\/paliativomercosul\/#organization\",\"name\":\"Instituto Cuidativo\",\"url\":\"https:\/\/wp.ufpel.edu.br\/paliativomercosul\/\",\"logo\":{\"@type\":\"ImageObject\",\"inLanguage\":\"pt-BR\",\"@id\":\"https:\/\/wp.ufpel.edu.br\/paliativomercosul\/#\/schema\/logo\/image\/\",\"url\":\"https:\/\/wp.ufpel.edu.br\/paliativomercosul\/files\/2019\/02\/Instituto-Cuidativo.jpg\",\"contentUrl\":\"https:\/\/wp.ufpel.edu.br\/paliativomercosul\/files\/2019\/02\/Instituto-Cuidativo.jpg\",\"width\":1024,\"height\":710,\"caption\":\"Instituto Cuidativo\"},\"image\":{\"@id\":\"https:\/\/wp.ufpel.edu.br\/paliativomercosul\/#\/schema\/logo\/image\/\"}}]}<\/script>\n<!-- \/ Yoast SEO plugin. -->","yoast_head_json":{"title":"Inscri\u00e7\u00f5es Passo a Passo: - COMUNIDADES CUIDATIVAS DO MERCOSUL: &quot;TODAS PARA OS CUIDADOS PALIATIVOS&quot;","robots":{"index":"index","follow":"follow","max-snippet":"max-snippet:-1","max-image-preview":"max-image-preview:large","max-video-preview":"max-video-preview:-1"},"canonical":"https:\/\/wp.ufpel.edu.br\/paliativomercosul\/inscricoes-passo-a-passo","og_locale":"pt_BR","og_type":"article","og_title":"Inscri\u00e7\u00f5es Passo a Passo: - COMUNIDADES CUIDATIVAS DO MERCOSUL: &quot;TODAS PARA OS CUIDADOS PALIATIVOS&quot;","og_description":"Na coluna a esquerda clique em: &lt;OFERTAS DE INSCRI\u00c7\u00d5ES ANTECIPADAS&gt; A seguir clique em: &lt;INSCRI\u00c7\u00d5ES NO CONGRESSO E\/OU MINICURSOS&gt; E logo em seguida em: &lt;PROMO\u00c7\u00c3O&gt; Importante: Se quiser participar do Congresso, escolha sua categoria e clique no \u00edcone &lt;+&gt;, definindo &lt;1&gt; participante (essencial para fazer sua inscri\u00e7\u00e3o no Congresso), Se quiser participar apenas de Minicursos &hellip; Continue lendo Inscri\u00e7\u00f5es Passo a Passo: &rarr;","og_url":"https:\/\/wp.ufpel.edu.br\/paliativomercosul\/inscricoes-passo-a-passo","og_site_name":"COMUNIDADES CUIDATIVAS DO MERCOSUL: &quot;TODAS PARA OS CUIDADOS PALIATIVOS&quot;","article_modified_time":"2019-03-17T19:04:16+00:00","twitter_card":"summary_large_image","twitter_misc":{"Est. tempo de leitura":"1 minuto"},"schema":{"@context":"https:\/\/schema.org","@graph":[{"@type":"WebPage","@id":"https:\/\/wp.ufpel.edu.br\/paliativomercosul\/inscricoes-passo-a-passo","url":"https:\/\/wp.ufpel.edu.br\/paliativomercosul\/inscricoes-passo-a-passo","name":"Inscri\u00e7\u00f5es Passo a Passo: - COMUNIDADES CUIDATIVAS DO MERCOSUL: &quot;TODAS PARA OS CUIDADOS PALIATIVOS&quot;","isPartOf":{"@id":"https:\/\/wp.ufpel.edu.br\/paliativomercosul\/#website"},"datePublished":"2019-03-17T18:41:04+00:00","dateModified":"2019-03-17T19:04:16+00:00","breadcrumb":{"@id":"https:\/\/wp.ufpel.edu.br\/paliativomercosul\/inscricoes-passo-a-passo#breadcrumb"},"inLanguage":"pt-BR","potentialAction":[{"@type":"ReadAction","target":["https:\/\/wp.ufpel.edu.br\/paliativomercosul\/inscricoes-passo-a-passo"]}]},{"@type":"BreadcrumbList","@id":"https:\/\/wp.ufpel.edu.br\/paliativomercosul\/inscricoes-passo-a-passo#breadcrumb","itemListElement":[{"@type":"ListItem","position":1,"name":"In\u00edcio","item":"https:\/\/wp.ufpel.edu.br\/paliativomercosul"},{"@type":"ListItem","position":2,"name":"Inscri\u00e7\u00f5es Passo a Passo:"}]},{"@type":"WebSite","@id":"https:\/\/wp.ufpel.edu.br\/paliativomercosul\/#website","url":"https:\/\/wp.ufpel.edu.br\/paliativomercosul\/","name":"CONGRESSO DE CUIDADOS PALIATIVOS DO MERCOSUL - COMUNIDADES CUIDATIVAS DO MERCOSUL: &quot;TODAS PARA OS CUIDADOS PALIATIVOS&quot;","description":"Nos dias 13 a 15 de junho de 2019 venham participar dos debates sobre Cuidados Paliativos, com as COMUNIDADES CUIDATIVAS DO MERCOSUL, em Pelotas - RS - Brasil","publisher":{"@id":"https:\/\/wp.ufpel.edu.br\/paliativomercosul\/#organization"},"potentialAction":[{"@type":"SearchAction","target":{"@type":"EntryPoint","urlTemplate":"https:\/\/wp.ufpel.edu.br\/paliativomercosul\/?s={search_term_string}"},"query-input":{"@type":"PropertyValueSpecification","valueRequired":true,"valueName":"search_term_string"}}],"inLanguage":"pt-BR"},{"@type":"Organization","@id":"https:\/\/wp.ufpel.edu.br\/paliativomercosul\/#organization","name":"Instituto Cuidativo","url":"https:\/\/wp.ufpel.edu.br\/paliativomercosul\/","logo":{"@type":"ImageObject","inLanguage":"pt-BR","@id":"https:\/\/wp.ufpel.edu.br\/paliativomercosul\/#\/schema\/logo\/image\/","url":"https:\/\/wp.ufpel.edu.br\/paliativomercosul\/files\/2019\/02\/Instituto-Cuidativo.jpg","contentUrl":"https:\/\/wp.ufpel.edu.br\/paliativomercosul\/files\/2019\/02\/Instituto-Cuidativo.jpg","width":1024,"height":710,"caption":"Instituto Cuidativo"},"image":{"@id":"https:\/\/wp.ufpel.edu.br\/paliativomercosul\/#\/schema\/logo\/image\/"}}]}},"jetpack_sharing_enabled":true,"_links":{"self":[{"href":"https:\/\/wp.ufpel.edu.br\/paliativomercosul\/wp-json\/wp\/v2\/pages\/889","targetHints":{"allow":["GET"]}}],"collection":[{"href":"https:\/\/wp.ufpel.edu.br\/paliativomercosul\/wp-json\/wp\/v2\/pages"}],"about":[{"href":"https:\/\/wp.ufpel.edu.br\/paliativomercosul\/wp-json\/wp\/v2\/types\/page"}],"author":[{"embeddable":true,"href":"https:\/\/wp.ufpel.edu.br\/paliativomercosul\/wp-json\/wp\/v2\/users\/902"}],"replies":[{"embeddable":true,"href":"https:\/\/wp.ufpel.edu.br\/paliativomercosul\/wp-json\/wp\/v2\/comments?post=889"}],"version-history":[{"count":10,"href":"https:\/\/wp.ufpel.edu.br\/paliativomercosul\/wp-json\/wp\/v2\/pages\/889\/revisions"}],"predecessor-version":[{"id":901,"href":"https:\/\/wp.ufpel.edu.br\/paliativomercosul\/wp-json\/wp\/v2\/pages\/889\/revisions\/901"}],"wp:attachment":[{"href":"https:\/\/wp.ufpel.edu.br\/paliativomercosul\/wp-json\/wp\/v2\/media?parent=889"}],"curies":[{"name":"wp","href":"https:\/\/api.w.org\/{rel}","templated":true}]}}